INSERT INTO `gl_filemgmt_downloadhistory`VALUES (1,139,'217.113.194.15','2024-07-21 18:02:40');
INSERT INTO `gl_filemgmt_downloadhistory`VALUES (1,180,'217.113.194.16','2024-07-21 18:02:49');
INSERT INTO `gl_filemgmt_downloadhistory`VALUES (1,179,'217.113.194.12','2024-07-21 18:02:57');
INSERT INTO `gl_filemgmt_downloadhistory`VALUES (1,130,'217.113.194.21','2024-07-21 18:03:06');
INSERT INTO `gl_filemgmt_downloadhistory`VALUES (1,175,'217.113.194.12','2024-07-21 18:03:15');
INSERT INTO `gl_filemgmt_downloadhistory`VALUES (1,195,'217.113.194.15','2024-07-21 18:03:23');
INSERT INTO `gl_filemgmt_downloadhistory`VALUES (1,178,'217.113.194.18','2024-07-21 18:03:32');
INSERT INTO `gl_filemgmt_downloadhistory`VALUES (1,26,'217.113.194.12','2024-07-21 18:03:40');
INSERT INTO `gl_filemgmt_downloadhistory`VALUES (1,22,'217.113.194.19','2024-07-21 18:03:49');
INSERT INTO `gl_filemgmt_downloadhistory`VALUES (1,232,'217.113.194.17','2024-07-21 18:03:57');
INSERT INTO `gl_filemgmt_downloadhistory`VALUES (1,246,'217.113.194.17','2024-07-21 18:04:23');
INSERT INTO `gl_filemgmt_downloadhistory`VALUES (1,245,'217.113.194.17','2024-07-21 18:04:32');
INSERT INTO `gl_filemgmt_downloadhistory`VALUES (1,251,'217.113.194.13','2024-07-21 18:04:40');
INSERT INTO `gl_filemgmt_downloadhistory`VALUES (1,248,'217.113.194.13','2024-07-21 18:04:49');
INSERT INTO `gl_filemgmt_downloadhistory`VALUES (1,206,'217.113.194.19','2024-07-21 18:04:58');
INSERT INTO `gl_filemgmt_downloadhistory`VALUES (1,249,'217.113.194.13','2024-07-21 18:05:25');
INSERT INTO `gl_filemgmt_downloadhistory`VALUES (1,34,'217.113.194.19','2024-07-21 18:05:34');
INSERT INTO `gl_filemgmt_downloadhistory`VALUES (1,135,'66.249.79.133','2024-07-22 13:16:23');
INSERT INTO `gl_filemgmt_downloadhistory`VALUES (1,175,'52.70.240.171','2024-07-24 10:05:53');
INSERT INTO `gl_filemgmt_downloadhistory`VALUES (1,249,'52.70.240.171','2024-07-24 10:05:57');
INSERT INTO `gl_filemgmt_downloadhistory`VALUES (1,35,'23.22.35.162','2024-07-25 02:14:08');
INSERT INTO `gl_filemgmt_downloadhistory`VALUES (1,34,'3.224.220.101','2024-07-25 03:15:28');
INSERT INTO `gl_filemgmt_downloadhistory`VALUES (1,135,'52.70.240.171','2024-07-26 02:25:18');
INSERT INTO `gl_filemgmt_downloadhistory`VALUES (1,135,'185.191.171.7','2024-07-26 10:21:31');
INSERT INTO `gl_filemgmt_downloadhistory`VALUES (1,246,'185.191.171.19','2024-07-26 10:27:22');
INSERT INTO `gl_filemgmt_downloadhistory`VALUES (1,178,'85.208.96.200','2024-07-26 11:41:43');
INSERT INTO `gl_filemgmt_downloadhistory`VALUES (1,35,'185.191.171.5','2024-07-26 14:30:40');
INSERT INTO `gl_filemgmt_downloadhistory`VALUES (1,139,'185.191.171.18','2024-07-26 15:08:16');
INSERT INTO `gl_filemgmt_downloadhistory`VALUES (1,248,'85.208.96.196','2024-07-26 15:45:48');
INSERT INTO `gl_filemgmt_downloadhistory`VALUES (1,228,'185.191.171.15','2024-07-26 16:13:53');
INSERT INTO `gl_filemgmt_downloadhistory`VALUES (1,22,'185.191.171.1','2024-07-26 18:40:54');
INSERT INTO `gl_filemgmt_downloadhistory`VALUES (1,180,'85.208.96.198','2024-07-26 18:51:00');
INSERT INTO `gl_filemgmt_downloadhistory`VALUES (1,232,'85.208.96.198','2024-07-27 00:10:40');
INSERT INTO `gl_filemgmt_downloadhistory`VALUES (1,245,'188.165.251.162','2024-07-27 04:01:12');
INSERT INTO `gl_filemgmt_downloadhistory`VALUES (1,249,'54.36.149.65','2024-07-27 19:08:43');
INSERT INTO `gl_filemgmt_downloadhistory`VALUES (1,206,'52.70.240.171','2024-07-28 09:05:16');
INSERT INTO `gl_filemgmt_downloadhistory`VALUES (1,250,'3.224.220.101','2024-07-28 09:15:52');
INSERT INTO `gl_filemgmt_downloadhistory`VALUES (1,251,'3.224.220.101','2024-07-28 09:16:36');
INSERT INTO `gl_filemgmt_downloadhistory`VALUES (1,195,'23.22.35.162','2024-07-28 09:32:28');
INSERT INTO `gl_filemgmt_downloadhistory`VALUES (1,227,'3.224.220.101','2024-07-28 09:32:32');
INSERT INTO `gl_filemgmt_downloadhistory`VALUES (1,228,'3.224.220.101','2024-07-28 09:32:36');
INSERT INTO `gl_filemgmt_downloadhistory`VALUES (1,232,'3.224.220.101','2024-07-28 09:32:40');
INSERT INTO `gl_filemgmt_downloadhistory`VALUES (1,245,'23.22.35.162','2024-07-28 09:32:44');
INSERT INTO `gl_filemgmt_downloadhistory`VALUES (1,246,'23.22.35.162','2024-07-28 09:32:48');
INSERT INTO `gl_filemgmt_downloadhistory`VALUES (1,248,'23.22.35.162','2024-07-28 09:32:52');
INSERT INTO `gl_filemgmt_downloadhistory`VALUES (1,139,'66.249.79.134','2024-07-28 16:37:57');
INSERT INTO `gl_filemgmt_downloadhistory`VALUES (1,206,'136.243.145.46','2024-07-28 20:52:46');
INSERT INTO `gl_filemgmt_downloadhistory`VALUES (1,227,'136.243.145.46','2024-07-28 20:53:56');
INSERT INTO `gl_filemgmt_downloadhistory`VALUES (1,228,'136.243.145.46','2024-07-28 20:55:02');
INSERT INTO `gl_filemgmt_downloadhistory`VALUES (1,232,'136.243.145.46','2024-07-28 20:56:09');
INSERT INTO `gl_filemgmt_downloadhistory`VALUES (1,245,'136.243.145.46','2024-07-28 20:57:19');
INSERT INTO `gl_filemgmt_downloadhistory`VALUES (1,246,'136.243.145.46','2024-07-28 20:58:29');
INSERT INTO `gl_filemgmt_downloadhistory`VALUES (1,248,'136.243.145.46','2024-07-28 20:59:34');
INSERT INTO `gl_filemgmt_downloadhistory`VALUES (1,249,'136.243.145.46','2024-07-28 21:00:39');
INSERT INTO `gl_filemgmt_downloadhistory`VALUES (1,250,'136.243.145.46','2024-07-28 21:01:40');
INSERT INTO `gl_filemgmt_downloadhistory`VALUES (1,251,'136.243.145.46','2024-07-28 21:02:45');
INSERT INTO `gl_filemgmt_downloadhistory`VALUES (1,26,'136.243.145.46','2024-07-28 21:03:45');
INSERT INTO `gl_filemgmt_downloadhistory`VALUES (1,34,'136.243.145.46','2024-07-28 21:04:44');
INSERT INTO `gl_filemgmt_downloadhistory`VALUES (1,35,'136.243.145.46','2024-07-28 21:05:43');
INSERT INTO `gl_filemgmt_downloadhistory`VALUES (1,251,'125.199.233.162','2024-07-29 15:38:41');
INSERT INTO `gl_filemgmt_downloadhistory`VALUES (1,139,'66.249.79.133','2024-08-01 20:36:51');
INSERT INTO `gl_filemgmt_downloadhistory`VALUES (1,139,'66.249.79.133','2024-08-01 21:29:47');
INSERT INTO `gl_filemgmt_downloadhistory`VALUES (1,34,'40.77.167.61','2024-08-02 06:37:22');
INSERT INTO `gl_filemgmt_downloadhistory`VALUES (1,250,'66.249.79.134','2024-08-03 17:35:02');
INSERT INTO `gl_filemgmt_downloadhistory`VALUES (1,251,'66.249.79.133','2024-08-03 19:51:19');
INSERT INTO `gl_filemgmt_downloadhistory`VALUES (1,180,'52.167.144.238','2024-08-05 09:55:14');
INSERT INTO `gl_filemgmt_downloadhistory`VALUES (1,251,'115.36.197.73','2024-08-05 11:06:05');
INSERT INTO `gl_filemgmt_downloadhistory`VALUES (1,250,'115.36.197.73','2024-08-05 11:06:16');
INSERT INTO `gl_filemgmt_downloadhistory`VALUES (1,248,'115.36.197.73','2024-08-05 11:06:23');
INSERT INTO `gl_filemgmt_downloadhistory`VALUES (1,249,'115.36.197.73','2024-08-05 11:06:29');
INSERT INTO `gl_filemgmt_downloadhistory`VALUES (1,179,'185.191.171.12','2024-08-06 07:22:06');
INSERT INTO `gl_filemgmt_downloadhistory`VALUES (1,248,'52.230.152.46','2024-08-06 18:55:33');
INSERT INTO `gl_filemgmt_downloadhistory`VALUES (1,245,'52.230.152.93','2024-08-06 18:55:45');
INSERT INTO `gl_filemgmt_downloadhistory`VALUES (1,250,'52.230.152.23','2024-08-06 18:57:31');
INSERT INTO `gl_filemgmt_downloadhistory`VALUES (1,228,'52.230.152.23','2024-08-06 18:57:36');
INSERT INTO `gl_filemgmt_downloadhistory`VALUES (1,246,'52.230.152.195','2024-08-06 18:57:45');
INSERT INTO `gl_filemgmt_downloadhistory`VALUES (1,232,'52.230.152.195','2024-08-06 18:57:48');
INSERT INTO `gl_filemgmt_downloadhistory`VALUES (1,249,'52.230.152.195','2024-08-06 18:57:50');
INSERT INTO `gl_filemgmt_downloadhistory`VALUES (1,227,'52.230.152.195','2024-08-06 18:57:54');
INSERT INTO `gl_filemgmt_downloadhistory`VALUES (1,206,'52.230.152.195','2024-08-06 18:58:19');
INSERT INTO `gl_filemgmt_downloadhistory`VALUES (1,251,'52.230.152.97','2024-08-06 19:17:42');
INSERT INTO `gl_filemgmt_downloadhistory`VALUES (1,180,'52.230.152.4','2024-08-06 21:39:00');
INSERT INTO `gl_filemgmt_downloadhistory`VALUES (1,179,'52.230.152.4','2024-08-06 21:39:27');
INSERT INTO `gl_filemgmt_downloadhistory`VALUES (1,175,'52.230.152.4','2024-08-06 21:39:29');
INSERT INTO `gl_filemgmt_downloadhistory`VALUES (1,195,'52.230.152.223','2024-08-06 21:39:54');
INSERT INTO `gl_filemgmt_downloadhistory`VALUES (1,178,'52.230.152.223','2024-08-06 21:39:58');
INSERT INTO `gl_filemgmt_downloadhistory`VALUES (1,35,'52.230.152.223','2024-08-06 21:40:27');
INSERT INTO `gl_filemgmt_downloadhistory`VALUES (1,130,'52.230.152.12','2024-08-06 21:40:49');
INSERT INTO `gl_filemgmt_downloadhistory`VALUES (1,135,'52.230.152.12','2024-08-06 21:40:56');
INSERT INTO `gl_filemgmt_downloadhistory`VALUES (1,34,'52.230.152.12','2024-08-06 21:41:15');
INSERT INTO `gl_filemgmt_downloadhistory`VALUES (1,139,'52.230.152.12','2024-08-06 21:41:24');
INSERT INTO `gl_filemgmt_downloadhistory`VALUES (1,22,'52.230.152.59','2024-08-06 23:45:08');
INSERT INTO `gl_filemgmt_downloadhistory`VALUES (1,26,'52.230.152.59','2024-08-06 23:45:41');
INSERT INTO `gl_filemgmt_downloadhistory`VALUES (1,251,'113.37.128.241','2024-08-07 09:13:24');
INSERT INTO `gl_filemgmt_downloadhistory`VALUES (1,22,'3.224.220.101','2024-08-08 09:37:21');
INSERT INTO `gl_filemgmt_downloadhistory`VALUES (1,26,'52.70.240.171','2024-08-08 09:37:25');
INSERT INTO `gl_filemgmt_downloadhistory`VALUES (1,249,'216.244.66.201','2024-08-08 17:58:37');
INSERT INTO `gl_filemgmt_downloadhistory`VALUES (1,26,'47.128.121.87','2024-08-08 23:31:00');
INSERT INTO `gl_filemgmt_downloadhistory`VALUES (1,206,'54.36.149.59','2024-08-09 02:45:47');
INSERT INTO `gl_filemgmt_downloadhistory`VALUES (1,139,'52.167.144.225','2024-08-10 10:13:43');
INSERT INTO `gl_filemgmt_downloadhistory`VALUES (1,139,'54.36.148.106','2024-08-10 12:41:16');
INSERT INTO `gl_filemgmt_downloadhistory`VALUES (1,246,'54.36.148.38','2024-08-11 09:48:47');
INSERT INTO `gl_filemgmt_downloadhistory`VALUES (1,248,'54.36.148.126','2024-08-11 16:53:46');
INSERT INTO `gl_filemgmt_downloadhistory`VALUES (1,130,'54.36.148.155','2024-08-11 23:26:23');
INSERT INTO `gl_filemgmt_downloadhistory`VALUES (1,195,'54.36.149.42','2024-08-12 03:39:15');
INSERT INTO `gl_filemgmt_downloadhistory`VALUES (1,179,'54.36.148.133','2024-08-12 05:58:08');
INSERT INTO `gl_filemgmt_downloadhistory`VALUES (1,232,'216.225.201.113','2024-08-12 08:40:58');
INSERT INTO `gl_filemgmt_downloadhistory`VALUES (1,135,'217.113.194.16','2024-08-12 12:50:02');
INSERT INTO `gl_filemgmt_downloadhistory`VALUES (1,175,'217.113.194.21','2024-08-12 12:50:11');
INSERT INTO `gl_filemgmt_downloadhistory`VALUES (1,195,'217.113.194.18','2024-08-12 12:50:20');
INSERT INTO `gl_filemgmt_downloadhistory`VALUES (1,246,'217.113.194.16','2024-08-12 12:50:37');
INSERT INTO `gl_filemgmt_downloadhistory`VALUES (1,228,'217.113.194.20','2024-08-12 12:50:45');
INSERT INTO `gl_filemgmt_downloadhistory`VALUES (1,248,'217.113.194.12','2024-08-12 12:50:54');
INSERT INTO `gl_filemgmt_downloadhistory`VALUES (1,206,'217.113.194.14','2024-08-12 12:51:11');
INSERT INTO `gl_filemgmt_downloadhistory`VALUES (1,249,'217.113.194.21','2024-08-12 12:51:37');
INSERT INTO `gl_filemgmt_downloadhistory`VALUES (1,35,'154.54.249.194','2024-08-12 12:51:45');
INSERT INTO `gl_filemgmt_downloadhistory`VALUES (1,180,'136.243.220.209','2024-08-13 01:31:23');
INSERT INTO `gl_filemgmt_downloadhistory`VALUES (1,139,'136.243.220.209','2024-08-13 01:52:32');
INSERT INTO `gl_filemgmt_downloadhistory`VALUES (1,175,'136.243.220.209','2024-08-13 01:52:45');
INSERT INTO `gl_filemgmt_downloadhistory`VALUES (1,130,'136.243.220.209','2024-08-13 01:53:00');
INSERT INTO `gl_filemgmt_downloadhistory`VALUES (1,232,'136.243.220.209','2024-08-13 01:53:24');
INSERT INTO `gl_filemgmt_downloadhistory`VALUES (1,248,'136.243.220.209','2024-08-13 01:53:48');
INSERT INTO `gl_filemgmt_downloadhistory`VALUES (1,249,'136.243.220.209','2024-08-13 01:55:00');
INSERT INTO `gl_filemgmt_downloadhistory`VALUES (1,251,'136.243.220.209','2024-08-13 01:55:21');
INSERT INTO `gl_filemgmt_downloadhistory`VALUES (1,178,'136.243.220.209','2024-08-13 01:55:36');
INSERT INTO `gl_filemgmt_downloadhistory`VALUES (1,179,'136.243.220.209','2024-08-13 01:55:52');
INSERT INTO `gl_filemgmt_downloadhistory`VALUES (1,195,'136.243.220.209','2024-08-13 01:56:17');
INSERT INTO `gl_filemgmt_downloadhistory`VALUES (1,246,'136.243.220.209','2024-08-13 01:58:26');
INSERT INTO `gl_filemgmt_downloadhistory`VALUES (1,227,'136.243.220.209','2024-08-13 01:58:46');
INSERT INTO `gl_filemgmt_downloadhistory`VALUES (1,26,'136.243.220.209','2024-08-13 01:59:10');
INSERT INTO `gl_filemgmt_downloadhistory`VALUES (1,22,'136.243.220.209','2024-08-13 01:59:31');
INSERT INTO `gl_filemgmt_downloadhistory`VALUES (1,34,'136.243.220.209','2024-08-13 01:59:47');
INSERT INTO `gl_filemgmt_downloadhistory`VALUES (1,135,'136.243.220.209','2024-08-13 02:00:06');
INSERT INTO `gl_filemgmt_downloadhistory`VALUES (1,206,'136.243.220.209','2024-08-13 02:00:30');
INSERT INTO `gl_filemgmt_downloadhistory`VALUES (1,250,'136.243.220.209','2024-08-13 02:01:14');
INSERT INTO `gl_filemgmt_downloadhistory`VALUES (1,35,'136.243.220.209','2024-08-13 02:02:03');
INSERT INTO `gl_filemgmt_downloadhistory`VALUES (1,228,'136.243.220.209','2024-08-13 02:02:50');
INSERT INTO `gl_filemgmt_downloadhistory`VALUES (1,245,'136.243.220.209','2024-08-13 02:04:03');
INSERT INTO `gl_filemgmt_downloadhistory`VALUES (1,34,'54.36.149.38','2024-08-13 09:54:27');
INSERT INTO `gl_filemgmt_downloadhistory`VALUES (1,135,'54.36.148.29','2024-08-13 13:49:58');
INSERT INTO `gl_filemgmt_downloadhistory`VALUES (1,232,'54.36.149.103','2024-08-13 13:56:29');
INSERT INTO `gl_filemgmt_downloadhistory`VALUES (1,250,'51.222.253.7','2024-08-14 04:48:50');
INSERT INTO `gl_filemgmt_downloadhistory`VALUES (1,251,'51.222.253.9','2024-08-14 10:53:09');
INSERT INTO `gl_filemgmt_downloadhistory`VALUES (1,22,'51.222.253.4','2024-08-14 11:45:59');
INSERT INTO `gl_filemgmt_downloadhistory`VALUES (1,26,'47.128.17.213','2024-08-14 23:56:54');
INSERT INTO `gl_filemgmt_downloadhistory`VALUES (1,130,'135.181.213.219','2024-08-15 03:00:10');
INSERT INTO `gl_filemgmt_downloadhistory`VALUES (1,135,'135.181.213.219','2024-08-15 03:00:15');
INSERT INTO `gl_filemgmt_downloadhistory`VALUES (1,175,'135.181.213.219','2024-08-15 03:00:19');
INSERT INTO `gl_filemgmt_downloadhistory`VALUES (1,178,'135.181.213.219','2024-08-15 03:00:23');
INSERT INTO `gl_filemgmt_downloadhistory`VALUES (1,179,'135.181.213.219','2024-08-15 03:00:28');
INSERT INTO `gl_filemgmt_downloadhistory`VALUES (1,180,'135.181.213.219','2024-08-15 03:00:32');
INSERT INTO `gl_filemgmt_downloadhistory`VALUES (1,26,'135.181.213.219','2024-08-15 03:00:36');
INSERT INTO `gl_filemgmt_downloadhistory`VALUES (1,34,'135.181.213.219','2024-08-15 03:00:40');
INSERT INTO `gl_filemgmt_downloadhistory`VALUES (1,35,'135.181.213.219','2024-08-15 03:00:45');
INSERT INTO `gl_filemgmt_downloadhistory`VALUES (1,26,'54.36.148.41','2024-08-15 22:21:42');
INSERT INTO `gl_filemgmt_downloadhistory`VALUES (1,227,'66.249.79.4','2024-08-16 04:00:13');
INSERT INTO `gl_filemgmt_downloadhistory`VALUES (1,178,'54.36.149.76','2024-08-16 04:07:24');
INSERT INTO `gl_filemgmt_downloadhistory`VALUES (1,22,'119.8.191.96','2024-08-16 07:00:36');
INSERT INTO `gl_filemgmt_downloadhistory`VALUES (1,175,'124.243.190.0','2024-08-16 07:38:40');
INSERT INTO `gl_filemgmt_downloadhistory`VALUES (1,130,'190.92.210.27','2024-08-16 07:53:53');
INSERT INTO `gl_filemgmt_downloadhistory`VALUES (1,251,'159.138.106.137','2024-08-16 08:42:59');
INSERT INTO `gl_filemgmt_downloadhistory`VALUES (1,35,'54.36.148.203','2024-08-16 11:55:24');
INSERT INTO `gl_filemgmt_downloadhistory`VALUES (1,135,'119.8.186.158','2024-08-16 20:20:36');
INSERT INTO `gl_filemgmt_downloadhistory`VALUES (1,35,'94.74.94.111','2024-08-16 22:24:08');
INSERT INTO `gl_filemgmt_downloadhistory`VALUES (1,180,'54.36.149.78','2024-08-16 22:56:24');
INSERT INTO `gl_filemgmt_downloadhistory`VALUES (1,245,'54.36.148.67','2024-08-17 02:56:19');
INSERT INTO `gl_filemgmt_downloadhistory`VALUES (1,232,'216.244.66.201','2024-08-17 03:33:19');
INSERT INTO `gl_filemgmt_downloadhistory`VALUES (1,251,'138.246.238.134','2024-08-17 07:27:08');
INSERT INTO `gl_filemgmt_downloadhistory`VALUES (1,139,'91.137.27.194','2024-08-17 09:04:37');
INSERT INTO `gl_filemgmt_downloadhistory`VALUES (1,22,'91.137.27.194','2024-08-17 09:04:41');
INSERT INTO `gl_filemgmt_downloadhistory`VALUES (1,251,'65.108.99.115','2024-08-17 09:49:14');
INSERT INTO `gl_filemgmt_downloadhistory`VALUES (1,250,'65.108.99.115','2024-08-17 09:49:38');
INSERT INTO `gl_filemgmt_downloadhistory`VALUES (1,249,'65.108.99.115','2024-08-17 09:49:47');
INSERT INTO `gl_filemgmt_downloadhistory`VALUES (1,248,'65.108.99.115','2024-08-17 09:49:55');
INSERT INTO `gl_filemgmt_downloadhistory`VALUES (1,246,'65.108.99.115','2024-08-17 09:50:05');
INSERT INTO `gl_filemgmt_downloadhistory`VALUES (1,245,'65.108.99.115','2024-08-17 09:50:14');
INSERT INTO `gl_filemgmt_downloadhistory`VALUES (1,232,'65.108.99.115','2024-08-17 09:50:24');
INSERT INTO `gl_filemgmt_downloadhistory`VALUES (1,228,'65.108.99.115','2024-08-17 09:50:31');
INSERT INTO `gl_filemgmt_downloadhistory`VALUES (1,227,'65.108.99.115','2024-08-17 09:50:38');
INSERT INTO `gl_filemgmt_downloadhistory`VALUES (1,206,'65.108.99.115','2024-08-17 09:50:45');
INSERT INTO `gl_filemgmt_downloadhistory`VALUES (1,195,'65.108.99.115','2024-08-17 10:09:14');
INSERT INTO `gl_filemgmt_downloadhistory`VALUES (1,180,'65.108.99.115','2024-08-17 10:11:45');
INSERT INTO `gl_filemgmt_downloadhistory`VALUES (1,179,'65.108.99.115','2024-08-17 10:11:54');
INSERT INTO `gl_filemgmt_downloadhistory`VALUES (1,178,'65.108.99.115','2024-08-17 10:12:02');
INSERT INTO `gl_filemgmt_downloadhistory`VALUES (1,175,'65.108.99.115','2024-08-17 10:12:11');
INSERT INTO `gl_filemgmt_downloadhistory`VALUES (1,139,'65.108.99.115','2024-08-17 10:12:23');
INSERT INTO `gl_filemgmt_downloadhistory`VALUES (1,135,'65.108.99.115','2024-08-17 10:12:31');
INSERT INTO `gl_filemgmt_downloadhistory`VALUES (1,130,'65.108.99.115','2024-08-17 10:12:41');
INSERT INTO `gl_filemgmt_downloadhistory`VALUES (1,34,'65.108.99.115','2024-08-17 10:12:51');
INSERT INTO `gl_filemgmt_downloadhistory`VALUES (1,35,'65.108.99.115','2024-08-17 10:12:59');
INSERT INTO `gl_filemgmt_downloadhistory`VALUES (1,26,'65.108.99.115','2024-08-17 10:29:31');
INSERT INTO `gl_filemgmt_downloadhistory`VALUES (1,22,'65.108.99.115','2024-08-17 10:29:42');
INSERT INTO `gl_filemgmt_downloadhistory`VALUES (1,228,'54.36.149.20','2024-08-17 17:26:04');
INSERT INTO `gl_filemgmt_downloadhistory`VALUES (1,227,'54.36.149.4','2024-08-17 18:02:44');
INSERT INTO `gl_filemgmt_downloadhistory`VALUES (1,178,'40.77.167.70','2024-08-18 09:49:38');
INSERT INTO `gl_filemgmt_downloadhistory`VALUES (1,250,'1.168.142.179','2024-08-18 10:08:27');
INSERT INTO `gl_filemgmt_downloadhistory`VALUES (1,250,'1.168.142.179','2024-08-18 10:08:46');
INSERT INTO `gl_filemgmt_downloadhistory`VALUES (1,250,'1.168.142.179','2024-08-18 15:48:27');
INSERT INTO `gl_filemgmt_downloadhistory`VALUES (1,175,'54.36.148.109','2024-08-19 04:25:12');
INSERT INTO `gl_filemgmt_downloadhistory`VALUES (1,250,'20.171.206.40','2024-08-19 19:12:07');
INSERT INTO `gl_filemgmt_downloadhistory`VALUES (1,250,'216.244.66.201','2024-08-19 19:17:07');
INSERT INTO `gl_filemgmt_downloadhistory`VALUES (1,206,'20.171.206.176','2024-08-20 04:05:24');
INSERT INTO `gl_filemgmt_downloadhistory`VALUES (1,195,'20.171.206.5','2024-08-20 05:03:33');
INSERT INTO `gl_filemgmt_downloadhistory`VALUES (1,228,'20.171.206.5','2024-08-20 05:04:03');
INSERT INTO `gl_filemgmt_downloadhistory`VALUES (1,248,'20.171.206.5','2024-08-20 05:04:11');
INSERT INTO `gl_filemgmt_downloadhistory`VALUES (1,246,'20.171.206.178','2024-08-20 05:04:34');
INSERT INTO `gl_filemgmt_downloadhistory`VALUES (1,245,'20.171.206.178','2024-08-20 05:04:38');
INSERT INTO `gl_filemgmt_downloadhistory`VALUES (1,227,'20.171.206.178','2024-08-20 05:04:56');
INSERT INTO `gl_filemgmt_downloadhistory`VALUES (1,249,'20.171.206.178','2024-08-20 05:05:05');
INSERT INTO `gl_filemgmt_downloadhistory`VALUES (1,232,'20.171.206.189','2024-08-20 05:05:31');
INSERT INTO `gl_filemgmt_downloadhistory`VALUES (1,175,'20.171.206.236','2024-08-20 05:35:16');
INSERT INTO `gl_filemgmt_downloadhistory`VALUES (1,35,'20.171.206.78','2024-08-20 05:35:24');
INSERT INTO `gl_filemgmt_downloadhistory`VALUES (1,135,'20.171.206.78','2024-08-20 05:35:29');
INSERT INTO `gl_filemgmt_downloadhistory`VALUES (1,139,'20.171.206.78','2024-08-20 05:35:38');
INSERT INTO `gl_filemgmt_downloadhistory`VALUES (1,34,'20.171.206.78','2024-08-20 05:35:54');
INSERT INTO `gl_filemgmt_downloadhistory`VALUES (1,178,'20.171.206.78','2024-08-20 05:35:57');
INSERT INTO `gl_filemgmt_downloadhistory`VALUES (1,22,'20.171.206.78','2024-08-20 05:36:00');
INSERT INTO `gl_filemgmt_downloadhistory`VALUES (1,179,'20.171.206.78','2024-08-20 05:36:23');
INSERT INTO `gl_filemgmt_downloadhistory`VALUES (1,26,'20.171.206.149','2024-08-20 05:36:35');
INSERT INTO `gl_filemgmt_downloadhistory`VALUES (1,130,'20.171.206.149','2024-08-20 05:36:52');
INSERT INTO `gl_filemgmt_downloadhistory`VALUES (1,180,'20.171.206.194','2024-08-20 05:38:00');
INSERT INTO `gl_filemgmt_downloadhistory`VALUES (1,245,'157.55.39.14','2024-08-20 14:44:02');
INSERT INTO `gl_filemgmt_downloadhistory`VALUES (1,26,'47.128.45.94','2024-08-20 23:02:09');
INSERT INTO `gl_filemgmt_downloadhistory`VALUES (1,251,'20.171.206.57','2024-08-21 16:29:47');
INSERT INTO `gl_filemgmt_downloadhistory`VALUES (1,246,'216.244.66.201','2024-08-22 07:11:07');
INSERT INTO `gl_filemgmt_downloadhistory`VALUES (1,26,'157.55.39.55','2024-08-22 22:26:21');
INSERT INTO `gl_filemgmt_downloadhistory`VALUES (1,245,'216.244.66.201','2024-08-23 01:55:31');
INSERT INTO `gl_filemgmt_downloadhistory`VALUES (1,34,'3.224.220.101','2024-08-24 06:31:01');
INSERT INTO `gl_filemgmt_downloadhistory`VALUES (1,35,'52.70.240.171','2024-08-24 06:31:22');
INSERT INTO `gl_filemgmt_downloadhistory`VALUES (1,139,'3.224.220.101','2024-08-24 07:23:35');
INSERT INTO `gl_filemgmt_downloadhistory`VALUES (1,130,'52.70.240.171','2024-08-24 07:23:39');
INSERT INTO `gl_filemgmt_downloadhistory`VALUES (1,175,'52.70.240.171','2024-08-24 07:23:47');
INSERT INTO `gl_filemgmt_downloadhistory`VALUES (1,178,'23.22.35.162','2024-08-24 07:23:51');
INSERT INTO `gl_filemgmt_downloadhistory`VALUES (1,179,'3.224.220.101','2024-08-24 07:23:55');
INSERT INTO `gl_filemgmt_downloadhistory`VALUES (1,180,'3.224.220.101','2024-08-24 07:23:59');
INSERT INTO `gl_filemgmt_downloadhistory`VALUES (1,249,'52.70.240.171','2024-08-24 07:24:03');
INSERT INTO `gl_filemgmt_downloadhistory`VALUES (1,251,'216.244.66.201','2024-08-24 12:35:07');
INSERT INTO `gl_filemgmt_downloadhistory`VALUES (1,251,'114.183.105.60','2024-08-25 13:02:58');
INSERT INTO `gl_filemgmt_downloadhistory`VALUES (1,228,'163.226.192.28','2024-08-26 17:12:40');
INSERT INTO `gl_filemgmt_downloadhistory`VALUES (1,227,'163.226.192.28','2024-08-26 17:12:50');
INSERT INTO `gl_filemgmt_downloadhistory`VALUES (1,251,'163.226.192.28','2024-08-26 17:14:14');
INSERT INTO `gl_filemgmt_downloadhistory`VALUES (1,250,'163.226.192.28','2024-08-26 17:14:22');
INSERT INTO `gl_filemgmt_downloadhistory`VALUES (1,249,'163.226.192.28','2024-08-26 17:14:37');
INSERT INTO `gl_filemgmt_downloadhistory`VALUES (1,248,'163.226.192.28','2024-08-26 17:14:55');
INSERT INTO `gl_filemgmt_downloadhistory`VALUES (1,246,'163.226.192.28','2024-08-26 17:15:00');
INSERT INTO `gl_filemgmt_downloadhistory`VALUES (1,245,'163.226.192.28','2024-08-26 17:15:05');
INSERT INTO `gl_filemgmt_downloadhistory`VALUES (1,232,'163.226.192.28','2024-08-26 17:15:12');
INSERT INTO `gl_filemgmt_downloadhistory`VALUES (1,195,'163.226.192.28','2024-08-26 17:16:24');
INSERT INTO `gl_filemgmt_downloadhistory`VALUES (1,180,'163.226.192.28','2024-08-26 17:16:29');
INSERT INTO `gl_filemgmt_downloadhistory`VALUES (1,179,'163.226.192.28','2024-08-26 17:16:33');
INSERT INTO `gl_filemgmt_downloadhistory`VALUES (1,178,'163.226.192.28','2024-08-26 17:16:39');
INSERT INTO `gl_filemgmt_downloadhistory`VALUES (1,175,'163.226.192.28','2024-08-26 17:16:44');
INSERT INTO `gl_filemgmt_downloadhistory`VALUES (1,206,'216.244.66.201','2024-08-27 01:39:45');
INSERT INTO `gl_filemgmt_downloadhistory`VALUES (1,249,'51.222.253.12','2024-08-27 07:37:07');
INSERT INTO `gl_filemgmt_downloadhistory`VALUES (1,228,'40.77.167.132','2024-08-27 08:50:39');
INSERT INTO `gl_filemgmt_downloadhistory`VALUES (1,227,'216.244.66.201','2024-08-27 14:04:11');
INSERT INTO `gl_filemgmt_downloadhistory`VALUES (1,206,'23.22.35.162','2024-08-27 14:43:59');
INSERT INTO `gl_filemgmt_downloadhistory`VALUES (1,251,'52.70.240.171','2024-08-27 14:44:02');
INSERT INTO `gl_filemgmt_downloadhistory`VALUES (1,250,'52.70.240.171','2024-08-27 14:44:19');
INSERT INTO `gl_filemgmt_downloadhistory`VALUES (1,195,'3.224.220.101','2024-08-27 15:14:31');
INSERT INTO `gl_filemgmt_downloadhistory`VALUES (1,227,'23.22.35.162','2024-08-27 15:14:35');
INSERT INTO `gl_filemgmt_downloadhistory`VALUES (1,228,'3.224.220.101','2024-08-27 15:14:39');
INSERT INTO `gl_filemgmt_downloadhistory`VALUES (1,232,'3.224.220.101','2024-08-27 15:14:43');
INSERT INTO `gl_filemgmt_downloadhistory`VALUES (1,245,'3.224.220.101','2024-08-27 15:14:46');
INSERT INTO `gl_filemgmt_downloadhistory`VALUES (1,246,'3.224.220.101','2024-08-27 15:14:51');
INSERT INTO `gl_filemgmt_downloadhistory`VALUES (1,248,'52.70.240.171','2024-08-27 15:14:55');
INSERT INTO `gl_filemgmt_downloadhistory`VALUES (1,245,'185.191.171.11','2024-08-27 15:22:50');
INSERT INTO `gl_filemgmt_downloadhistory`VALUES (1,139,'69.171.230.7','2024-08-28 22:48:47');
INSERT INTO `gl_filemgmt_downloadhistory`VALUES (1,232,'69.171.249.15','2024-08-28 22:52:34');
INSERT INTO `gl_filemgmt_downloadhistory`VALUES (1,246,'66.220.149.15','2024-08-28 22:54:16');
INSERT INTO `gl_filemgmt_downloadhistory`VALUES (1,195,'173.252.107.114','2024-08-28 23:01:34');
INSERT INTO `gl_filemgmt_downloadhistory`VALUES (1,178,'57.141.3.19','2024-08-28 23:05:48');
INSERT INTO `gl_filemgmt_downloadhistory`VALUES (1,245,'69.171.230.112','2024-08-28 23:11:11');
INSERT INTO `gl_filemgmt_downloadhistory`VALUES (1,180,'69.171.230.11','2024-08-28 23:13:11');
INSERT INTO `gl_filemgmt_downloadhistory`VALUES (1,179,'69.171.230.115','2024-08-28 23:21:33');
INSERT INTO `gl_filemgmt_downloadhistory`VALUES (1,130,'69.171.249.19','2024-08-28 23:23:23');
INSERT INTO `gl_filemgmt_downloadhistory`VALUES (1,249,'57.141.3.24','2024-08-28 23:24:13');
INSERT INTO `gl_filemgmt_downloadhistory`VALUES (1,175,'66.220.149.47','2024-08-28 23:24:19');
INSERT INTO `gl_filemgmt_downloadhistory`VALUES (1,250,'173.252.107.115','2024-08-28 23:30:06');
INSERT INTO `gl_filemgmt_downloadhistory`VALUES (1,135,'57.141.3.24','2024-08-29 02:58:03');
INSERT INTO `gl_filemgmt_downloadhistory`VALUES (1,206,'34.97.169.53','2024-08-29 08:18:47');
INSERT INTO `gl_filemgmt_downloadhistory`VALUES (1,228,'216.244.66.201','2024-08-29 11:47:44');
INSERT INTO `gl_filemgmt_downloadhistory`VALUES (1,35,'157.55.39.201','2024-08-30 06:37:22');
INSERT INTO `gl_filemgmt_downloadhistory`VALUES (1,135,'52.70.240.171','2024-08-30 07:50:47');
INSERT INTO `gl_filemgmt_downloadhistory`VALUES (1,195,'216.244.66.201','2024-08-30 10:16:03');
INSERT INTO `gl_filemgmt_downloadhistory`VALUES (1,26,'47.128.21.68','2024-08-31 23:04:54');
INSERT INTO `gl_filemgmt_downloadhistory`VALUES (1,139,'216.244.66.201','2024-09-02 07:43:02');
INSERT INTO `gl_filemgmt_downloadhistory`VALUES (1,26,'216.244.66.201','2024-09-02 12:43:09');
INSERT INTO `gl_filemgmt_downloadhistory`VALUES (1,248,'216.244.66.201','2024-09-03 03:51:45');
INSERT INTO `gl_filemgmt_downloadhistory`VALUES (1,130,'216.244.66.201','2024-09-03 05:44:18');
INSERT INTO `gl_filemgmt_downloadhistory`VALUES (1,135,'216.244.66.201','2024-09-03 06:43:03');
INSERT INTO `gl_filemgmt_downloadhistory`VALUES (1,232,'66.249.79.133','2024-09-03 13:21:40');
INSERT INTO `gl_filemgmt_downloadhistory`VALUES (1,248,'157.55.39.9','2024-09-03 22:42:08');
INSERT INTO `gl_filemgmt_downloadhistory`VALUES (1,175,'216.244.66.201','2024-09-06 03:19:43');
INSERT INTO `gl_filemgmt_downloadhistory`VALUES (1,250,'185.191.171.18','2024-09-06 13:49:12');
INSERT INTO `gl_filemgmt_downloadhistory`VALUES (1,22,'23.22.35.162','2024-09-08 02:01:23');
INSERT INTO `gl_filemgmt_downloadhistory`VALUES (1,26,'3.224.220.101','2024-09-08 02:01:32');
INSERT INTO `gl_filemgmt_downloadhistory`VALUES (1,178,'216.244.66.201','2024-09-08 20:17:51');
INSERT INTO `gl_filemgmt_downloadhistory`VALUES (1,195,'37.187.94.3','2024-09-09 03:00:57');
INSERT INTO `gl_filemgmt_downloadhistory`VALUES (1,206,'37.187.94.3','2024-09-09 03:01:03');
INSERT INTO `gl_filemgmt_downloadhistory`VALUES (1,227,'37.187.94.3','2024-09-09 03:01:16');
INSERT INTO `gl_filemgmt_downloadhistory`VALUES (1,228,'37.187.94.3','2024-09-09 03:01:28');
INSERT INTO `gl_filemgmt_downloadhistory`VALUES (1,232,'37.187.94.3','2024-09-09 03:01:42');
INSERT INTO `gl_filemgmt_downloadhistory`VALUES (1,246,'37.187.94.3','2024-09-09 03:01:50');
INSERT INTO `gl_filemgmt_downloadhistory`VALUES (1,248,'37.187.94.3','2024-09-09 03:02:00');
INSERT INTO `gl_filemgmt_downloadhistory`VALUES (1,249,'37.187.94.3','2024-09-09 03:02:05');
INSERT INTO `gl_filemgmt_downloadhistory`VALUES (1,250,'37.187.94.3','2024-09-09 03:02:11');
INSERT INTO `gl_filemgmt_downloadhistory`VALUES (1,251,'37.187.94.3','2024-09-09 03:02:21');
INSERT INTO `gl_filemgmt_downloadhistory`VALUES (1,26,'47.128.25.220','2024-09-10 23:06:07');
INSERT INTO `gl_filemgmt_downloadhistory`VALUES (1,22,'216.244.66.201','2024-09-12 04:07:34');
INSERT INTO `gl_filemgmt_downloadhistory`VALUES (1,245,'95.91.111.106','2024-09-12 06:13:45');
INSERT INTO `gl_filemgmt_downloadhistory`VALUES (1,34,'85.208.96.212','2024-09-12 20:54:04');
INSERT INTO `gl_filemgmt_downloadhistory`VALUES (1,251,'163.44.25.130','2024-09-13 15:35:58');
INSERT INTO `gl_filemgmt_downloadhistory`VALUES (1,251,'153.243.29.139','2024-09-14 17:13:19');
INSERT INTO `gl_filemgmt_downloadhistory`VALUES (1,250,'153.243.29.139','2024-09-14 17:13:30');
INSERT INTO `gl_filemgmt_downloadhistory`VALUES (1,249,'153.243.29.139','2024-09-14 17:13:34');
INSERT INTO `gl_filemgmt_downloadhistory`VALUES (1,248,'153.243.29.139','2024-09-14 17:13:39');
INSERT INTO `gl_filemgmt_downloadhistory`VALUES (1,245,'153.243.29.139','2024-09-14 17:13:50');
INSERT INTO `gl_filemgmt_downloadhistory`VALUES (1,34,'216.244.66.201','2024-09-15 00:30:07');
INSERT INTO `gl_filemgmt_downloadhistory`VALUES (1,227,'136.243.220.209','2024-09-15 08:25:59');
INSERT INTO `gl_filemgmt_downloadhistory`VALUES (1,248,'136.243.220.209','2024-09-15 08:26:03');
INSERT INTO `gl_filemgmt_downloadhistory`VALUES (1,206,'136.243.220.209','2024-09-15 08:26:34');
INSERT INTO `gl_filemgmt_downloadhistory`VALUES (1,250,'136.243.220.209','2024-09-15 08:26:49');
INSERT INTO `gl_filemgmt_downloadhistory`VALUES (1,249,'136.243.220.209','2024-09-15 08:27:01');
INSERT INTO `gl_filemgmt_downloadhistory`VALUES (1,246,'136.243.220.209','2024-09-15 08:27:04');
INSERT INTO `gl_filemgmt_downloadhistory`VALUES (1,228,'136.243.220.209','2024-09-15 08:27:42');
INSERT INTO `gl_filemgmt_downloadhistory`VALUES (1,251,'136.243.220.209','2024-09-15 08:28:22');
INSERT INTO `gl_filemgmt_downloadhistory`VALUES (1,245,'136.243.220.209','2024-09-15 08:28:43');
INSERT INTO `gl_filemgmt_downloadhistory`VALUES (1,26,'47.128.42.26','2024-09-16 04:13:48');
INSERT INTO `gl_filemgmt_downloadhistory`VALUES (1,245,'61.112.226.51','2024-09-16 12:08:20');
INSERT INTO `gl_filemgmt_downloadhistory`VALUES (1,139,'136.243.220.209','2024-09-17 11:17:40');
INSERT INTO `gl_filemgmt_downloadhistory`VALUES (1,130,'136.243.220.209','2024-09-17 11:17:49');
INSERT INTO `gl_filemgmt_downloadhistory`VALUES (1,178,'136.243.220.209','2024-09-17 11:18:25');
INSERT INTO `gl_filemgmt_downloadhistory`VALUES (1,179,'136.243.220.209','2024-09-17 11:18:29');
INSERT INTO `gl_filemgmt_downloadhistory`VALUES (1,195,'136.243.220.209','2024-09-17 11:18:50');
INSERT INTO `gl_filemgmt_downloadhistory`VALUES (1,22,'136.243.220.209','2024-09-17 11:19:50');
INSERT INTO `gl_filemgmt_downloadhistory`VALUES (1,34,'136.243.220.209','2024-09-17 11:19:53');
INSERT INTO `gl_filemgmt_downloadhistory`VALUES (1,135,'136.243.220.209','2024-09-17 11:20:10');
INSERT INTO `gl_filemgmt_downloadhistory`VALUES (1,35,'136.243.220.209','2024-09-17 11:20:25');
INSERT INTO `gl_filemgmt_downloadhistory`VALUES (1,179,'216.244.66.201','2024-09-19 16:54:06');
INSERT INTO `gl_filemgmt_downloadhistory`VALUES (1,227,'66.249.79.133','2024-09-21 16:14:30');
INSERT INTO `gl_filemgmt_downloadhistory`VALUES (1,35,'216.244.66.201','2024-09-22 19:49:34');
INSERT INTO `gl_filemgmt_downloadhistory`VALUES (1,180,'216.244.66.201','2024-09-22 22:38:08');
INSERT INTO `gl_filemgmt_downloadhistory`VALUES (1,35,'52.5.232.250','2024-09-23 08:24:25');
INSERT INTO `gl_filemgmt_downloadhistory`VALUES (1,34,'52.70.240.171','2024-09-23 08:27:40');
INSERT INTO `gl_filemgmt_downloadhistory`VALUES (1,139,'18.209.137.234','2024-09-23 09:04:24');
INSERT INTO `gl_filemgmt_downloadhistory`VALUES (1,130,'3.224.220.101','2024-09-23 09:08:08');
INSERT INTO `gl_filemgmt_downloadhistory`VALUES (1,175,'3.217.82.254','2024-09-23 09:08:25');
INSERT INTO `gl_filemgmt_downloadhistory`VALUES (1,178,'52.23.112.144','2024-09-23 09:08:41');
INSERT INTO `gl_filemgmt_downloadhistory`VALUES (1,179,'35.171.141.42','2024-09-23 09:08:45');
INSERT INTO `gl_filemgmt_downloadhistory`VALUES (1,180,'52.70.240.171','2024-09-23 09:10:49');
INSERT INTO `gl_filemgmt_downloadhistory`VALUES (1,251,'140.82.207.5','2024-09-24 18:59:09');
INSERT INTO `gl_filemgmt_downloadhistory`VALUES (1,251,'157.1.136.10','2024-09-24 21:21:35');
INSERT INTO `gl_filemgmt_downloadhistory`VALUES (1,248,'61.112.226.51','2024-09-24 22:26:21');
INSERT INTO `gl_filemgmt_downloadhistory`VALUES (1,251,'61.112.226.51','2024-09-24 22:26:30');
INSERT INTO `gl_filemgmt_downloadhistory`VALUES (1,228,'61.112.226.51','2024-09-24 22:26:42');
INSERT INTO `gl_filemgmt_downloadhistory`VALUES (1,246,'61.112.226.51','2024-09-24 22:27:01');
INSERT INTO `gl_filemgmt_downloadhistory`VALUES (1,179,'61.112.226.51','2024-09-24 22:27:27');
INSERT INTO `gl_filemgmt_downloadhistory`VALUES (1,175,'61.112.226.51','2024-09-24 22:27:34');
INSERT INTO `gl_filemgmt_downloadhistory`VALUES (1,249,'44.221.37.41','2024-09-24 22:52:26');
INSERT INTO `gl_filemgmt_downloadhistory`VALUES (1,251,'114.158.81.242','2024-09-25 15:01:33');
INSERT INTO `gl_filemgmt_downloadhistory`VALUES (1,135,'40.77.167.76','2024-09-27 18:08:26');
INSERT INTO `gl_filemgmt_downloadhistory`VALUES (1,251,'221.171.101.32','2024-09-28 23:13:05');
INSERT INTO `gl_filemgmt_downloadhistory`VALUES (1,250,'221.171.101.32','2024-09-28 23:13:13');
INSERT INTO `gl_filemgmt_downloadhistory`VALUES (1,249,'221.171.101.32','2024-09-28 23:13:22');
INSERT INTO `gl_filemgmt_downloadhistory`VALUES (1,248,'221.171.101.32','2024-09-28 23:13:29');
INSERT INTO `gl_filemgmt_downloadhistory`VALUES (1,250,'188.165.251.162','2024-10-01 06:40:17');
INSERT INTO `gl_filemgmt_downloadhistory`VALUES (1,232,'188.165.251.162','2024-10-01 07:32:16');
INSERT INTO `gl_filemgmt_downloadhistory`VALUES (1,251,'106.146.68.176','2024-10-03 14:22:14');
INSERT INTO `gl_filemgmt_downloadhistory`VALUES (1,251,'106.146.68.176','2024-10-03 14:27:41');
INSERT INTO `gl_filemgmt_downloadhistory`VALUES (1,175,'217.113.194.15','2024-10-04 12:56:47');
INSERT INTO `gl_filemgmt_downloadhistory`VALUES (1,178,'217.113.194.17','2024-10-04 12:56:55');
INSERT INTO `gl_filemgmt_downloadhistory`VALUES (1,232,'217.113.194.15','2024-10-04 12:57:04');
INSERT INTO `gl_filemgmt_downloadhistory`VALUES (1,246,'217.113.194.12','2024-10-04 12:57:21');
INSERT INTO `gl_filemgmt_downloadhistory`VALUES (1,35,'217.113.194.15','2024-10-04 12:57:55');
INSERT INTO `gl_filemgmt_downloadhistory`VALUES (1,34,'217.113.194.21','2024-10-04 12:58:04');
INSERT INTO `gl_filemgmt_downloadhistory`VALUES (1,175,'52.167.144.234','2024-10-05 07:37:51');
INSERT INTO `gl_filemgmt_downloadhistory`VALUES (1,250,'183.76.14.187','2024-10-06 21:50:15');
INSERT INTO `gl_filemgmt_downloadhistory`VALUES (1,251,'65.108.99.54','2024-10-07 20:32:13');
INSERT INTO `gl_filemgmt_downloadhistory`VALUES (1,250,'65.108.99.54','2024-10-07 20:32:22');
INSERT INTO `gl_filemgmt_downloadhistory`VALUES (1,249,'65.108.99.54','2024-10-07 20:32:31');
INSERT INTO `gl_filemgmt_downloadhistory`VALUES (1,248,'65.108.99.54','2024-10-07 20:32:40');
INSERT INTO `gl_filemgmt_downloadhistory`VALUES (1,246,'65.108.99.54','2024-10-07 20:32:49');
INSERT INTO `gl_filemgmt_downloadhistory`VALUES (1,245,'65.108.99.54','2024-10-07 20:32:57');
INSERT INTO `gl_filemgmt_downloadhistory`VALUES (1,232,'65.108.99.54','2024-10-07 20:33:08');
INSERT INTO `gl_filemgmt_downloadhistory`VALUES (1,228,'65.108.99.54','2024-10-07 20:33:33');
INSERT INTO `gl_filemgmt_downloadhistory`VALUES (1,227,'65.108.99.54','2024-10-07 20:34:00');
INSERT INTO `gl_filemgmt_downloadhistory`VALUES (1,206,'65.108.99.54','2024-10-07 20:34:24');
INSERT INTO `gl_filemgmt_downloadhistory`VALUES (1,195,'65.108.99.54','2024-10-07 20:59:35');
INSERT INTO `gl_filemgmt_downloadhistory`VALUES (1,180,'65.108.99.54','2024-10-07 21:05:19');
INSERT INTO `gl_filemgmt_downloadhistory`VALUES (1,179,'65.108.99.54','2024-10-07 21:05:29');
INSERT INTO `gl_filemgmt_downloadhistory`VALUES (1,178,'65.108.99.54','2024-10-07 21:05:39');
INSERT INTO `gl_filemgmt_downloadhistory`VALUES (1,175,'65.108.99.54','2024-10-07 21:05:48');
INSERT INTO `gl_filemgmt_downloadhistory`VALUES (1,139,'65.108.99.54','2024-10-07 21:06:02');
INSERT INTO `gl_filemgmt_downloadhistory`VALUES (1,135,'65.108.99.54','2024-10-07 21:06:12');
INSERT INTO `gl_filemgmt_downloadhistory`VALUES (1,130,'65.108.99.54','2024-10-07 21:06:22');
INSERT INTO `gl_filemgmt_downloadhistory`VALUES (1,34,'65.108.99.54','2024-10-07 21:06:33');
INSERT INTO `gl_filemgmt_downloadhistory`VALUES (1,35,'65.108.99.54','2024-10-07 21:06:43');
INSERT INTO `gl_filemgmt_downloadhistory`VALUES (1,26,'65.108.99.54','2024-10-07 21:24:54');
INSERT INTO `gl_filemgmt_downloadhistory`VALUES (1,22,'65.108.99.54','2024-10-07 21:25:08');
INSERT INTO `gl_filemgmt_downloadhistory`VALUES (1,250,'192.200.113.156','2024-10-08 09:01:37');
INSERT INTO `gl_filemgmt_downloadhistory`VALUES (1,251,'192.200.113.156','2024-10-08 09:01:37');
INSERT INTO `gl_filemgmt_downloadhistory`VALUES (1,246,'192.200.113.156','2024-10-08 09:02:04');
INSERT INTO `gl_filemgmt_downloadhistory`VALUES (1,249,'192.200.113.156','2024-10-08 09:02:05');
INSERT INTO `gl_filemgmt_downloadhistory`VALUES (1,232,'192.200.113.156','2024-10-08 09:02:09');
INSERT INTO `gl_filemgmt_downloadhistory`VALUES (1,206,'192.200.113.156','2024-10-08 09:02:10');
INSERT INTO `gl_filemgmt_downloadhistory`VALUES (1,228,'192.200.113.156','2024-10-08 09:02:12');
INSERT INTO `gl_filemgmt_downloadhistory`VALUES (1,245,'192.200.113.156','2024-10-08 09:02:16');
INSERT INTO `gl_filemgmt_downloadhistory`VALUES (1,227,'192.200.113.156','2024-10-08 09:02:17');
INSERT INTO `gl_filemgmt_downloadhistory`VALUES (1,248,'192.200.113.156','2024-10-08 09:02:19');
INSERT INTO `gl_filemgmt_downloadhistory`VALUES (1,251,'153.168.209.197','2024-10-08 09:09:58');
INSERT INTO `gl_filemgmt_downloadhistory`VALUES (1,248,'153.168.209.197','2024-10-08 09:10:14');
INSERT INTO `gl_filemgmt_downloadhistory`VALUES (1,26,'192.200.113.156','2024-10-08 09:14:28');
INSERT INTO `gl_filemgmt_downloadhistory`VALUES (1,135,'192.200.113.156','2024-10-08 09:14:34');
INSERT INTO `gl_filemgmt_downloadhistory`VALUES (1,22,'192.200.113.156','2024-10-08 09:14:58');
INSERT INTO `gl_filemgmt_downloadhistory`VALUES (1,180,'192.200.113.156','2024-10-08 09:15:12');
INSERT INTO `gl_filemgmt_downloadhistory`VALUES (1,35,'192.200.113.156','2024-10-08 09:15:23');
INSERT INTO `gl_filemgmt_downloadhistory`VALUES (1,179,'192.200.113.156','2024-10-08 09:15:45');
INSERT INTO `gl_filemgmt_downloadhistory`VALUES (1,130,'192.200.113.156','2024-10-08 09:15:48');
INSERT INTO `gl_filemgmt_downloadhistory`VALUES (1,139,'192.200.113.156','2024-10-08 09:15:49');
INSERT INTO `gl_filemgmt_downloadhistory`VALUES (1,34,'192.200.113.156','2024-10-08 09:15:52');
INSERT INTO `gl_filemgmt_downloadhistory`VALUES (1,175,'192.200.113.156','2024-10-08 09:16:13');
INSERT INTO `gl_filemgmt_downloadhistory`VALUES (1,178,'192.200.113.156','2024-10-08 09:16:18');
INSERT INTO `gl_filemgmt_downloadhistory`VALUES (1,195,'192.200.113.156','2024-10-08 09:16:22');
INSERT INTO `gl_filemgmt_downloadhistory`VALUES (1,251,'66.249.79.104','2024-10-08 12:03:31');
INSERT INTO `gl_filemgmt_downloadhistory`VALUES (1,251,'157.1.136.10','2024-10-09 01:58:47');
INSERT INTO `gl_filemgmt_downloadhistory`VALUES (1,232,'136.243.220.209','2024-10-09 12:13:43');
INSERT INTO `gl_filemgmt_downloadhistory`VALUES (1,175,'136.243.220.209','2024-10-09 12:13:48');
INSERT INTO `gl_filemgmt_downloadhistory`VALUES (1,180,'136.243.220.209','2024-10-09 12:13:51');
INSERT INTO `gl_filemgmt_downloadhistory`VALUES (1,26,'136.243.220.209','2024-10-09 12:13:55');
INSERT INTO `gl_filemgmt_downloadhistory`VALUES (1,245,'49.0.207.210','2024-10-10 01:49:42');
INSERT INTO `gl_filemgmt_downloadhistory`VALUES (1,26,'47.128.32.12','2024-10-10 02:51:06');
INSERT INTO `gl_filemgmt_downloadhistory`VALUES (1,26,'20.171.206.78','2024-10-11 12:52:40');
INSERT INTO `gl_filemgmt_downloadhistory`VALUES (1,232,'52.167.144.176','2024-10-12 15:33:08');
INSERT INTO `gl_filemgmt_downloadhistory`VALUES (1,246,'54.36.149.84','2024-10-13 08:00:23');
INSERT INTO `gl_filemgmt_downloadhistory`VALUES (1,130,'54.36.148.98','2024-10-15 21:32:54');
INSERT INTO `gl_filemgmt_downloadhistory`VALUES (1,26,'47.128.32.131','2024-10-16 05:39:34');
INSERT INTO `gl_filemgmt_downloadhistory`VALUES (1,228,'111.119.213.222','2024-10-16 16:29:57');
INSERT INTO `gl_filemgmt_downloadhistory`VALUES (1,22,'125.230.253.192','2024-10-17 00:10:46');
INSERT INTO `gl_filemgmt_downloadhistory`VALUES (1,248,'136.243.220.209','2024-10-17 07:22:03');
INSERT INTO `gl_filemgmt_downloadhistory`VALUES (1,249,'136.243.220.209','2024-10-17 07:22:26');
INSERT INTO `gl_filemgmt_downloadhistory`VALUES (1,251,'136.243.220.209','2024-10-17 07:22:43');
INSERT INTO `gl_filemgmt_downloadhistory`VALUES (1,246,'136.243.220.209','2024-10-17 07:23:02');
INSERT INTO `gl_filemgmt_downloadhistory`VALUES (1,227,'136.243.220.209','2024-10-17 07:23:19');
INSERT INTO `gl_filemgmt_downloadhistory`VALUES (1,206,'136.243.220.209','2024-10-17 07:50:23');
INSERT INTO `gl_filemgmt_downloadhistory`VALUES (1,250,'136.243.220.209','2024-10-17 07:50:58');
INSERT INTO `gl_filemgmt_downloadhistory`VALUES (1,228,'136.243.220.209','2024-10-17 07:51:23');
INSERT INTO `gl_filemgmt_downloadhistory`VALUES (1,245,'136.243.220.209','2024-10-17 07:51:46');
INSERT INTO `gl_filemgmt_downloadhistory`VALUES (1,22,'103.215.81.107','2024-10-17 10:15:04');
INSERT INTO `gl_filemgmt_downloadhistory`VALUES (1,245,'66.249.79.103','2024-10-17 10:34:57');
INSERT INTO `gl_filemgmt_downloadhistory`VALUES (1,22,'157.254.164.222','2024-10-17 10:56:22');
INSERT INTO `gl_filemgmt_downloadhistory`VALUES (1,178,'51.222.253.3','2024-10-18 03:07:55');
INSERT INTO `gl_filemgmt_downloadhistory`VALUES (1,135,'51.222.253.15','2024-10-18 05:32:29');
INSERT INTO `gl_filemgmt_downloadhistory`VALUES (1,250,'66.249.79.104','2024-10-18 06:42:49');
INSERT INTO `gl_filemgmt_downloadhistory`VALUES (1,245,'153.156.14.130','2024-10-18 11:42:14');
INSERT INTO `gl_filemgmt_downloadhistory`VALUES (1,175,'153.156.14.130','2024-10-18 11:42:33');
INSERT INTO `gl_filemgmt_downloadhistory`VALUES (1,139,'153.156.14.130','2024-10-18 11:42:56');
INSERT INTO `gl_filemgmt_downloadhistory`VALUES (1,180,'51.222.253.6','2024-10-19 00:14:05');
INSERT INTO `gl_filemgmt_downloadhistory`VALUES (1,245,'66.249.65.70','2024-10-19 10:57:43');
INSERT INTO `gl_filemgmt_downloadhistory`VALUES (1,245,'51.222.253.1','2024-10-19 21:26:16');
INSERT INTO `gl_filemgmt_downloadhistory`VALUES (1,178,'119.13.110.99','2024-10-19 22:41:43');
INSERT INTO `gl_filemgmt_downloadhistory`VALUES (1,232,'51.222.253.3','2024-10-20 04:41:18');
INSERT INTO `gl_filemgmt_downloadhistory`VALUES (1,139,'51.222.253.18','2024-10-20 09:01:08');
INSERT INTO `gl_filemgmt_downloadhistory`VALUES (1,26,'166.108.200.226','2024-10-20 16:29:59');
INSERT INTO `gl_filemgmt_downloadhistory`VALUES (1,251,'20.171.206.158','2024-10-20 20:09:26');
INSERT INTO `gl_filemgmt_downloadhistory`VALUES (1,206,'20.171.206.158','2024-10-20 20:09:31');
INSERT INTO `gl_filemgmt_downloadhistory`VALUES (1,250,'20.171.206.158','2024-10-20 20:09:46');
INSERT INTO `gl_filemgmt_downloadhistory`VALUES (1,245,'66.249.79.103','2024-10-20 23:18:41');
INSERT INTO `gl_filemgmt_downloadhistory`VALUES (1,232,'38.54.50.254','2024-10-21 03:54:27');
INSERT INTO `gl_filemgmt_downloadhistory`VALUES (1,251,'218.220.248.61','2024-10-21 12:56:15');
INSERT INTO `gl_filemgmt_downloadhistory`VALUES (1,232,'122.161.51.5','2024-10-21 15:28:30');
INSERT INTO `gl_filemgmt_downloadhistory`VALUES (1,175,'51.222.253.3','2024-10-21 18:42:53');
INSERT INTO `gl_filemgmt_downloadhistory`VALUES (1,206,'101.143.189.8','2024-10-21 22:15:43');
INSERT INTO `gl_filemgmt_downloadhistory`VALUES (1,26,'51.222.253.6','2024-10-22 00:51:54');
INSERT INTO `gl_filemgmt_downloadhistory`VALUES (1,34,'51.222.253.19','2024-10-22 10:29:04');
INSERT INTO `gl_filemgmt_downloadhistory`VALUES (1,26,'47.128.113.39','2024-10-22 22:45:14');
INSERT INTO `gl_filemgmt_downloadhistory`VALUES (1,206,'51.222.253.2','2024-10-22 23:29:35');
INSERT INTO `gl_filemgmt_downloadhistory`VALUES (1,228,'51.222.253.5','2024-10-23 15:37:55');
INSERT INTO `gl_filemgmt_downloadhistory`VALUES (1,251,'202.86.121.218','2024-10-25 19:02:00');
INSERT INTO `gl_filemgmt_downloadhistory`VALUES (1,178,'136.243.220.209','2024-10-25 22:11:07');
INSERT INTO `gl_filemgmt_downloadhistory`VALUES (1,179,'136.243.220.209','2024-10-25 22:11:16');
INSERT INTO `gl_filemgmt_downloadhistory`VALUES (1,195,'136.243.220.209','2024-10-25 22:11:21');
INSERT INTO `gl_filemgmt_downloadhistory`VALUES (1,22,'136.243.220.209','2024-10-25 22:11:29');
INSERT INTO `gl_filemgmt_downloadhistory`VALUES (1,34,'136.243.220.209','2024-10-25 22:11:35');
INSERT INTO `gl_filemgmt_downloadhistory`VALUES (1,139,'136.243.220.209','2024-10-25 22:11:48');
INSERT INTO `gl_filemgmt_downloadhistory`VALUES (1,130,'136.243.220.209','2024-10-25 22:11:59');
INSERT INTO `gl_filemgmt_downloadhistory`VALUES (1,135,'136.243.220.209','2024-10-25 22:14:01');
INSERT INTO `gl_filemgmt_downloadhistory`VALUES (1,35,'136.243.220.209','2024-10-25 22:15:01');
INSERT INTO `gl_filemgmt_downloadhistory`VALUES (1,249,'199.47.82.19','2024-10-26 00:20:56');
INSERT INTO `gl_filemgmt_downloadhistory`VALUES (1,195,'54.36.148.50','2024-10-26 02:57:43');
INSERT INTO `gl_filemgmt_downloadhistory`VALUES (1,249,'185.191.171.3','2024-10-26 04:21:53');
INSERT INTO `gl_filemgmt_downloadhistory`VALUES (1,206,'185.191.171.13','2024-10-26 04:31:06');
INSERT INTO `gl_filemgmt_downloadhistory`VALUES (1,26,'185.191.171.9','2024-10-26 04:59:58');
INSERT INTO `gl_filemgmt_downloadhistory`VALUES (1,251,'85.208.96.208','2024-10-26 05:41:55');
INSERT INTO `gl_filemgmt_downloadhistory`VALUES (1,195,'185.191.171.8','2024-10-26 10:11:08');
INSERT INTO `gl_filemgmt_downloadhistory`VALUES (1,249,'44.210.213.220','2024-10-26 12:50:25');
INSERT INTO `gl_filemgmt_downloadhistory`VALUES (1,175,'85.208.96.203','2024-10-26 14:01:43');
INSERT INTO `gl_filemgmt_downloadhistory`VALUES (1,248,'52.167.144.190','2024-10-28 05:23:01');
INSERT INTO `gl_filemgmt_downloadhistory`VALUES (1,26,'66.249.73.99','2024-10-29 10:37:07');
INSERT INTO `gl_filemgmt_downloadhistory`VALUES (1,130,'136.243.145.46','2024-10-29 10:38:40');
INSERT INTO `gl_filemgmt_downloadhistory`VALUES (1,34,'136.243.145.46','2024-10-29 10:39:08');
INSERT INTO `gl_filemgmt_downloadhistory`VALUES (1,26,'136.243.145.46','2024-10-29 10:40:04');
INSERT INTO `gl_filemgmt_downloadhistory`VALUES (1,22,'136.243.145.46','2024-10-29 10:40:30');
INSERT INTO `gl_filemgmt_downloadhistory`VALUES (1,179,'136.243.145.46','2024-10-29 10:41:28');
INSERT INTO `gl_filemgmt_downloadhistory`VALUES (1,178,'136.243.145.46','2024-10-29 10:42:03');
INSERT INTO `gl_filemgmt_downloadhistory`VALUES (1,175,'136.243.145.46','2024-10-29 10:42:29');
INSERT INTO `gl_filemgmt_downloadhistory`VALUES (1,139,'136.243.145.46','2024-10-29 10:42:59');
INSERT INTO `gl_filemgmt_downloadhistory`VALUES (1,135,'136.243.145.46','2024-10-29 10:43:26');
INSERT INTO `gl_filemgmt_downloadhistory`VALUES (1,35,'136.243.145.46','2024-10-29 10:43:52');
INSERT INTO `gl_filemgmt_downloadhistory`VALUES (1,251,'44.194.139.149','2024-10-29 16:50:16');
INSERT INTO `gl_filemgmt_downloadhistory`VALUES (1,245,'116.82.245.223','2024-10-29 23:47:39');
INSERT INTO `gl_filemgmt_downloadhistory`VALUES (1,251,'116.82.245.223','2024-10-29 23:47:49');
INSERT INTO `gl_filemgmt_downloadhistory`VALUES (1,22,'66.249.73.76','2024-10-30 10:01:04');
INSERT INTO `gl_filemgmt_downloadhistory`VALUES (1,248,'121.112.33.8','2024-10-30 19:09:55');
INSERT INTO `gl_filemgmt_downloadhistory`VALUES (1,251,'121.112.33.8','2024-10-30 19:10:31');
INSERT INTO `gl_filemgmt_downloadhistory`VALUES (1,206,'121.112.33.8','2024-10-30 19:10:49');
INSERT INTO `gl_filemgmt_downloadhistory`VALUES (1,248,'121.112.33.8','2024-10-31 16:20:29');
INSERT INTO `gl_filemgmt_downloadhistory`VALUES (1,249,'121.112.33.8','2024-10-31 16:20:46');
INSERT INTO `gl_filemgmt_downloadhistory`VALUES (1,26,'47.128.24.113','2024-11-02 05:56:30');
INSERT INTO `gl_filemgmt_downloadhistory`VALUES (1,195,'18.214.251.19','2024-11-02 18:53:13');
INSERT INTO `gl_filemgmt_downloadhistory`VALUES (1,206,'3.229.95.193','2024-11-02 18:53:17');
INSERT INTO `gl_filemgmt_downloadhistory`VALUES (1,227,'54.157.84.74','2024-11-02 18:53:21');
INSERT INTO `gl_filemgmt_downloadhistory`VALUES (1,228,'52.22.64.232','2024-11-02 18:53:25');
INSERT INTO `gl_filemgmt_downloadhistory`VALUES (1,232,'3.223.181.32','2024-11-02 18:53:29');
INSERT INTO `gl_filemgmt_downloadhistory`VALUES (1,245,'98.83.94.113','2024-11-02 18:53:33');
INSERT INTO `gl_filemgmt_downloadhistory`VALUES (1,246,'3.213.46.222','2024-11-02 18:53:37');
INSERT INTO `gl_filemgmt_downloadhistory`VALUES (1,248,'34.204.150.196','2024-11-02 18:53:41');
INSERT INTO `gl_filemgmt_downloadhistory`VALUES (1,250,'18.211.148.239','2024-11-02 18:53:45');
INSERT INTO `gl_filemgmt_downloadhistory`VALUES (1,227,'52.167.144.145','2024-11-04 01:26:12');
INSERT INTO `gl_filemgmt_downloadhistory`VALUES (1,179,'40.77.167.2','2024-11-04 21:51:06');
INSERT INTO `gl_filemgmt_downloadhistory`VALUES (1,246,'124.243.185.59','2024-11-05 05:34:17');
INSERT INTO `gl_filemgmt_downloadhistory`VALUES (1,249,'66.249.79.133','2024-11-05 09:13:32');
INSERT INTO `gl_filemgmt_downloadhistory`VALUES (1,250,'66.249.79.133','2024-11-05 09:13:33');
INSERT INTO `gl_filemgmt_downloadhistory`VALUES (1,250,'43.207.54.231','2024-11-05 12:47:48');
INSERT INTO `gl_filemgmt_downloadhistory`VALUES (1,232,'146.19.48.245','2024-11-07 04:44:59');
INSERT INTO `gl_filemgmt_downloadhistory`VALUES (1,232,'185.191.171.9','2024-11-07 15:30:48');
INSERT INTO `gl_filemgmt_downloadhistory`VALUES (1,180,'185.191.171.13','2024-11-07 16:42:10');
INSERT INTO `gl_filemgmt_downloadhistory`VALUES (1,228,'185.191.171.10','2024-11-07 17:32:22');
INSERT INTO `gl_filemgmt_downloadhistory`VALUES (1,139,'185.191.171.4','2024-11-07 19:34:33');
INSERT INTO `gl_filemgmt_downloadhistory`VALUES (1,22,'185.191.171.15','2024-11-07 21:59:50');
INSERT INTO `gl_filemgmt_downloadhistory`VALUES (1,135,'185.191.171.4','2024-11-07 23:32:31');
INSERT INTO `gl_filemgmt_downloadhistory`VALUES (1,178,'185.191.171.16','2024-11-08 03:39:27');
INSERT INTO `gl_filemgmt_downloadhistory`VALUES (1,248,'185.191.171.7','2024-11-08 03:41:02');
INSERT INTO `gl_filemgmt_downloadhistory`VALUES (1,246,'85.208.96.210','2024-11-08 05:45:46');
INSERT INTO `gl_filemgmt_downloadhistory`VALUES (1,35,'185.191.171.14','2024-11-08 06:57:37');
INSERT INTO `gl_filemgmt_downloadhistory`VALUES (1,249,'216.244.66.201','2024-11-08 20:29:56');
INSERT INTO `gl_filemgmt_downloadhistory`VALUES (1,246,'157.1.136.10','2024-11-09 02:13:11');
INSERT INTO `gl_filemgmt_downloadhistory`VALUES (1,227,'157.1.136.10','2024-11-09 02:14:43');
INSERT INTO `gl_filemgmt_downloadhistory`VALUES (1,206,'157.1.136.10','2024-11-09 02:24:08');
INSERT INTO `gl_filemgmt_downloadhistory`VALUES (1,245,'157.1.136.10','2024-11-09 02:50:07');
INSERT INTO `gl_filemgmt_downloadhistory`VALUES (1,251,'115.163.107.72','2024-11-09 02:52:55');
INSERT INTO `gl_filemgmt_downloadhistory`VALUES (1,232,'157.1.136.10','2024-11-09 03:08:02');
INSERT INTO `gl_filemgmt_downloadhistory`VALUES (1,251,'153.139.27.137','2024-11-09 20:17:04');
INSERT INTO `gl_filemgmt_downloadhistory`VALUES (1,251,'153.139.27.137','2024-11-09 20:20:35');
INSERT INTO `gl_filemgmt_downloadhistory`VALUES (1,245,'40.77.167.11','2024-11-10 02:02:38');
INSERT INTO `gl_filemgmt_downloadhistory`VALUES (1,248,'157.1.136.10','2024-11-10 15:20:28');
INSERT INTO `gl_filemgmt_downloadhistory`VALUES (1,249,'157.1.136.10','2024-11-10 15:26:57');
INSERT INTO `gl_filemgmt_downloadhistory`VALUES (1,228,'157.1.136.10','2024-11-10 15:28:56');
INSERT INTO `gl_filemgmt_downloadhistory`VALUES (1,26,'47.128.110.214','2024-11-12 18:45:30');
INSERT INTO `gl_filemgmt_downloadhistory`VALUES (1,206,'126.193.17.116','2024-11-12 23:14:37');
INSERT INTO `gl_filemgmt_downloadhistory`VALUES (1,130,'193.70.81.116','2024-11-13 09:21:06');
INSERT INTO `gl_filemgmt_downloadhistory`VALUES (1,135,'193.70.81.116','2024-11-13 09:21:10');
INSERT INTO `gl_filemgmt_downloadhistory`VALUES (1,175,'193.70.81.116','2024-11-13 09:21:14');
INSERT INTO `gl_filemgmt_downloadhistory`VALUES (1,178,'193.70.81.116','2024-11-13 09:21:18');
INSERT INTO `gl_filemgmt_downloadhistory`VALUES (1,179,'193.70.81.116','2024-11-13 09:21:22');
INSERT INTO `gl_filemgmt_downloadhistory`VALUES (1,180,'193.70.81.116','2024-11-13 09:21:26');
INSERT INTO `gl_filemgmt_downloadhistory`VALUES (1,22,'193.70.81.116','2024-11-13 09:21:30');
INSERT INTO `gl_filemgmt_downloadhistory`VALUES (1,26,'193.70.81.116','2024-11-13 09:21:34');
INSERT INTO `gl_filemgmt_downloadhistory`VALUES (1,34,'193.70.81.116','2024-11-13 09:21:38');
INSERT INTO `gl_filemgmt_downloadhistory`VALUES (1,35,'193.70.81.116','2024-11-13 09:21:43');
INSERT INTO `gl_filemgmt_downloadhistory`VALUES (1,251,'66.249.79.135','2024-11-13 15:57:56');
INSERT INTO `gl_filemgmt_downloadhistory`VALUES (1,251,'183.181.86.131','2024-11-15 10:04:46');
INSERT INTO `gl_filemgmt_downloadhistory`VALUES (1,251,'183.181.86.131','2024-11-15 10:04:49');
INSERT INTO `gl_filemgmt_downloadhistory`VALUES (1,130,'207.46.13.92','2024-11-15 12:12:52');
INSERT INTO `gl_filemgmt_downloadhistory`VALUES (1,232,'122.161.51.5','2024-11-15 16:02:43');
INSERT INTO `gl_filemgmt_downloadhistory`VALUES (1,232,'216.244.66.201','2024-11-16 14:41:15');
INSERT INTO `gl_filemgmt_downloadhistory`VALUES (1,227,'136.243.220.209','2024-11-16 20:09:00');
INSERT INTO `gl_filemgmt_downloadhistory`VALUES (1,248,'136.243.220.209','2024-11-16 20:09:04');
INSERT INTO `gl_filemgmt_downloadhistory`VALUES (1,206,'136.243.220.209','2024-11-16 20:09:07');
INSERT INTO `gl_filemgmt_downloadhistory`VALUES (1,250,'136.243.220.209','2024-11-16 20:09:11');
INSERT INTO `gl_filemgmt_downloadhistory`VALUES (1,249,'136.243.220.209','2024-11-16 20:09:15');
INSERT INTO `gl_filemgmt_downloadhistory`VALUES (1,246,'136.243.220.209','2024-11-16 20:09:20');
INSERT INTO `gl_filemgmt_downloadhistory`VALUES (1,228,'136.243.220.209','2024-11-16 20:09:24');
INSERT INTO `gl_filemgmt_downloadhistory`VALUES (1,251,'136.243.220.209','2024-11-16 20:09:29');
INSERT INTO `gl_filemgmt_downloadhistory`VALUES (1,245,'136.243.220.209','2024-11-16 20:09:34');
INSERT INTO `gl_filemgmt_downloadhistory`VALUES (1,228,'52.167.144.147','2024-11-17 00:34:59');
INSERT INTO `gl_filemgmt_downloadhistory`VALUES (1,232,'38.54.56.221','2024-11-17 16:34:42');
INSERT INTO `gl_filemgmt_downloadhistory`VALUES (1,179,'185.191.171.12','2024-11-18 04:10:38');
INSERT INTO `gl_filemgmt_downloadhistory`VALUES (1,248,'66.249.79.133','2024-11-18 13:31:36');
INSERT INTO `gl_filemgmt_downloadhistory`VALUES (1,35,'40.77.167.54','2024-11-18 23:07:18');
INSERT INTO `gl_filemgmt_downloadhistory`VALUES (1,34,'66.249.82.11','2024-11-19 12:00:51');
INSERT INTO `gl_filemgmt_downloadhistory`VALUES (1,139,'66.249.82.12','2024-11-19 12:01:41');
INSERT INTO `gl_filemgmt_downloadhistory`VALUES (1,26,'47.128.46.26','2024-11-20 00:37:11');
INSERT INTO `gl_filemgmt_downloadhistory`VALUES (1,139,'94.23.7.187','2024-11-20 10:27:58');
INSERT INTO `gl_filemgmt_downloadhistory`VALUES (1,232,'66.249.79.133','2024-11-20 21:30:59');
INSERT INTO `gl_filemgmt_downloadhistory`VALUES (1,249,'54.36.148.9','2024-11-21 21:12:15');
INSERT INTO `gl_filemgmt_downloadhistory`VALUES (1,232,'157.70.240.129','2024-11-22 09:55:38');
INSERT INTO `gl_filemgmt_downloadhistory`VALUES (1,35,'54.87.95.7','2024-11-22 11:01:59');
INSERT INTO `gl_filemgmt_downloadhistory`VALUES (1,26,'18.215.112.101','2024-11-22 11:02:02');
INSERT INTO `gl_filemgmt_downloadhistory`VALUES (1,22,'18.232.12.157','2024-11-22 11:02:07');
INSERT INTO `gl_filemgmt_downloadhistory`VALUES (1,34,'35.169.240.53','2024-11-22 11:02:11');
INSERT INTO `gl_filemgmt_downloadhistory`VALUES (1,130,'3.90.73.206','2024-11-22 11:07:07');
INSERT INTO `gl_filemgmt_downloadhistory`VALUES (1,135,'52.204.71.8','2024-11-22 11:07:11');
INSERT INTO `gl_filemgmt_downloadhistory`VALUES (1,139,'18.211.39.188','2024-11-22 11:07:14');
INSERT INTO `gl_filemgmt_downloadhistory`VALUES (1,175,'52.54.95.127','2024-11-22 11:07:19');
INSERT INTO `gl_filemgmt_downloadhistory`VALUES (1,178,'3.224.215.150','2024-11-22 11:07:23');
INSERT INTO `gl_filemgmt_downloadhistory`VALUES (1,179,'52.54.95.127','2024-11-22 11:07:26');
INSERT INTO `gl_filemgmt_downloadhistory`VALUES (1,180,'54.166.126.132','2024-11-22 11:07:31');
INSERT INTO `gl_filemgmt_downloadhistory`VALUES (1,250,'216.244.66.201','2024-11-22 12:28:45');
INSERT INTO `gl_filemgmt_downloadhistory`VALUES (1,246,'3.146.152.119','2024-11-22 20:53:10');
INSERT INTO `gl_filemgmt_downloadhistory`VALUES (1,248,'3.138.118.194','2024-11-22 21:00:23');
INSERT INTO `gl_filemgmt_downloadhistory`VALUES (1,250,'18.191.200.47','2024-11-22 21:03:13');
INSERT INTO `gl_filemgmt_downloadhistory`VALUES (1,251,'3.15.149.24','2024-11-22 21:12:19');
INSERT INTO `gl_filemgmt_downloadhistory`VALUES (1,206,'18.117.78.215','2024-11-22 21:19:04');
INSERT INTO `gl_filemgmt_downloadhistory`VALUES (1,249,'3.17.166.157','2024-11-22 21:22:41');
INSERT INTO `gl_filemgmt_downloadhistory`VALUES (1,232,'3.143.241.253','2024-11-22 21:22:43');
INSERT INTO `gl_filemgmt_downloadhistory`VALUES (1,227,'18.222.20.250','2024-11-22 21:29:17');
INSERT INTO `gl_filemgmt_downloadhistory`VALUES (1,228,'13.58.40.171','2024-11-22 21:47:50');
INSERT INTO `gl_filemgmt_downloadhistory`VALUES (1,245,'3.145.105.149','2024-11-22 21:48:19');
INSERT INTO `gl_filemgmt_downloadhistory`VALUES (1,195,'3.144.123.24','2024-11-23 02:33:32');
INSERT INTO `gl_filemgmt_downloadhistory`VALUES (1,179,'3.138.175.166','2024-11-23 02:40:55');
INSERT INTO `gl_filemgmt_downloadhistory`VALUES (1,175,'18.219.176.215','2024-11-23 02:42:47');
INSERT INTO `gl_filemgmt_downloadhistory`VALUES (1,180,'3.128.198.90','2024-11-23 02:44:36');
INSERT INTO `gl_filemgmt_downloadhistory`VALUES (1,139,'18.118.32.7','2024-11-23 02:45:57');
INSERT INTO `gl_filemgmt_downloadhistory`VALUES (1,178,'3.149.29.98','2024-11-23 02:49:27');
INSERT INTO `gl_filemgmt_downloadhistory`VALUES (1,22,'51.222.253.5','2024-11-23 02:54:44');
INSERT INTO `gl_filemgmt_downloadhistory`VALUES (1,206,'89.34.78.187','2024-11-23 03:02:36');
INSERT INTO `gl_filemgmt_downloadhistory`VALUES (1,232,'134.199.93.207','2024-11-23 03:02:36');
INSERT INTO `gl_filemgmt_downloadhistory`VALUES (1,227,'136.227.181.194','2024-11-23 03:02:37');
INSERT INTO `gl_filemgmt_downloadhistory`VALUES (1,228,'136.227.188.94','2024-11-23 03:02:37');
INSERT INTO `gl_filemgmt_downloadhistory`VALUES (1,250,'134.199.66.88','2024-11-23 03:02:37');
INSERT INTO `gl_filemgmt_downloadhistory`VALUES (1,251,'212.80.221.57','2024-11-23 03:02:37');
INSERT INTO `gl_filemgmt_downloadhistory`VALUES (1,35,'3.149.24.192','2024-11-23 03:05:27');
INSERT INTO `gl_filemgmt_downloadhistory`VALUES (1,34,'3.23.103.216','2024-11-23 03:05:43');
INSERT INTO `gl_filemgmt_downloadhistory`VALUES (1,251,'134.199.81.141','2024-11-23 03:06:49');
INSERT INTO `gl_filemgmt_downloadhistory`VALUES (1,250,'134.199.94.120','2024-11-23 03:06:49');
INSERT INTO `gl_filemgmt_downloadhistory`VALUES (1,206,'77.83.68.182','2024-11-23 03:06:49');
INSERT INTO `gl_filemgmt_downloadhistory`VALUES (1,228,'136.227.189.53','2024-11-23 03:06:50');
INSERT INTO `gl_filemgmt_downloadhistory`VALUES (1,227,'212.80.202.62','2024-11-23 03:06:50');
INSERT INTO `gl_filemgmt_downloadhistory`VALUES (1,232,'134.199.75.247','2024-11-23 03:06:50');
INSERT INTO `gl_filemgmt_downloadhistory`VALUES (1,135,'3.149.243.86','2024-11-23 03:08:56');
INSERT INTO `gl_filemgmt_downloadhistory`VALUES (1,130,'3.144.122.20','2024-11-23 03:13:51');
INSERT INTO `gl_filemgmt_downloadhistory`VALUES (1,249,'178.171.38.96','2024-11-23 03:28:45');
INSERT INTO `gl_filemgmt_downloadhistory`VALUES (1,248,'206.204.22.86','2024-11-23 03:28:46');
INSERT INTO `gl_filemgmt_downloadhistory`VALUES (1,195,'193.31.125.51','2024-11-23 03:28:46');
INSERT INTO `gl_filemgmt_downloadhistory`VALUES (1,246,'154.30.98.93','2024-11-23 03:28:46');
INSERT INTO `gl_filemgmt_downloadhistory`VALUES (1,245,'91.132.38.149','2024-11-23 03:28:46');
INSERT INTO `gl_filemgmt_downloadhistory`VALUES (1,249,'95.214.103.194','2024-11-23 03:57:29');
INSERT INTO `gl_filemgmt_downloadhistory`VALUES (1,26,'3.145.8.139','2024-11-23 07:13:11');
INSERT INTO `gl_filemgmt_downloadhistory`VALUES (1,22,'18.217.252.194','2024-11-23 07:48:22');

--
-- Table structure for table `gl_filemgmt_filedesc`
--


CREATE TABLE `gl_filemgmt_filedesc` (
  `lid` int(11) unsigned NOT NULL DEFAULT 0,
  `description` text NOT NULL,
  KEY `lid` (`lid`)
) ENGINE=MyISAM DEFAULT CHARSET=utf8mb3 COLLATE=utf8mb3_general_ci;

--
-- Dumping data for table `gl_filemgmt_filedesc`
--

INSERT INTO `gl_filemgmt_filedesc`VALUES (24,'今年初めてのカヤネズミ、\r\n昨秋に続いて昼間でのサプライズです。');
INSERT INTO `gl_filemgmt_filedesc`VALUES (21,'昨年後期のモニ1000調査で見つけた巣です。長い間整備していない荒れた場所の大きなススキの株で見つけました。外側と内側の色がくっきりと違っています。\r\n昨年のカヤネットの研修の際、巣をリフォームしながら長い間使うことがあると荘司さんから伺っていたので、まさに、これだ！と思いました。');
INSERT INTO `gl_filemgmt_filedesc`VALUES (16,'カヤネズミの巣の観察・調査をしていると、時々出会う巣です。以前、ヒメネズミもカヤの巣のようなものを作ることがあると聞いたことがあるのですが、もしかしてヒメネズミの巣ということはないでしょうか？形は丸く、葉も割いて作ってあるので、鳥の巣ということはないと思いますが、カヤネズミなのかどうかも不安です。');
INSERT INTO `gl_filemgmt_filedesc`VALUES (17,'こちらは背の高いヨシのてっぺんで、穂先をぐるんと巻き込んで作った巣です。中は葉が割いてあり、そのまわりを穂が覆っています。普通、ヨシの巣は、こんなてっぺんではなく、もっと低い場所で、ご近所のヨシの葉やらあればマコモなどを割いて編みこんでありますが、これはちょっと不思議な感じでした。');
INSERT INTO `gl_filemgmt_filedesc`VALUES (18,'前の画像の巣の、裏から撮ったものです。');
INSERT INTO `gl_filemgmt_filedesc`VALUES (22,'画像張り込みテストクモガタヒョウモン');
INSERT INTO `gl_filemgmt_filedesc`VALUES (26,'ヨシ原の中を歩いていると、こんな草の造形をよく見かけます。\r\nクモが葉を折り曲げることもありますが、その時は、しっかりと糸でとめてあるので、そうとわかるのですが・・・\r\n一体誰がこんなことを？\r\n鳥？ネズミ？風？\r\n長年の疑問です。\r\n');
INSERT INTO `gl_filemgmt_filedesc`VALUES (27,'京都の渡邉です。\r\n今日も、京都木津川にホソオチョウとジャコウアゲハの生息、ウマノスズクサの開花を見に行ったのですが、生憎土手は草刈ですっかりと丸裸に…おまけに野焼き跡。\r\nそれでも、茶畑の一角にアシ原が残っていたところを、ジャコウアゲハの蛹でもくっついていないかと目を凝らしてうろついていたら、なんとアシの奥の、その奥にオレンジの影が…\r\n枯れ葉と思ったら、２個の目が。\r\nアシの奥だったので、この１枚だけでしたが、本人は満足でした。\r\n今年、２件目の出会い、暑くて倒れそうでしたが、すっかり元気になりました。ちょっと写りは悪いですが、自慢気の一枚です。');
INSERT INTO `gl_filemgmt_filedesc`VALUES (35,'久々に巣の主に逢いました。葉陰の間からちらちらと見える茶色の姿を２，３分見られたでしょうか・・・。写真に写ったのはこの1枚だけ。本物はもっともっとかわいかったのに、ちょっと残念。でも逢えただけでラッキーでした！　若い個体のように見えたのですが、成獣でしょうか？');
INSERT INTO `gl_filemgmt_filedesc`VALUES (32,'再度、画像のアップロードのトライです。これはカヤネズミの巣作りの始まりでしょうか。');
INSERT INTO `gl_filemgmt_filedesc`VALUES (34,'日食の日に出会った3匹のカヤネズミのうち、唯一、写真が撮れた一匹です。少し遠かったのですが、じっとしていたらこちらには気づかなかったのか、葉陰に見え隠れしながら3分ぐらい観察することができました。\r\nこの日の出来事を「日食とカヤネズミ」というタイトルで投稿しましたので、よかったら読んでみてください！');
INSERT INTO `gl_filemgmt_filedesc`VALUES (172,'昨日、仕事の所用があって大阪・守口に行った時に、\r\n時間を見つけて、淀川を散策。\r\n場所違いで２個の巣でした。\r\n今年最後の営巣確認をしました。');
INSERT INTO `gl_filemgmt_filedesc`VALUES (130,'カヤネット新聞第2号です。');
INSERT INTO `gl_filemgmt_filedesc`VALUES (135,'ついに完成!!カヤネット新聞第3号です!!');
INSERT INTO `gl_filemgmt_filedesc`VALUES (145,'冬のカヤの過ごす場所として、これまでにもいくつか見かけていました土手面で、今回、ちょっと変わった感じの、でもカヤの巣らしきものを見つけました。ご意見を伺えればありがたいです。この画像は、その巣らしきものがあった土手面です。');
INSERT INTO `gl_filemgmt_filedesc`VALUES (139,'平井川での調査を終え、12月半ばから秋川や多摩川でもカヤ巣を探し始めました。そんな中、幸運にも秋川でカヤネズミに遭遇！\r\nこの写真を撮った後、すぐに近くの巣に潜り込んだ様子です。');
INSERT INTO `gl_filemgmt_filedesc`VALUES (147,'スゲの葉をかき分けると、カヤの巣の内壁のみの状態のようなものがありました。外壁がくずれたような感じはありません。厚くかぶさったスゲの葉を外壁として利用したようなつくりに見えます。このスゲは、あとで調べまして、ヒカゲスゲではないかと思っているのですが、葉の先が枯れてくしゃくしゃとしていて、密集した葉と、その葉のくしゃくしゃによって、支えられているのではないかと推測しています。');
INSERT INTO `gl_filemgmt_filedesc`VALUES (159,'中池見にて、捕獲されたネズミです。\r\nカヤネズミでしょうか？\r\nセイタカアワダチソウ抜きのボランティアをしていただいている最中に、飛び出てきたとのことです。\r\n現在は、ビジターセンターで、プラスチック容器に入れてあるようです。\r\n\r\n体長５５ｍｍ程度、尻尾の長さは６５ｍｍ程度\r\n（光線の加減で目の周りだけ色が変わっているように\r\n見えますが、実物はそんなことはありません。）\r\n\r\nとのことです。');
INSERT INTO `gl_filemgmt_filedesc`VALUES (160,'その後、追加の画像が送られてきました。');
INSERT INTO `gl_filemgmt_filedesc`VALUES (161,'もう一枚追加です。');
INSERT INTO `gl_filemgmt_filedesc`VALUES (166,'最初に見つけたときは、何かを食べているような動作。つぎに後ろ足で脇腹を掻いていました。そのあと、こちらに気付いたような・・・。その瞬間の写真です。');
INSERT INTO `gl_filemgmt_filedesc`VALUES (167,'こちらに気づいて動き出した後に撮った写真です。背中の毛が一部不自然に見えるのですが、怪我の跡なのか・・・どうでしょうか？　');
INSERT INTO `gl_filemgmt_filedesc`VALUES (175,'おまたせしました！2011年10月11日発行のカヤネット新聞第4号です!!');
INSERT INTO `gl_filemgmt_filedesc`VALUES (178,'雨上がりのカヤ原でモニ1000の調査中に会いました。少し離れたところから葉の隙間からかろうじて見える状態だったので、このカヤさんも気づいていない感じで、毛づくろいをしたり、上を向いたり、ひとつひとつの仕草が可愛かったです！');
INSERT INTO `gl_filemgmt_filedesc`VALUES (179,'カヤ原の中をかき分けて調査していたときに、偶然、見つけたマムシ。まるでカヤネズミの球巣のようにとぐろを巻いていました。（ちょっと気がかりなのは、マムシが巻きついているのは、カヤネズミの巣では……。葉の先が、巣を作るときのように裂けています）みなさんも調査の時は、十分注意してください。');
INSERT INTO `gl_filemgmt_filedesc`VALUES (180,'作りかけの巣から出てきたカヤネズミ。白いお腹が撮れました！');
INSERT INTO `gl_filemgmt_filedesc`VALUES (195,'３月２日に京都産業会館で開かれた、京都自然教室のスタッフ写真展＆講演会には思いの外（参加者０を覚悟していたのですが…）多くの方が来場されました。、それぞれ思いの写真に見入って頂いたり、東アフリカと英国ウェールズでの体験講演会は笑いの中で無事終了！カヤネズミの写真を飾った私のところでは、これが一番の好評でした。ありがとうございました。');
INSERT INTO `gl_filemgmt_filedesc`VALUES (192,'モニ1000カヤネズミ調査レポなど');
INSERT INTO `gl_filemgmt_filedesc`VALUES (206,'フクロウの鳴き声（リレーエッセイ第44弾「夜の森へ」岡本毅提供）');
INSERT INTO `gl_filemgmt_filedesc`VALUES (227,'第2回全国カヤ・サミットのチラシ表面です');
INSERT INTO `gl_filemgmt_filedesc`VALUES (228,'第2回全国カヤサミットのチラシ裏面です');
INSERT INTO `gl_filemgmt_filedesc`VALUES (232,'2016年12月4日発行のカヤネット新聞第5号です！');
INSERT INTO `gl_filemgmt_filedesc`VALUES (245,'カヤネズミを守ろうのチラシです');
INSERT INTO `gl_filemgmt_filedesc`VALUES (246,'「カヤネズミがすむカヤ原復活プロジェクト2019」（第3回）チラシです');
INSERT INTO `gl_filemgmt_filedesc`VALUES (240,'大阪府内カヤネズミ一斉調査記録用紙です');
INSERT INTO `gl_filemgmt_filedesc`VALUES (248,'第4回のチラシです。');
INSERT INTO `gl_filemgmt_filedesc`VALUES (249,'カヤネズミ命がけ環境向上作戦 Part5 チューチューDAY 2020チラシ表');
INSERT INTO `gl_filemgmt_filedesc`VALUES (250,'カヤネズミ命がけ環境向上作戦 Part5 チューチューDAY 2020チラシ裏');
INSERT INTO `gl_filemgmt_filedesc`VALUES (251,'「カヤネズミがすむカヤ原復活プロジェクト2021」チラシ');

--
-- Table structure for table `gl_filemgmt_filedetail`
--


CREATE TABLE `gl_filemgmt_filedetail` (
  `lid` int(11) unsigned NOT NULL AUTO_INCREMENT,
  `cid` int(5) unsigned NOT NULL DEFAULT 0,
  `title` varchar(100) NOT NULL DEFAULT '',
  `url` varchar(250) NOT NULL DEFAULT '',
  `homepage` varchar(100) NOT NULL DEFAULT '',
  `version` varchar(10) NOT NULL DEFAULT '',
  `size` int(8) NOT NULL DEFAULT 0,
  `platform` varchar(50) NOT NULL DEFAULT '',
  `logourl` varchar(250) NOT NULL DEFAULT '',
  `submitter` int(11) NOT NULL DEFAULT 0,
  `status` tinyint(2) NOT NULL DEFAULT 0,
  `date` int(10) NOT NULL DEFAULT 0,
  `hits` int(11) unsigned NOT NULL DEFAULT 0,
  `rating` double(6,4) NOT NULL DEFAULT 0.0000,
  `votes` int(11) unsigned NOT NULL DEFAULT 0,
  `comments` tinyint(2) NOT NULL DEFAULT 1,
  PRIMARY KEY (`lid`),
  KEY `cid` (`cid`),
  KEY `status` (`status`),
  KEY `title` (`title`(40))
) ENGINE=MyISAM AUTO_INCREMENT=252 DEFAULT CHARSET=utf8mb3 COLLATE=utf8mb3_general_ci;

--
-- Dumping data for table `gl_filemgmt_filedetail`
--

INSERT INTO `gl_filemgmt_filedetail`VALUES (35,3,'幼獣？','09062701%E7%80%AC%E6%88%B8%E5%B2%A1%E5%BE%A1%E5%A0%82%E6%A9%8B%E4%B8%8A%E6%B5%81%E3%80%80%E3%80%80%E6%8A%95%E7%A8%BF%E7%94%A8.jpg','','',184916,'TbsiG2lu7G.jpg','',11,1,1248571723,1897,9.0000,1,1);
INSERT INTO `gl_filemgmt_filedetail`VALUES (26,3,'アーティストは誰？','yosi.jpg','','',80717,'61tO4xQou2.jpg','',8,1,1245155158,1837,8.0000,2,1);
INSERT INTO `gl_filemgmt_filedetail`VALUES (27,2,'今日もまた','090621%E6%9C%A8%E6%B4%A5%E5%B7%9D.jpg','','',97630,'El25XT8Nj9.jpg','',5,1,1245657904,23,8.0000,1,1);
INSERT INTO `gl_filemgmt_filedetail`VALUES (32,2,'カヤネズミの巣つくり','conv0004.JPG','','',203723,'kZM2EBAzFm.jpg;q8CQxeZr0j.jpg','conv0004.JPG',9,1,1248257901,22,0.0000,0,1);
INSERT INTO `gl_filemgmt_filedetail`VALUES (24,2,'今年初見のカヤ','090609nabe.jpg','','',121002,'Do5QR6fjJJ.jpg','',5,1,1245037066,67,10.0000,2,1);
INSERT INTO `gl_filemgmt_filedetail`VALUES (22,3,'Test-kumo','kumogata01.jpg','','',72529,'eqqLuK6Lid.jpg','',22,1,1244523694,1808,8.5000,2,1);
INSERT INTO `gl_filemgmt_filedetail`VALUES (21,2,'リフォームした巣？','%E3%83%AA%E3%83%95%E3%82%A9%E3%83%BC%E3%83%A0%E5%B7%A3.jpg','','',180608,'HUIVnS82Cp.jpg','',8,1,1244523701,27,0.0000,0,1);
INSERT INTO `gl_filemgmt_filedetail`VALUES (16,2,'カヤの巣でしょうか？（再送）','%E3%82%AB%E3%83%A4%E3%81%AE%E5%B7%A3%EF%BC%9F%E3%82%B9%E3%82%B9%E3%82%AD3.jpg','','',197206,'GNyyNvRAWo.jpg;adUPiiaxsX.jpg','%E3%82%AB%E3%83%A4%E3%81%AE%E5%B7%A3%EF%BC%9F%E3%82%B9%E3%82%B9%E3%82%AD3.jpg',8,1,1244257599,11,0.0000,0,1);
INSERT INTO `gl_filemgmt_filedetail`VALUES (17,2,'カヤの巣でしょうか？その２','%E3%82%AB%E3%83%A4%E3%81%AE%E5%B7%A3%EF%BC%9F%E3%83%A8%E3%82%B71.jpg','','',201590,'lcGw7Ixo1k.jpg;PFQKGL3jyk.jpg','%E3%82%AB%E3%83%A4%E3%81%AE%E5%B7%A3%EF%BC%9F%E3%83%A8%E3%82%B71.jpg',8,1,1244257612,14,0.0000,0,1);
INSERT INTO `gl_filemgmt_filedetail`VALUES (18,2,'ヨシの巣、裏面','%E3%82%AB%E3%83%A4%E3%81%AE%E5%B7%A3%EF%BC%9F%E3%83%A8%E3%82%B73.jpg','','',203682,'7nvBaKh16F.jpg;qtpe2U5UfS.jpg','%E3%82%AB%E3%83%A4%E3%81%AE%E5%B7%A3%EF%BC%9F%E3%83%A8%E3%82%B73.jpg',8,1,1244257580,9,0.0000,0,1);
INSERT INTO `gl_filemgmt_filedetail`VALUES (34,3,'日食とカヤネズミ','090722227%E3%80%80%E6%8A%95%E7%A8%BF%E7%94%A8.jpg','','',344101,'32mKWEeSd3.jpg','',11,1,1251585643,1943,9.5000,2,1);
INSERT INTO `gl_filemgmt_filedetail`VALUES (172,2,'今年最後の営巣確認','10.12.30%E6%B7%80%E5%B7%9D%E3%82%AA%E3%82%AE%E5%B7%A3.jpg','','',3602589,'GRkn94rccx.jpg','',5,1,1293780899,14,0.0000,0,1);
INSERT INTO `gl_filemgmt_filedetail`VALUES (130,3,'カヤネット新聞2号','kayanetnewsvol2.pdf','','',2863190,'1Q2FusymWs.pdf','',1,1,1255938881,1708,0.0000,0,1);
INSERT INTO `gl_filemgmt_filedetail`VALUES (135,3,'カヤネット新聞第3号','kayanetnewsvol3.pdf','','',2539510,'BNnV7KT8L0.pdf','',1,1,1258346792,1888,0.0000,0,1);
INSERT INTO `gl_filemgmt_filedetail`VALUES (139,3,'秋川のカヤネズミ','091216%E7%A7%8B%E5%B7%9D%E3%82%AB%E3%83%A4%E5%B7%A3%E8%AA%BF%E6%9F%BB%20%2827%EF%BC%89%E6%8A%95%E7%A8%BF%E7%94%A8.jpg','','',433338,'WF2DnrvBQq.jpg','',11,1,1262295836,2245,0.0000,0,1);
INSERT INTO `gl_filemgmt_filedetail`VALUES (145,2,'カヤの巣ではないでしょうか？その1','%E5%B1%B1%E5%81%B4%E6%96%9C%E9%9D%A2%E3%81%AE%E3%82%B9%E3%82%B2.jpg','','',101317,'W076BV2hsY.jpg','',8,1,1266660961,14,0.0000,0,1);
INSERT INTO `gl_filemgmt_filedetail`VALUES (147,2,'カヤの巣ではないでしょうか？その２','%E3%82%B9%E3%82%B2%E3%81%AE%E8%91%89%E3%82%92%E3%81%8B%E3%81%8D%E5%88%86%E3%81%91%E3%82%8B%E3%81%A8.jpg','','',102267,'vNdLyJNsOH.jpg','',8,1,1266662998,15,0.0000,0,1);
INSERT INTO `gl_filemgmt_filedetail`VALUES (159,2,'カヤネズミでしょうか？','kayanezumi.jpg','','',75645,'2mTYHBCO9Y.jpg','',8,1,1272356865,11,0.0000,0,1);
INSERT INTO `gl_filemgmt_filedetail`VALUES (160,2,'カヤネズミでしょうか？その２','s-IMG_3391.jpg','','',54754,'lCiss57r6C.jpg','',8,1,1272359995,11,0.0000,0,1);
INSERT INTO `gl_filemgmt_filedetail`VALUES (161,2,'カヤネズミでしょうか？その３','s-IMG_3400.jpg','','',61165,'P94bMf9fjI.jpg','',8,1,1272360012,14,0.0000,0,1);
INSERT INTO `gl_filemgmt_filedetail`VALUES (166,2,'平井川のカヤネズミ2010.6　その１','100613midoukaya1.tif','','',804960,'GfEqKhY7qm.tif','',11,1,1276499930,43,0.0000,0,1);
INSERT INTO `gl_filemgmt_filedetail`VALUES (167,2,'平井川のカヤネズミ2010.6　その2','100613midoukaya2.tif','','',805380,'bOpUtgsfP5.tif','',11,1,1276499941,48,0.0000,0,1);
INSERT INTO `gl_filemgmt_filedetail`VALUES (175,3,'カヤネット新聞第4号','kayanetnewsNo4.pdf','','',4050841,'6JI6aWYgLC.pdf','',26,1,1318350290,1494,0.0000,0,1);
INSERT INTO `gl_filemgmt_filedetail`VALUES (178,3,'雨上がりに会いました！','20120617%E3%83%A2%E3%83%8B1000%E4%B8%AD%E8%80%95%E5%9C%B0%20%2884%29s.jpg','','',70475,'nexZ0wBfnY.jpg','',11,1,1340097794,1698,8.6667,3,1);
INSERT INTO `gl_filemgmt_filedetail`VALUES (179,3,'マムシにご注意！','20120623moni1000%E3%83%9E%E3%83%A0%E3%82%B7.jpg','','',129180,'VswjIP9NPU.jpg','',11,1,1340539394,1547,9.0000,1,1);
INSERT INTO `gl_filemgmt_filedetail`VALUES (180,3,'白いお腹がチラリ','20120623%E3%83%A2%E3%83%8B1000%E3%82%AB%E3%83%A4%E3%81%8A%E8%85%B9.jpg','','',85733,'Ip36yhH2Yv.jpg','',11,1,1340539432,1601,9.0000,1,1);
INSERT INTO `gl_filemgmt_filedetail`VALUES (192,2,'あざおね社中通信','azaoneshachu_2013-11-01.pdf','','',2253386,'','',32,1,1383689632,3,0.0000,0,1);
INSERT INTO `gl_filemgmt_filedetail`VALUES (195,3,'京都自然教室スタッフ写真展お礼','05.jpg','http://www.geocities.jp/kyotonatureschool/toolbox/event/140302/140302_shasinten2.html','',156116,'akYIzBt4zi.jpg;dYrI7xoCF8.jpg','05.jpg',5,1,1395393867,1308,0.0000,0,1);
INSERT INTO `gl_filemgmt_filedetail`VALUES (206,3,'フクロウ鳴き声','essay44-8.MP3','','',1326987,'','',32,1,1429777097,1444,0.0000,0,1);
INSERT INTO `gl_filemgmt_filedetail`VALUES (227,3,'第2回全国カヤ・サミットチラシ表','kayasummit21.jpg','','',1075547,'','kayasummit21.jpg',32,1,1468839635,1136,0.0000,0,1);
INSERT INTO `gl_filemgmt_filedetail`VALUES (228,3,'第2回全国カヤ・サミットチラシ裏','kayasummit22.jpg','','',741824,'','',32,1,1468839811,1131,0.0000,0,1);
INSERT INTO `gl_filemgmt_filedetail`VALUES (232,3,'カヤネット新聞第5号','kayanetnews5.pdf','','',668176,'jj4th2OE7c.pdf','',32,1,1481360558,1313,0.0000,0,1);
INSERT INTO `gl_filemgmt_filedetail`VALUES (250,3,'チューチューDAY 2020チラシ裏','chuchu2020chirashi2.jpg','','',1534625,'','',32,1,1582090716,1206,0.0000,0,1);
INSERT INTO `gl_filemgmt_filedetail`VALUES (251,1,'「カヤネズミがすむカヤ原復活プロジェクト2021」チラシ','kayaharapj202110.pdf','','',561213,'Lei6o2ura7.pdf','',32,1,1634216060,928,0.0000,0,1);
INSERT INTO `gl_filemgmt_filedetail`VALUES (249,3,'チューチューDAY2020チラシ表','chuchu2020chirashi1.jpg','','',1353963,'','chuchu2020chirashi1.jpg',32,1,1582090659,944,0.0000,0,1);
INSERT INTO `gl_filemgmt_filedetail`VALUES (246,3,'「カヤネズミがすむカヤ原復活プロジェクト2019」（第3回）','kayapj20193.pdf','','',586500,'','',32,1,1567760399,700,0.0000,0,1);
INSERT INTO `gl_filemgmt_filedetail`VALUES (245,3,'カヤネズミを守ろう（第3回・第4回）チラシ','mamorou20192.jpg','','',1373837,'','',32,1,1567588259,774,0.0000,0,1);
INSERT INTO `gl_filemgmt_filedetail`VALUES (248,3,'「カヤネズミがすむカヤ原復活プロジェクト2019」（第4回）','kayapj20194.pdf','','',585883,'jCOUAz459b.pdf','',32,1,1570270766,775,0.0000,0,1);

--
-- Table structure for table `gl_filemgmt_votedata`
--


CREATE TABLE `gl_filemgmt_votedata` (
  `ratingid` int(11) unsigned NOT NULL AUTO_INCREMENT,
  `lid` int(11) unsigned NOT NULL DEFAULT 0,
  `ratinguser` int(11) NOT NULL DEFAULT 0,
  `rating` tinyint(3) unsigned NOT NULL DEFAULT 0,
  `ratinghostname` varchar(60) NOT NULL DEFAULT '',
  `ratingtimestamp` int(10) NOT NULL DEFAULT 0,
  PRIMARY KEY (`ratingid`),
  KEY `ratinguser` (`ratinguser`),
  KEY `ratinghostname` (`ratinghostname`),
  KEY `lid` (`lid`)
) ENGINE=MyISAM AUTO_INCREMENT=23 DEFAULT CHARSET=utf8mb3 COLLATE=utf8mb3_general_ci;

--
-- Dumping data for table `gl_filemgmt_votedata`
--

INSERT INTO `gl_filemgmt_votedata`VALUES (1,22,1,9,'220.157.165.130',1244525210);
INSERT INTO `gl_filemgmt_votedata`VALUES (3,24,3,10,'220.157.165.130',1245037111);
INSERT INTO `gl_filemgmt_votedata`VALUES (4,26,3,7,'220.157.165.130',1245466495);
INSERT INTO `gl_filemgmt_votedata`VALUES (13,34,1,9,'219.115.216.154',1253487380);
INSERT INTO `gl_filemgmt_votedata`VALUES (6,22,3,8,'220.157.165.130',1245466560);
INSERT INTO `gl_filemgmt_votedata`VALUES (7,26,1,9,'220.157.165.130',1245533924);
INSERT INTO `gl_filemgmt_votedata`VALUES (8,27,3,8,'220.157.165.130',1245678215);
INSERT INTO `gl_filemgmt_votedata`VALUES (9,24,11,10,'116.83.136.214',1246967508);
INSERT INTO `gl_filemgmt_votedata`VALUES (12,34,3,10,'220.157.165.130',1249473292);
INSERT INTO `gl_filemgmt_votedata`VALUES (15,35,1,9,'219.115.216.154',1253487556);
INSERT INTO `gl_filemgmt_votedata`VALUES (16,178,3,10,'183.76.107.186',1340097835);
INSERT INTO `gl_filemgmt_votedata`VALUES (17,178,68,7,'221.133.82.41',1340110008);
INSERT INTO `gl_filemgmt_votedata`VALUES (18,178,32,9,'183.76.107.186',1340539910);
INSERT INTO `gl_filemgmt_votedata`VALUES (19,180,32,9,'183.76.107.186',1340540482);
INSERT INTO `gl_filemgmt_votedata`VALUES (20,179,32,9,'183.76.107.186',1340540501);
INSERT INTO `gl_filemgmt_votedata`VALUES (21,240,1,10,'104.149.165.148',1508393035);
INSERT INTO `gl_filemgmt_votedata`VALUES (22,0,1,10,'104.149.165.148',1508393036);

--
-- Table structure for table `gl_forum_banned_ip`
--


CREATE TABLE `gl_forum_banned_ip` (
  `host_ip` varchar(255) DEFAULT NULL,
  KEY `index1` (`host_ip`)
) ENGINE=MyISAM DEFAULT CHARSET=utf8mb3 COLLATE=utf8mb3_general_ci;

--
-- Dumping data for table `gl_forum_banned_ip`
--


--
-- Table structure for table `gl_forum_categories`
--


CREATE TABLE `gl_forum_categories` (
  `cat_order` smallint(4) NOT NULL DEFAULT 0,
  `cat_name` varchar(255) NOT NULL DEFAULT '',
  `cat_dscp` text NOT NULL,
  `id` int(2) NOT NULL AUTO_INCREMENT,
  PRIMARY KEY (`id`)
) ENGINE=MyISAM AUTO_INCREMENT=3 DEFAULT CHARSET=utf8mb3 COLLATE=utf8mb3_general_ci;

--
-- Dumping data for table `gl_forum_categories`
--

INSERT INTO `gl_forum_categories`VALUES (0,'情報交換掲示板','カヤネット会員以外でも自由に投稿できます',1);
INSERT INTO `gl_forum_categories`VALUES (0,'カヤネット会員用','カヤネット会員のみが見れます',2);

--
-- Table structure for table `gl_forum_forums`
--


CREATE TABLE `gl_forum_forums` (
  `forum_order` int(4) NOT NULL DEFAULT 0,
  `forum_name` varchar(255) NOT NULL DEFAULT '0',
  `forum_dscp` text NOT NULL,
  `forum_id` int(4) NOT NULL AUTO_INCREMENT,
  `forum_cat` int(3) NOT NULL DEFAULT 0,
  `grp_id` mediumint(8) NOT NULL DEFAULT 2,
  `is_hidden` tinyint(1) NOT NULL DEFAULT 0,
  `is_readonly` tinyint(1) NOT NULL DEFAULT 0,
  `no_newposts` tinyint(1) NOT NULL DEFAULT 0,
  `topic_count` mediumint(8) NOT NULL DEFAULT 0,
  `post_count` mediumint(8) NOT NULL DEFAULT 0,
  `last_post_rec` mediumint(8) NOT NULL DEFAULT 0,
  PRIMARY KEY (`forum_id`),
  KEY `forum_cat` (`forum_cat`),
  KEY `forum_id` (`forum_id`)
) ENGINE=MyISAM AUTO_INCREMENT=12 DEFAULT CHARSET=utf8mb3 COLLATE=utf8mb3_general_ci;

--
-- Dumping data for table `gl_forum_forums`
--

INSERT INTO `gl_forum_forums`VALUES (0,'保全ゼミ＠オンライン','帰ってきました、保全ゼミの復活です',1,1,2,0,0,0,1,2,6);
INSERT INTO `gl_forum_forums`VALUES (0,'2009年総会掲示板','2009年度のカヤネット総会の掲示板です。',11,2,33,0,0,0,8,83,101);
INSERT INTO `gl_forum_forums`VALUES (0,'テスト掲示板','投稿テストにお使いください',10,2,33,0,0,0,6,11,173);
INSERT INTO `gl_forum_forums`VALUES (0,'運営について','運営についての質問、活動方針へのご意見など',3,2,33,0,0,0,0,0,0);
INSERT INTO `gl_forum_forums`VALUES (0,'カヤ原の歩き方','調査・観察方法のノウハウ',4,2,33,0,0,0,2,3,225);
INSERT INTO `gl_forum_forums`VALUES (0,'カヤブックス','絵本やハンドブック、WEB図鑑の共同作業用',5,2,33,0,0,0,14,27,214);
INSERT INTO `gl_forum_forums`VALUES (0,'カヤ写真部','茅原やカヤネズミの写真技術、自慢など',6,2,33,0,0,0,0,0,0);
INSERT INTO `gl_forum_forums`VALUES (0,'ホームページへのご意見','ホームページへのご意見や掲示板の要望など',7,2,33,0,0,0,9,94,249);
INSERT INTO `gl_forum_forums`VALUES (0,'ご質問・ご要望など','当サイトの使い方や改善点などのご要望はこちらへ',8,1,2,0,0,0,4,15,190);
INSERT INTO `gl_forum_forums`VALUES (0,'お知らせ','当会からのお知らせです',9,1,34,0,1,0,4,4,228);

--
-- Table structure for table `gl_forum_log`
--


CREATE TABLE `gl_forum_log` (
  `uid` mediumint(8) NOT NULL DEFAULT 0,
  `forum` mediumint(3) NOT NULL DEFAULT 0,
  `topic` mediumint(3) NOT NULL DEFAULT 0,
  `time` varchar(40) NOT NULL DEFAULT '0',
  KEY `uid_forum` (`uid`,`forum`),
  KEY `uid_topic` (`uid`,`topic`),
  KEY `forum` (`forum`)
) ENGINE=MyISAM DEFAULT CHARSET=utf8mb3 COLLATE=utf8mb3_general_ci;

--
-- Dumping data for table `gl_forum_log`
--

INSERT INTO `gl_forum_log`VALUES (3,9,3,'1245163907');
INSERT INTO `gl_forum_log`VALUES (8,1,1,'1241611155');
INSERT INTO `gl_forum_log`VALUES (2,9,3,'1231945642');
INSERT INTO `gl_forum_log`VALUES (3,10,173,'1258725746');
INSERT INTO `gl_forum_log`VALUES (3,2,2,'1240977070');
INSERT INTO `gl_forum_log`VALUES (3,1,1,'1258725746');
INSERT INTO `gl_forum_log`VALUES (11,11,11,'1243198629');
INSERT INTO `gl_forum_log`VALUES (2,2,2,'1233148377');
INSERT INTO `gl_forum_log`VALUES (2,1,1,'1240942068');
INSERT INTO `gl_forum_log`VALUES (2,1,1,'1240942068');
INSERT INTO `gl_forum_log`VALUES (4,1,1,'1252223332');
INSERT INTO `gl_forum_log`VALUES (4,2,2,'1241015651');
INSERT INTO `gl_forum_log`VALUES (3,10,114,'1258725746');
INSERT INTO `gl_forum_log`VALUES (24,11,10,'1243131092');
INSERT INTO `gl_forum_log`VALUES (4,9,3,'1241884269');
INSERT INTO `gl_forum_log`VALUES (5,10,27,'1245589222');
INSERT INTO `gl_forum_log`VALUES (8,11,14,'1243832252');
INSERT INTO `gl_forum_log`VALUES (8,11,10,'1243086177');
INSERT INTO `gl_forum_log`VALUES (3,11,21,'1258725746');
INSERT INTO `gl_forum_log`VALUES (12,1,1,'1253741643');
INSERT INTO `gl_forum_log`VALUES (3,11,19,'1258725746');
INSERT INTO `gl_forum_log`VALUES (11,11,10,'1243198579');
INSERT INTO `gl_forum_log`VALUES (5,5,168,'1252165036');
INSERT INTO `gl_forum_log`VALUES (8,11,11,'1242649997');
INSERT INTO `gl_forum_log`VALUES (3,5,206,'1258725746');
INSERT INTO `gl_forum_log`VALUES (4,10,24,'1252223332');
INSERT INTO `gl_forum_log`VALUES (22,11,11,'1242730966');
INSERT INTO `gl_forum_log`VALUES (5,5,157,'1252165071');
INSERT INTO `gl_forum_log`VALUES (4,11,16,'1252223332');
INSERT INTO `gl_forum_log`VALUES (15,8,4,'1243427854');
INSERT INTO `gl_forum_log`VALUES (3,8,110,'1258725746');
INSERT INTO `gl_forum_log`VALUES (22,11,12,'1243697806');
INSERT INTO `gl_forum_log`VALUES (5,5,159,'1252165324');
INSERT INTO `gl_forum_log`VALUES (3,11,16,'1258725746');
INSERT INTO `gl_forum_log`VALUES (11,11,12,'1243197756');
INSERT INTO `gl_forum_log`VALUES (13,11,11,'1243246886');
INSERT INTO `gl_forum_log`VALUES (8,10,7,'1243429394');
INSERT INTO `gl_forum_log`VALUES (3,10,107,'1258725746');
INSERT INTO `gl_forum_log`VALUES (22,1,1,'1244377036');
INSERT INTO `gl_forum_log`VALUES (22,11,10,'1243142510');
INSERT INTO `gl_forum_log`VALUES (8,10,27,'1243516013');
INSERT INTO `gl_forum_log`VALUES (8,11,19,'1243832223');
INSERT INTO `gl_forum_log`VALUES (13,11,10,'1243246856');
INSERT INTO `gl_forum_log`VALUES (21,11,12,'1243495218');
INSERT INTO `gl_forum_log`VALUES (8,11,12,'1243225479');
INSERT INTO `gl_forum_log`VALUES (15,10,7,'1243428747');
INSERT INTO `gl_forum_log`VALUES (13,11,12,'1243246718');
INSERT INTO `gl_forum_log`VALUES (12,8,4,'1243724156');
INSERT INTO `gl_forum_log`VALUES (4,10,7,'1252223332');
INSERT INTO `gl_forum_log`VALUES (5,11,21,'1245574592');
INSERT INTO `gl_forum_log`VALUES (15,1,1,'1243427837');
INSERT INTO `gl_forum_log`VALUES (5,8,25,'1246070808');
INSERT INTO `gl_forum_log`VALUES (3,10,27,'1258725746');
INSERT INTO `gl_forum_log`VALUES (15,11,10,'1243428573');
INSERT INTO `gl_forum_log`VALUES (15,11,12,'1243428405');
INSERT INTO `gl_forum_log`VALUES (5,10,24,'1248923759');
INSERT INTO `gl_forum_log`VALUES (8,10,107,'1245748733');
INSERT INTO `gl_forum_log`VALUES (8,8,4,'1243602627');
INSERT INTO `gl_forum_log`VALUES (8,10,24,'1243842294');
INSERT INTO `gl_forum_log`VALUES (3,8,25,'1258725746');
INSERT INTO `gl_forum_log`VALUES (5,10,107,'1248750865');
INSERT INTO `gl_forum_log`VALUES (3,11,14,'1258725746');
INSERT INTO `gl_forum_log`VALUES (8,11,16,'1243832274');
INSERT INTO `gl_forum_log`VALUES (5,10,7,'1245589212');
INSERT INTO `gl_forum_log`VALUES (3,11,13,'1258725746');
INSERT INTO `gl_forum_log`VALUES (26,11,11,'1243644055');
INSERT INTO `gl_forum_log`VALUES (26,11,10,'1243644079');
INSERT INTO `gl_forum_log`VALUES (26,11,12,'1243644172');
INSERT INTO `gl_forum_log`VALUES (8,11,21,'1243842361');
INSERT INTO `gl_forum_log`VALUES (12,11,10,'1243724156');
INSERT INTO `gl_forum_log`VALUES (12,11,11,'1243724156');
INSERT INTO `gl_forum_log`VALUES (12,11,12,'1243724156');
INSERT INTO `gl_forum_log`VALUES (3,11,12,'1258725746');
INSERT INTO `gl_forum_log`VALUES (8,11,13,'1243832160');
INSERT INTO `gl_forum_log`VALUES (3,11,11,'1258725746');
INSERT INTO `gl_forum_log`VALUES (3,11,10,'1258725746');
INSERT INTO `gl_forum_log`VALUES (12,10,7,'1243724156');
INSERT INTO `gl_forum_log`VALUES (12,10,24,'1243724156');
INSERT INTO `gl_forum_log`VALUES (12,10,27,'1243724156');
INSERT INTO `gl_forum_log`VALUES (4,8,25,'1252603450');
INSERT INTO `gl_forum_log`VALUES (22,8,4,'1243778444');
INSERT INTO `gl_forum_log`VALUES (4,11,14,'1252223332');
INSERT INTO `gl_forum_log`VALUES (4,11,13,'1252223332');
INSERT INTO `gl_forum_log`VALUES (4,11,12,'1252223332');
INSERT INTO `gl_forum_log`VALUES (4,11,11,'1252223332');
INSERT INTO `gl_forum_log`VALUES (4,11,10,'1252223332');
INSERT INTO `gl_forum_log`VALUES (3,5,205,'1258725746');
INSERT INTO `gl_forum_log`VALUES (3,5,194,'1258725746');
INSERT INTO `gl_forum_log`VALUES (3,5,192,'1258725746');
INSERT INTO `gl_forum_log`VALUES (5,1,1,'1245574592');
INSERT INTO `gl_forum_log`VALUES (8,8,25,'1245748794');
INSERT INTO `gl_forum_log`VALUES (5,8,4,'1246070830');
INSERT INTO `gl_forum_log`VALUES (5,11,19,'1245574592');
INSERT INTO `gl_forum_log`VALUES (3,8,9,'1258725746');
INSERT INTO `gl_forum_log`VALUES (22,8,25,'1245328897');
INSERT INTO `gl_forum_log`VALUES (5,11,16,'1245574592');
INSERT INTO `gl_forum_log`VALUES (5,11,14,'1245574592');
INSERT INTO `gl_forum_log`VALUES (5,11,13,'1245574592');
INSERT INTO `gl_forum_log`VALUES (5,11,12,'1245574592');
INSERT INTO `gl_forum_log`VALUES (5,11,11,'1245574592');
INSERT INTO `gl_forum_log`VALUES (5,11,10,'1245574592');
INSERT INTO `gl_forum_log`VALUES (9,8,25,'1246892248');
INSERT INTO `gl_forum_log`VALUES (3,10,24,'1258725746');
INSERT INTO `gl_forum_log`VALUES (11,8,25,'1246849433');
INSERT INTO `gl_forum_log`VALUES (11,8,25,'1246849433');
INSERT INTO `gl_forum_log`VALUES (11,10,107,'1248572003');
INSERT INTO `gl_forum_log`VALUES (8,8,110,'1247317987');
INSERT INTO `gl_forum_log`VALUES (3,8,4,'1258725746');
INSERT INTO `gl_forum_log`VALUES (11,8,110,'1248475129');
INSERT INTO `gl_forum_log`VALUES (11,1,1,'1248475223');
INSERT INTO `gl_forum_log`VALUES (3,7,230,'1258772950');
INSERT INTO `gl_forum_log`VALUES (22,7,112,'1248872700');
INSERT INTO `gl_forum_log`VALUES (11,7,113,'1248813027');
INSERT INTO `gl_forum_log`VALUES (27,5,138,'1249535614');
INSERT INTO `gl_forum_log`VALUES (3,10,7,'1258725746');
INSERT INTO `gl_forum_log`VALUES (11,8,4,'1248572822');
INSERT INTO `gl_forum_log`VALUES (3,7,221,'1258725746');
INSERT INTO `gl_forum_log`VALUES (11,7,112,'1248812975');
INSERT INTO `gl_forum_log`VALUES (9,10,7,'1248576883');
INSERT INTO `gl_forum_log`VALUES (9,8,110,'1248577028');
INSERT INTO `gl_forum_log`VALUES (5,8,110,'1248750893');
INSERT INTO `gl_forum_log`VALUES (3,5,168,'1258725746');
INSERT INTO `gl_forum_log`VALUES (4,7,112,'1252223332');
INSERT INTO `gl_forum_log`VALUES (3,7,212,'1258725746');
INSERT INTO `gl_forum_log`VALUES (3,5,160,'1258725746');
INSERT INTO `gl_forum_log`VALUES (3,7,210,'1258725746');
INSERT INTO `gl_forum_log`VALUES (4,8,4,'1252223332');
INSERT INTO `gl_forum_log`VALUES (3,5,159,'1258725746');
INSERT INTO `gl_forum_log`VALUES (3,4,225,'1258725746');
INSERT INTO `gl_forum_log`VALUES (3,5,158,'1258725746');
INSERT INTO `gl_forum_log`VALUES (3,5,157,'1258725746');
INSERT INTO `gl_forum_log`VALUES (3,5,156,'1258725746');
INSERT INTO `gl_forum_log`VALUES (3,5,142,'1258725746');
INSERT INTO `gl_forum_log`VALUES (3,5,139,'1258725746');
INSERT INTO `gl_forum_log`VALUES (4,8,110,'1252223332');
INSERT INTO `gl_forum_log`VALUES (4,11,19,'1252223332');
INSERT INTO `gl_forum_log`VALUES (4,11,21,'1252223332');
INSERT INTO `gl_forum_log`VALUES (4,10,27,'1252223332');
INSERT INTO `gl_forum_log`VALUES (4,10,107,'1252223332');
INSERT INTO `gl_forum_log`VALUES (4,10,114,'1252223332');
INSERT INTO `gl_forum_log`VALUES (4,10,173,'1252223332');
INSERT INTO `gl_forum_log`VALUES (4,5,138,'1252223332');
INSERT INTO `gl_forum_log`VALUES (4,5,139,'1252223332');
INSERT INTO `gl_forum_log`VALUES (4,5,142,'1252223332');
INSERT INTO `gl_forum_log`VALUES (4,5,156,'1252223332');
INSERT INTO `gl_forum_log`VALUES (4,5,157,'1252223332');
INSERT INTO `gl_forum_log`VALUES (4,5,158,'1252223332');
INSERT INTO `gl_forum_log`VALUES (4,5,159,'1252223332');
INSERT INTO `gl_forum_log`VALUES (4,5,160,'1252223332');
INSERT INTO `gl_forum_log`VALUES (4,5,168,'1252223332');
INSERT INTO `gl_forum_log`VALUES (4,7,113,'1252223332');
INSERT INTO `gl_forum_log`VALUES (4,7,120,'1252223332');
INSERT INTO `gl_forum_log`VALUES (11,4,220,'1258402478');
INSERT INTO `gl_forum_log`VALUES (3,5,138,'1258725746');
INSERT INTO `gl_forum_log`VALUES (3,7,174,'1258725746');
INSERT INTO `gl_forum_log`VALUES (3,7,122,'1258725746');
INSERT INTO `gl_forum_log`VALUES (5,7,113,'1253799601');
INSERT INTO `gl_forum_log`VALUES (5,7,112,'1253799659');
INSERT INTO `gl_forum_log`VALUES (3,7,120,'1258725746');
INSERT INTO `gl_forum_log`VALUES (5,7,174,'1253799736');
INSERT INTO `gl_forum_log`VALUES (3,5,136,'1258725746');
INSERT INTO `gl_forum_log`VALUES (3,7,113,'1258725746');
INSERT INTO `gl_forum_log`VALUES (35,7,122,'1259995195');
INSERT INTO `gl_forum_log`VALUES (3,4,220,'1258725746');
INSERT INTO `gl_forum_log`VALUES (35,4,225,'1259994847');
INSERT INTO `gl_forum_log`VALUES (35,4,220,'1259994730');
INSERT INTO `gl_forum_log`VALUES (11,4,225,'1258402542');
INSERT INTO `gl_forum_log`VALUES (3,7,112,'1258725746');

--
-- Table structure for table `gl_forum_moderators`
--


CREATE TABLE `gl_forum_moderators` (
  `mod_id` int(11) NOT NULL AUTO_INCREMENT,
  `mod_uid` mediumint(8) NOT NULL DEFAULT 0,
  `mod_groupid` mediumint(8) NOT NULL DEFAULT 0,
  `mod_username` varchar(30) DEFAULT NULL,
  `mod_forum` varchar(30) DEFAULT NULL,
  `mod_delete` tinyint(1) NOT NULL DEFAULT 0,
  `mod_ban` tinyint(1) NOT NULL DEFAULT 0,
  `mod_edit` tinyint(1) NOT NULL DEFAULT 0,
  `mod_move` tinyint(1) NOT NULL DEFAULT 0,
  `mod_stick` tinyint(1) NOT NULL DEFAULT 0,
  PRIMARY KEY (`mod_id`)
) ENGINE=MyISAM AUTO_INCREMENT=24 DEFAULT CHARSET=utf8mb3 COLLATE=utf8mb3_general_ci;

--
-- Dumping data for table `gl_forum_moderators`
--

INSERT INTO `gl_forum_moderators`VALUES (1,2,0,'Admin','1',1,1,1,1,1);
INSERT INTO `gl_forum_moderators`VALUES (12,4,0,'SMOKY','10',1,1,1,1,1);
INSERT INTO `gl_forum_moderators`VALUES (4,0,20,'','1',1,1,1,1,1);
INSERT INTO `gl_forum_moderators`VALUES (5,2,0,'Admin','3',1,1,1,1,1);
INSERT INTO `gl_forum_moderators`VALUES (6,2,0,'Admin','4',1,1,1,1,1);
INSERT INTO `gl_forum_moderators`VALUES (7,2,0,'Admin','5',1,1,1,1,1);
INSERT INTO `gl_forum_moderators`VALUES (8,2,0,'Admin','6',1,1,1,1,1);
INSERT INTO `gl_forum_moderators`VALUES (9,2,0,'Admin','7',1,1,1,1,1);
INSERT INTO `gl_forum_moderators`VALUES (10,2,0,'Admin','8',1,1,1,1,1);
INSERT INTO `gl_forum_moderators`VALUES (11,2,0,'Admin','9',1,1,1,1,1);
INSERT INTO `gl_forum_moderators`VALUES (13,4,0,'SMOKY','11',1,1,1,1,1);
INSERT INTO `gl_forum_moderators`VALUES (14,0,34,'','11',1,1,1,1,1);
INSERT INTO `gl_forum_moderators`VALUES (15,0,34,'','9',1,1,1,1,1);
INSERT INTO `gl_forum_moderators`VALUES (16,0,34,'','8',1,1,1,1,1);
INSERT INTO `gl_forum_moderators`VALUES (17,0,34,'','5',1,1,1,1,1);
INSERT INTO `gl_forum_moderators`VALUES (18,0,34,'','6',1,1,1,1,1);
INSERT INTO `gl_forum_moderators`VALUES (19,0,34,'','4',1,1,1,1,1);
INSERT INTO `gl_forum_moderators`VALUES (20,0,34,'','10',1,1,1,1,1);
INSERT INTO `gl_forum_moderators`VALUES (21,0,34,'','7',1,1,1,1,1);
INSERT INTO `gl_forum_moderators`VALUES (22,0,34,'','1',1,1,1,1,1);
INSERT INTO `gl_forum_moderators`VALUES (23,0,34,'','3',1,1,1,1,1);

--
-- Table structure for table `gl_forum_settings`
--


CREATE TABLE `gl_forum_settings` (
  `slogan` varchar(255) NOT NULL DEFAULT '',
  `registrationrequired` tinyint(1) unsigned NOT NULL DEFAULT 0,
  `registerpost` tinyint(1) unsigned NOT NULL DEFAULT 0,
  `allowhtml` tinyint(1) unsigned NOT NULL DEFAULT 1,
  `glfilter` tinyint(1) unsigned NOT NULL DEFAULT 0,
  `use_geshi_formatting` tinyint(1) NOT NULL DEFAULT 1,
  `censor` tinyint(1) unsigned NOT NULL DEFAULT 1,
  `showmood` tinyint(1) unsigned NOT NULL DEFAULT 1,
  `allowsmilies` tinyint(1) unsigned NOT NULL DEFAULT 1,
  `allowavatar` tinyint(1) unsigned NOT NULL DEFAULT 1,
  `allow_notify` tinyint(1) unsigned NOT NULL DEFAULT 1,
  `post_htmlmode` tinyint(1) NOT NULL DEFAULT 1,
  `allow_userdatefmt` tinyint(1) NOT NULL DEFAULT 0,
  `showiframe` tinyint(1) unsigned NOT NULL DEFAULT 1,
  `autorefresh` tinyint(1) NOT NULL DEFAULT 1,
  `refresh_delay` tinyint(1) NOT NULL DEFAULT 0,
  `xtrausersettings` tinyint(1) unsigned NOT NULL DEFAULT 0,
  `viewtopicnumchars` int(4) NOT NULL DEFAULT 20,
  `topicsperpage` int(4) NOT NULL DEFAULT 10,
  `postsperpage` int(4) NOT NULL DEFAULT 10,
  `messagesperpage` int(4) NOT NULL DEFAULT 0,
  `searchesperpage` int(4) NOT NULL DEFAULT 0,
  `popular` int(4) NOT NULL DEFAULT 0,
  `speedlimit` int(1) NOT NULL DEFAULT 60,
  `edit_timewindow` int(11) NOT NULL DEFAULT 3600,
  `use_spamxfilter` tinyint(1) NOT NULL DEFAULT 0,
  `use_smiliesplugin` tinyint(1) NOT NULL DEFAULT 0,
  `use_pmplugin` tinyint(1) NOT NULL DEFAULT 0,
  `imgset` varchar(30) NOT NULL DEFAULT '',
  `cb_enable` tinyint(1) NOT NULL DEFAULT 0,
  `cb_homepage` tinyint(1) NOT NULL DEFAULT 0,
  `cb_where` tinyint(1) NOT NULL DEFAULT 0,
  `cb_subjectsize` tinyint(1) NOT NULL DEFAULT 0,
  `cb_numposts` tinyint(1) NOT NULL DEFAULT 0,
  `sb_subjectsize` tinyint(1) NOT NULL DEFAULT 0,
  `sb_numposts` tinyint(1) NOT NULL DEFAULT 0,
  `sb_latestposts` tinyint(1) NOT NULL DEFAULT 0,
  `min_comment_len` tinyint(1) NOT NULL DEFAULT 0,
  `min_name_len` tinyint(1) NOT NULL DEFAULT 0,
  `min_subject_len` tinyint(1) NOT NULL DEFAULT 0,
  `html_newline` tinyint(1) NOT NULL DEFAULT 0,
  `level1` int(5) NOT NULL DEFAULT 1,
  `level2` int(5) NOT NULL DEFAULT 15,
  `level3` int(5) NOT NULL DEFAULT 35,
  `level4` int(5) NOT NULL DEFAULT 70,
  `level5` int(5) NOT NULL DEFAULT 120,
  `level1name` varchar(40) NOT NULL DEFAULT 'Newbie',
  `level2name` varchar(40) NOT NULL DEFAULT 'Junior',
  `level3name` varchar(40) NOT NULL DEFAULT 'Chatty',
  `level4name` varchar(40) NOT NULL DEFAULT 'Regular Member',
  `level5name` varchar(40) NOT NULL DEFAULT 'Active Member'
) ENGINE=MyISAM DEFAULT CHARSET=utf8mb3 COLLATE=utf8mb3_general_ci;

--
-- Dumping data for table `gl_forum_settings`
--

INSERT INTO `gl_forum_settings`VALUES ('',0,0,1,1,1,1,1,1,1,1,0,0,1,1,5,0,40,15,20,20,20,20,60,60,1,0,0,'',1,0,1,40,5,20,5,0,5,2,2,0,1,15,35,70,120,'カヤ原初心者','カヤ原の達人','カヤニスト','カヤマスター','キングオブカヤニスト');

--
-- Table structure for table `gl_forum_topic`
--


CREATE TABLE `gl_forum_topic` (
  `id` mediumint(8) NOT NULL AUTO_INCREMENT,
  `forum` int(3) NOT NULL DEFAULT 0,
  `pid` mediumint(8) NOT NULL DEFAULT 0,
  `uid` mediumint(8) NOT NULL DEFAULT 0,
  `name` varchar(50) DEFAULT NULL,
  `date` varchar(12) DEFAULT NULL,
  `lastupdated` varchar(12) DEFAULT NULL,
  `last_reply_rec` mediumint(8) NOT NULL DEFAULT 0,
  `email` varchar(50) DEFAULT NULL,
  `website` varchar(100) NOT NULL DEFAULT '',
  `subject` varchar(100) NOT NULL DEFAULT '',
  `comment` longtext DEFAULT NULL,
  `postmode` varchar(10) NOT NULL DEFAULT '',
  `replies` bigint(10) NOT NULL DEFAULT 0,
  `views` bigint(10) NOT NULL DEFAULT 0,
  `ip` varchar(255) DEFAULT NULL,
  `mood` varchar(100) DEFAULT 'indifferent',
  `sticky` tinyint(1) NOT NULL DEFAULT 0,
  `moved` tinyint(1) NOT NULL DEFAULT 0,
  `locked` tinyint(1) NOT NULL DEFAULT 0,
  PRIMARY KEY (`id`),
  KEY `forum_idx` (`forum`),
  KEY `idxtopicuid` (`uid`),
  KEY `idxtopicpid` (`pid`),
  KEY `idxdate` (`date`),
  KEY `idxlastdate` (`lastupdated`)
) ENGINE=MyISAM AUTO_INCREMENT=250 DEFAULT CHARSET=utf8mb3 COLLATE=utf8mb3_general_ci;

--
-- Dumping data for table `gl_forum_topic`
--

INSERT INTO `gl_forum_topic`VALUES (1,1,0,2,'Admin','1231943205','1231949428',6,NULL,'','あいさつ掲示板','はじめましてのあいさつはこちらにお願いします。','text',1,2241,'220.157.165.130','',0,0,0);
INSERT INTO `gl_forum_topic`VALUES (3,9,0,2,'Admin','1231945636','1231945636',0,NULL,'','リニューアルのお知らせ','当サイトをご覧の皆さまへ\r\n\r\nカヤネットホームページ管理者です。\r\nこの度、カヤネットホームページをリニューアルしました。\r\n\r\nこれにともない、これまで休止していた「保全ゼミ＠オンライン」「け・ke・ケ・KE・ケナフ？掲示板」も復活しました。\r\n\r\n\r\n今後もカヤネズミをはじめとする茅原の生き物の保全について情報発信を行って参りたいと思います。\r\n今後ともよろしくお願いいたします。','text',0,10,'220.157.165.130','',0,0,0);
INSERT INTO `gl_forum_topic`VALUES (4,8,0,2,'Admin','1231945799','1231945799',4,NULL,'','使い方Q&A','当サイトの使い方についてわからない点がありましたら、こちらに投稿して下さい。\r\n\r\nまた、質問者の方は、問題が解決したら簡単で結構ですので回答者にお礼の返信をお願いします。','text',0,3113,'220.157.165.130','',0,0,0);
INSERT INTO `gl_forum_topic`VALUES (8,10,7,3,'かやちゅ。','1241606594',NULL,0,NULL,'','書込: 投稿テスト','かやちゅ。こと，畠佐代子です．\r\n\r\n宜しくお願いします．\r\n\r\nＳＭＯＫＹさん，ＨＰの更新作業お疲れ様です :D \r\n\r\n\r\n :!: 私と同じように，投稿ボタンを探しまくってしまった人へ：\r\n\r\n投稿は「POST　REPLY」のボタンをクリックしたらできます．\r\n\r\n','text',0,0,'220.157.165.130','',0,0,0);
INSERT INTO `gl_forum_topic`VALUES (6,1,1,1,'ゆきうさぎ','1231949428',NULL,0,NULL,'','祝！掲示板開設','おめでと～ :P ','text',0,0,'220.157.165.130','hungry',0,0,0);
INSERT INTO `gl_forum_topic`VALUES (7,10,0,4,'SMOKY','1241183336','1243118510',23,NULL,'','投稿テスト','SMOKYこと、道券　孝之です。\r\n\r\nよろしくお願いします。','text',2,73,'220.157.165.130','',0,0,0);
INSERT INTO `gl_forum_topic`VALUES (9,8,0,1,'ゆきうさぎ','1241607777','1252603442',190,NULL,'','【要望】使い方ヘルプ','管理人さま、ＨＰ移行作業お疲れ様です。\r\n\r\n :idea: 改善提案\r\n\r\nちょっと投稿方法がわかりにくいので、掲示板の使い方のヘルプがわかりやすいところにあるといいなと思いました。\r\n\r\nいろいろ機能があるので、慣れたら楽しそうですね :D ','text',6,4798,'220.157.165.130','',0,0,0);
INSERT INTO `gl_forum_topic`VALUES (10,11,0,3,'かやちゅ。','1242463403','1243074236',22,NULL,'','2009年度アンケート結果報告','[b]回答者　[color=red]10名[/color]（昨年は9名）[/b]\r\n\r\n[b]各項目の回答結果[/b]\r\n\r\n[b]＜活動について＞[/b]\r\n[color=blue]今年度、あなた自身がカヤネットでやってみたいことを教えて下さい。\r\nまた、今後、カヤネットの活動に、どのように関わっていきたいですか？[/color]\r\n\r\n★生息調査・観察会\r\nカヤマップのヘルプ／カヤネズミの生息と自然環境の関係を調べて，今後増やすべきかを明らかにしたい／いそうにない場所を敢えて探したい／地元での生息・分布調査／調査会に参加して調査を体験したい（去年は一人で捜してダメだったので）／生きたカヤネズミをまだ見たことがないので，動物園など有志を募って行きたい／研修会となるような内容でカヤネットメンバーで集まりたい\r\n\r\n★情報交換・交流イベント\r\nカヤネズミの生態や調査・保護活動の情報交換（ＭＬやイベントで）／河川以外の場所に棲むカヤネズミ情報を積極的に発信していきたい／メンバーの交流機会を設けられるよう努力したい／HPシステムの更新／カヤネット新聞の製作\r\n\r\n★販売活動（カヤぐるみなど出来る範囲で）\r\n\r\n★勉強（チガヤ、葦、ススキ等の植物・自然環境・カヤネズミの関わりについて）\r\n\r\n★その他\r\n可能な限り自分にできることはしたいが，実際は忙しくて余り活動に参加できていない／居住地域が活動本場の関西から遠く，活動に直接関われそうもないが，離れていてもできることがあれば手伝う。\r\n\r\n\r\n[color=blue]現在行っているカヤネットの活動で、「これはぜひ続けて欲しい」というものがあれば、教えて下さい。[/color]\r\n\r\n★全国カヤマップ　＊最も多く継続を望む声がありました．\r\n\r\n★その他\r\nHPの整備（多数が見ている）／調査会（NACS-J会員などに呼びかけて公開でやっては）／観察会／交流会（飲み会やイベント出展のような「顔の見える交流」）\r\n\r\n\r\n[color=blue]その他、活動全般について、良いと思う点、気になる点があれば教えて下さい。[/color]\r\n\r\n★良い点\r\n遠方の会員ともMLを通じて情報交換できること。\r\n\r\n★気になる点\r\n・活動の見直しの必要性\r\n報告や投稿の義務づけをなくす．スタッフが疲弊する原因になっていると思う／活動規模が縮小傾向にあり，活動意義も変わりつつある\r\n\r\n・自分自身の関わり\r\n受け取るばかりで申し訳ないので，自分がどう関われるかを考えないとと思う。／メンバーからこれぞ！という企画を立案する人が現れていない．自分も会員の意識を喚起するメッセージを発信しなければとは思う。\r\n\r\n\r\n[b]＜運営について＞[/b]\r\n[color=blue]カヤネットは、会員の有志によるボランティアスタッフ（理事を兼ねる）が運営しています。\r\nスタッフの仕事に興味がありますか？[/color]\r\n\r\n★興味あり（既にスタッフとして関わっている）\r\n\r\n★興味あるけど・・・\r\n手伝える余裕がない／理解が浅く、距離も離れていて難しい／自分の関わりに波があり，理事会の\r\n足を引っ張らないか心配／できることがあればと思うが、地元の活動との兼ね合いもあり，具体的に\r\n何ができるか話し合えれば。\r\n\r\n\r\n[color=blue]カヤネットＭＬ（メーリングリスト）は、あなたと他の会員とのコミュニケーションや情報交換に役立っていますか？　また、ＭＬの使い勝手はどうですか？[/color]\r\n\r\n★役立っている，使いやすい\r\n色々な情報が得られる．／ＭＬは（良い意味で）強制的に情報が届くが，掲示板形式だと横着になって見に行く機会が減るのではと心配。／たくさん情報を貰っているが，圧倒的に自分の発信が少なく反省。\r\n\r\n★役立っていない，使いにくい\r\n投稿が不活発／何となく投稿しづらい．カヤネズミに話題が絞られる傾向があるのが原因と思う．もっと幅広い話題が議論されて良い／活動の様子は分かるが，自身のコミュニケーションには至らず／ＰＣ環境の関係でなかなか返信できない時があって焦る／スパムメールが増え不便に感じる／お知らせと議論と創作活動をひとつのＭＬでやるのは無理がある．場所を分けては？\r\n\r\n\r\n[color=blue]カヤネットＭＬをどのくらいの頻度でチェック／投稿しますか？[/color]\r\n\r\n★頻度\r\n閲覧は「毎日」「週２，３回」がほぼ半々．\r\n投稿は「たまに，時々」「殆どしていない」\r\n\r\n★その他，投稿の動機など\r\nやりとりを見てレスしたい時，本会に有益な情報だと思う時に投稿／タイムリーに投稿出来ていない．\r\n\r\n\r\n[color=blue]その他、運営全般について、良いと思う点、気になる点があれば教えて下さい．[/color]\r\n\r\n★良いと思う点\r\n・中池見研修会は良かったと聞いた。こんな企画がまたあると楽しいと思う。\r\n・普段なかなか集まれないので、ネット上での総会はスムーズな方法と思う。\r\n\r\n★気になる点\r\n・カヤネズミの知名度が低い．存在価値を世間に知らしめるため，さらに広報活動を望む\r\n\r\n・部会は閉鎖的になって良くなかった．実質的な活動を増やし，会員と外部との接点をもっと増やす方がいい．\r\n\r\n・自主調査が出来るサポート体制の充実を．\r\n生息していそうな場所が一目で分かる資料がないので，具体的にどこを捜せば良いのか分からない．\r\n\r\n・作業が一部の人に負担がかかっている状況について、心配・申し訳ない．\r\n（何とかしたいがなかなか手伝えない／なかなか参加の仕方が具体的になっていかないが，ＨＰの作成は地元で関わっているので，できることがあれば／せめて寄付活動はしていきたい／畠さんの活動には頭が下がる）\r\n\r\n★その他のご意見\r\n私が小学生の頃（約５０年前）家族で近所の川に行ってよく飯盒炊爨をしたり，川で竹のサオで赤虫をつけハスやフナを釣った。こうした河川敷や里山を昔のように復活してほしい。子供がズボンを上げて雑魚取りができる河川の復活．簡単ではないと思うが，その一環としてカヤネズミの保護を考えたい．','html',1,49,'220.157.165.130','',0,0,0);
INSERT INTO `gl_forum_topic`VALUES (11,11,0,3,'かやちゅ。','1242555379','1242555379',0,NULL,'','2008年度活動報告','[b]1. 保護・調査研究[/b]\r\n\r\n　1) 全国カヤマップ 2008\r\n　実施期間：2008. 4. - 2009. 3.\r\n　内容：カヤ原の保全の基礎資料作りを目的とした、市民によるカヤネズミの全国一斉生息調査\r\n\r\n　2) 第1回カヤネット研修会\r\n　実施期間：2008. 7. 5-6，福井県中池見湿地\r\n　内容：初心者向け調査講習会\r\n　講師：澤邊久美子\r\n　\r\n[b]2. 普及啓蒙[/b]\r\n\r\n　1) ホームページの運営\r\n　実施期間：2001年度より継続\r\n　内容：ホームページを通じた、身近な自然環境保全の啓蒙や情報交換。\r\n\r\n　2）ホームページの改良\r\n　実施期間：2008. 4. - 2009. 3.\r\n　内容：新ＨＰの立ち上げによる，更新手順の簡略化・一般化．会員専用および一般用掲示板の設置．\r\n\r\n　3) 全国カヤネズミ・ネットワークメーリングリスト（kaya-netML）運営\r\n　実施期間：2001年度より継続\r\n　内容：メーリングリストを通じて、身近な自然環境の保全に関して、より深い知識や技術の向上を図る。\r\n\r\n　3) メールニュース「カヤネット通信」の発行\r\n　実施期間：4月、10月配信（7月、1月は休刊）\r\n　内容：トピックス、会員異動、事務局からの重要なお知らせなど。\r\n\r\n　4) 冊子・グッズ販売\r\n　実施期間：2003年度より継続\r\n　内容：小冊子（「2002特別版」「2005特別版」）、ポストカード、カヤぐるみの販売。\r\n\r\n　5) 「第3回桂川生物多様性フォーラム」開催に協力\r\n　実施日：2009. 3. 15.\r\n　内容：京都府桂川流域の野生生物と生息地の保全，地域の美化に関する講演やポスター発表\r\n\r\n　6) 「かんさい自然フェスタ2008」出展協力\r\n　実施期間：2008. 11. 15-16.\r\n　内容：ちくじん関西の出展企画の相談，資料提供等．\r\n　\r\n　7) モニタリングサイト1000里地調査カヤネズミ講習会協力\r\n　実施期間：2008. 7. 20.（神奈川県横浜市），9. 14. （大阪府吹田市）\r\n　講師：澤邊久美子','html',0,35,'220.157.165.130','',0,0,0);
INSERT INTO `gl_forum_topic`VALUES (12,11,0,3,'かやちゅ。','1242555986','1243144165',37,NULL,'','掲示板書き込みに関する注意事項','それぞれについて掲示板にトピックが立っています。\r\n各自、それぞれの項目について[b]「返信する」[/b]をクリックして書き込んでください。\r\n（まとめて書き込まれると、集計時に取りこぼすおそれがあります。ご協力お願いします）\r\n\r\nご質問、ご意見は、タイトルに【質問】あるいは【意見】と書いて書き込んでください。\r\n対応するスタッフが助かります。\r\n\r\n問題がなければ、[b]「○○○○（本名フルネーム）， 承認します」[/b]と書いて返信してください。','html',1,53,'220.157.165.130','',0,0,0);
INSERT INTO `gl_forum_topic`VALUES (13,11,0,3,'かやちゅ。','1242558215','1243787224',101,NULL,'','【議題１】2008年度会計報告','質問・意見などありましたらタイトルに【質問】あるいは【意見】と書いて書き込んでください。\r\n問題なければ「承認」して下さい。\r\n\r\n*****************************\r\n\r\n[b]＜収入＞[/b]　\r\n[b]会費　　　　　　　　　　　　　　　36,000 \r\n事業収入　　　　　　　　　　　　84,350 [/b]\r\n　（小冊子・ポスカ　78,850） \r\n　（カヤぐるみ　5,500） \r\n[b]寄付　　　　　　　　　　　　　　　38,300[/b] \r\n　（寄付　9,300） \r\n　（カヤネット活動援助募金　29,000） \r\n[b]雑収入（利息）　　　　　　　　　　　　37\r\n－－－－－－－－－－－－－－－－－－－ \r\n当年度収入合計　　　　 　　　158,687\r\n繰越金　　　　　　　　　　　　　223,858[/b]\r\n	\r\n[b]＜支出＞[/b]	　\r\n[b]交通費　　　　　　　　 　　　　　　11,220 [/b]\r\n　（第１回カヤネット研修会講師交通費（澤邊）／ＪＲ川西池田～敦賀（運賃＋特急券）　8,600） \r\n　（桂川フォーラム打ち合わせ（畠）／阪急桂～長岡天神　360） \r\n　（桂川フォーラムスタッフ交通費（西村）／ＪＲ西宮～山崎　1,380） \r\n　（桂川フォーラムスタッフ交通費（畠）／阪急桂～大山崎　440） \r\n　（桂川フォーラムスタッフ交通費（渡邉）／阪急西京極～大山崎　440） \r\n[b]人件費	　　　　　　　 　　　　 　　12,000 [/b]\r\n　（事務局運営費 10,000） \r\n　（第１回カヤネット研修会講師日当 2,000） \r\n[b]通信費　　　　　　　　　　　　　　　42,370 [/b]\r\n　（ＨＰ更新料　3,380） \r\n　（サーバー改良費用　25,000） \r\n　（郵送料　13,990） \r\n[b]消耗品費　　　　　　　　　　　　　　15,918[/b] \r\n　（インクカートリッジ　11,109） \r\n　（コピー用紙　1,533） \r\n　（封筒、梱包資材など　3,276） \r\n[b]什器・備品費（資料整理用ファイルなど）　2,330[/b] \r\n[b]資料費（コピー）　　　　　　　 　　　　1,740 [/b]\r\n[b]雑費　　　　　　　　　　　　　 　　　　　2,520[/b] \r\n　（振込手数料　105）\r\n　（桂川フォーラムスタッフ弁当（×5食）　2,415）\r\n－－－－－－－－－－－－－－－－－－－－－ \r\n[b]当年度支出合計　　　　　　 　　　　88,098 \r\n次年度繰越　　　　　　　　　 　　　294,447[/b]','html',15,209,'220.157.165.130','',0,0,0);
INSERT INTO `gl_forum_topic`VALUES (14,11,0,3,'かやちゅ。','1243047199','1243786981',98,NULL,'','【議題２】2009年度活動計画','質問・意見などありましたらタイトルに【質問】あるいは【意見】と書いて書き込んでください。\r\n問題なければ「承認」して下さい。\r\n\r\n*****************************\r\n\r\n[b][color=blue]＜調査・研究＞[/color][/b]\r\n\r\n[color=red]★全国カヤマップ（要検討）[/color]\r\n内容：カヤ原の保全の基礎資料作りを目的とした、市民によるカヤネズミの全国一斉生息調査．\r\n\r\n★第2回カヤネット研修会\r\n関東方面で秋頃実施に向けて調整中．\r\n\r\n★資料室の充実\r\nカヤネズミや草地の生き物の生態の紹介や，調査・保護に役立つ資料をＨＰに蓄積して共有する．\r\n\r\n\r\n[b][color=blue]＜普及・啓蒙＞[/color][/b]\r\n\r\n★ＨＰ運営\r\nホームページ（ＨＰ）を通じた、身近な自然環境保全の啓蒙や情報交換．\r\n新ＨＰのさまざまな機能を活用して，情報発信内容の充実と外部との交流の活性化を図る．\r\n\r\n★情報交換\r\nカヤネズミの生態や調査・保護活動の情報交換．\r\n＊今年度は新ＨＰとカヤネットＭＬを併用．\r\n\r\n★販売・製作\r\nカヤマップ2002・2005，ポストカード，カヤぐるみ販売の継続\r\n\r\n★交流イベント\r\n以下のような企画を考えています．\r\nどれもまだ企画段階なので，これから実現に向けて，一緒に活動していただける方を募集します．\r\n\r\n企画案1．第2回カヤ・サミットの開催（2010年）\r\nCOP10が開催される来年2010年に東京で第2回カヤ・サミットを開く．\r\n今年の秋にサミット準備委員会を立ち上げ，具体的なことは，委員会を中心にみんなで話し合う方向で．\r\n＊特に東京近郊のメンバーの参加を希望します．\r\n\r\n企画案2．イラスト講習会\r\nプロのイラストレーターにカヤネズミやカヤ原の生き物の描き方を学ぶ．\r\n講師：いぬいさえこさん\r\n開催場所＆時期は未定．\r\n\r\n企画案3．カヤぐるみ製作＆調査講習会\r\nカヤぐるみを作り、カヤ原でそれを使ってカヤネズミの調査方法や生態を学ぶ．\r\n会場候補：琢磨さんのフィールド（奈良県生駒市高山町）．\r\nカヤぐるみの製作指導には，カヤぐるみ考案者の奥川奈津子さんに協力して貰う方向で調整中．\r\n参加費500円程度（材料・資料代）\r\n\r\n企画案4．絵本読み聞かせ\r\n西村かおりさんの作品（「えっちらおっちらカヤネズミ」）の読み聞かせ．\r\n開催場所＆時期は未定．\r\n\r\n[color=red]★その他，メンバーからの提案歓迎．予算に限りはありますが，出来るだけ相談に乗ります．[/color][color=#][/color]','html',16,208,'220.157.165.130','',0,0,0);
INSERT INTO `gl_forum_topic`VALUES (15,11,14,3,'かやちゅ。','1243047839',NULL,0,NULL,'','【補足】2009年度活動計画','[b][color=blue]＜調査・研究＞[/color][/b]\r\n\r\n★全国カヤマップ\r\nもっとも継続の希望が多かった活動ですが，システム担当の道券さんが多忙のため，カヤマップシステムの改良が進んでいません．とはいえ，道券さんには必要経費だけで作業して貰っているので，無理は言えません．\r\nそのようなわけで，データをいつ公表できるかわからない状況です．\r\n\r\n★第2回カヤネット研修会\r\n澤邊さんが講師を務める予定です．さらに可能なら別途畠が講師を務める研修会も開いて，みなさんの研修会参加の機会を増やしたいと考えています．\r\n\r\n★資料室の充実\r\n新聞・雑誌の記事や論文・報告書など，ジャンルは問いません．小さな発見でも貴重な資料となります．\r\nぜひ資料集めにご協力下さい．\r\n\r\n[b][color=blue]＜普及・啓蒙＞[/color][/b]\r\n\r\n★ＨＰ運営\r\nカヤネズミの保護・保全に関わる情報や，カヤネット会員の活躍の紹介，研修会・オフ会レポートなど，外の人に積極的に発信して，カヤネズミやカヤネットのことを知っていただく機会を増やしたいと思っています．\r\nそうした，ＨＰ運営に関わっていただける方を募集します．\r\n\r\n★情報交換\r\nカヤネズミの生態や，生息場所を見分けるポイントが知りたい等の声がアンケートの回答にありました．\r\nそうした質問や要望には，気軽に新ＨＰの質問掲示板を活用して下さい．\r\n先輩カヤニストのみなさんには，回答にご協力をお願いします．\r\n\r\n★販売・製作\r\n今年度新たに，いぬいさえこさんのイラスト入りヨシ紙ポストカードの販売を予定しています．\r\nいぬいさんが製作されたものを本会が預かって販売する（委託販売）方法で，販売益の一部は，本会に寄付されます．\r\n\r\nみなさんの地元の観察会等での，本会の冊子・ポストカードの販売にご協力下さい．\r\n販売代金の２割を活動費として還元します．','html',0,0,'220.157.165.130','',0,0,0);
INSERT INTO `gl_forum_topic`VALUES (16,11,0,3,'かやちゅ。','1243048187','1243786914',97,NULL,'','【議題５】会則改定案','質問・意見などありましたらタイトルに【質問】あるいは【意見】と書いて書き込んでください。\r\n問題なければ「承認」して下さい。\r\n\r\n*****************************\r\n\r\n全国カヤネズミ・ネットワーク会則\r\n\r\n第1章 総則\r\n（名称）\r\n第1条　本会は全国カヤネズミ・ネットワーク（略称：カヤネット）と称する。\r\n（事務局）\r\n第2条　本会の事務局は、代表の自宅におく。\r\n（目的）\r\n第3条 本会は、カヤネズミ保護を基本理念とし、河川敷や里山など人間生活に近い環境にある生物の保護と生息地の保全に関する情報交換を主として活動を行うことを目的とする。\r\n（活動）\r\n第4条 本会は目的を達成するために、次の活動を行う。\r\n(1)カヤネズミ保護と生息地の保全を目的とする調査研究活動。\r\n(2)里山や河川敷に暮らす野生動物と人間生活の関わりを考え、自然環境の保全や生態系への理解を深めるための普及・啓蒙活動。\r\n(3)河川周辺の管理担当部署に対して、自然環境・生態系への負の影響を押さえる方策の提案・提言。\r\n(4)その他、設立趣旨に基づき、総会の協議により必要だという結論に達した活動。\r\n\r\n第2章 会員\r\n（入会資格）\r\n第5条　本会に入会しようとする個人または団体は、会則第3条および第4条に賛同する者とする。\r\n（会費）\r\n第6条 会員は、別に定める会費を納入しなければならない。\r\n（入会および退会）\r\n第7条 入会を希望する者は、入会申込書を事務局に提出し、代表の承認を得なければならない。\r\n第8条 退会を希望するものは、代表に申し出ることによりいつでも退会できる。\r\n（資格喪失）\r\n第9条 会費を2年以上滞納したときは、会員の資格を失う。\r\n（除名）\r\n第10条 会員が本会の名誉を傷付け、または本会の目的に反する行為をしたときは、代表は除名することができる。\r\n\r\n第3章 役員\r\n第11条 本会運営のために、代表1名を置く。任期は1年とし、再任を妨げない。\r\n第12条 代表は、本会を代表して会を総括し、会議を招集し、議長を決める。\r\n\r\n第4章 会議\r\n第12条 本会の会議は、年1回開かれる総会と、代表が必要と認めたときに開催する臨時総会とする。\r\n第13条 総会にて事業計画、収支予算・決算、会則の変更、その他代表が必要と認める事項について議決する。\r\n第14条 本会の会議は、会員の3分の1以上の参加によって成立し、過半数の賛成をもって可決とする。\r\n可否同数のときは議長の決するところによる。\r\n\r\n第5章 会計\r\n第15条 本会の会計年度は毎年4月1日から翌年3月31日までとする。\r\n第16条 本会の経費は第6条の会費及びその他の収入による資産を充当する。\r\n2．資産は代表が管理する。\r\n\r\n第6章 補則\r\n（会則の変更）\r\n第17条 本会の会則を変更する場合は、総会の決議を得なければならない。\r\n\r\n■附則\r\n新会則は2009年6月1日より実施する。','html',11,140,'220.157.165.130','',0,0,0);
INSERT INTO `gl_forum_topic`VALUES (17,11,16,3,'かやちゅ。','1243049098',NULL,0,NULL,'','【変更のポイント】会則改定案','会則から理事の項目を省き，重要案件の処理権限を代表に集約させました．\r\nそのため，第2章以下は大きく変わりました．\r\n\r\nまた，項目をまとめ，文章表現も若干やさしくして，前回よりも簡素化しました．\r\n\r\n運営スタッフは個人の興味や都合に合わせて参加したり抜けたり出来るものと位置づけています．\r\nまた，理事のような任期もないので，内規で運用する仕組みとみなし，会則には反映させません．','html',0,0,'220.157.165.130','',0,0,0);
INSERT INTO `gl_forum_topic`VALUES (18,11,13,3,'かやちゅ。','1243050107',NULL,0,NULL,'','【補足】事務局運営費について','昨年度の総会で認められた内容に沿って，カヤネットの運営に関わる実質的な事務作業（会議や報告，販売物の発送作業，外部からの質問・協力依頼への対応等）の経費として，畠が使わせていただきました．\r\n\r\n実質的な事務作業を肩代わりして貰える人，または作業協力者について，会員以外の方も含めて当たってみましたが，残念ながら見つかりませんでした．','html',0,0,'220.157.165.130','',0,0,0);
INSERT INTO `gl_forum_topic`VALUES (19,11,0,3,'かやちゅ。','1243052040','1243787060',99,NULL,'','【議題３】2009年度収支予算書','質問・意見などありましたらタイトルに【質問】あるいは【意見】と書いて書き込んでください。\r\n問題なければ「承認」して下さい。\r\n\r\n*****************************\r\n\r\n[b][color=blue]＜収入＞（見込み）[/color][/b]	\r\n\r\n[b]会費　　　　　　　　　　　　　　　　　　　　　　30,000\r\n冊子・ポスカ・カヤぐるみ販売益　　　　 　　50,000\r\n講習会参加費　　　　　　　　　　　　　　　 　15,000\r\n前年度繰り越し　　　　　　　　　　　　　　　294,447 [/b]\r\n－－－－－－－－－－－－－－－－－－－－－－－－\r\n[b]収入合計　　　　　　　　　　　　　　　　　　　389,447[/b]\r\n	\r\n	\r\n[b][color=blue]＜支出＞（見込み）[/color][/b]\r\n	\r\n[b]通信費　　　　　　　　　　　　　　　　　　　　　36,000[/b]\r\n　（HP更新料　4,000）	\r\n　（ハードディスク買換費用　20,000）	\r\n　（郵送料　12,000）	\r\n[b]交通費　　　　　　　　　　　　　　　　　　　　　40,000[/b]\r\n　（研修・講習会講師・スタッフ交通費　35,000）	\r\n　（打合せ・会合など　5,000）	\r\n[b]消耗品費　　　　　　　　　　　　　　　　　　　　16,000[/b]\r\n[b]什器・備品費　　　　　　　　　　　　　　 　　　　3,000\r\n資料費　　　　　　　　　　　　　　　　　　　　　　4,000\r\n人件費　　　　　　　　　　　　　　　　　　　 　　16,000[/b]\r\n　（研修会・講習会講師日当1人日2,000×3日）	\r\n　（事務局人件費　10,000）	\r\n[b]予備費　　　　　　　　　　　　　　　　　 　　　　20,000\r\n－－－－－－－－－－－－－－－－－－－－－－－\r\n支出合計　　　　　　　　　　　　　　　　　　　135,000[/b]	\r\n\r\n＊残額は次年度に繰り越し','html',16,169,'220.157.165.130','',0,0,0);
INSERT INTO `gl_forum_topic`VALUES (20,11,19,3,'かやちゅ。','1243053651',NULL,0,NULL,'','【補足】 2009年度収支予算書','予算項目のポイントは以下の３点です．\r\n\r\n・毎年計上していた「雑費」の項目を廃止し，予備費の項目を新規に入れました．\r\n\r\n・ハードディスク購入費と予備費は繰越金から支出．それ以外の項目は見込み収入の範囲に収まるように予算を組みました．\r\n\r\n・研修・講習会の交通費については，いずれも場所が未定のため，概算で計上しました．\r\n\r\nなお，道券さんによれば，現在使っているハードディスクはいつ壊れてもおかしくない状態だそうです．\r\n壊れた場合，カヤマップや新ＨＰを含め，カヤネットの全てのデータが飛んでしまうとのことです．\r\n\r\nまた，事務局人件費については，昨年よりもハイペースで相談や依頼が届いており，作業従事時間の増加が予測されるので，今年度も認めていただけると有り難いです．\r\n\r\n冊子やポスカの発送は分業が一番しやすい仕事なので，これだけでも引き受けてくれる人がいると助かるのですが，なかなか見つからないものですね．協力者を探すのにも，それなりに労力がかかるので，今年は私が時間の合間を見つけてぼちぼちやらせていただくことにしようかなと思っています．','html',0,0,'220.157.165.130','',0,0,0);
INSERT INTO `gl_forum_topic`VALUES (21,11,0,3,'かやちゅ。','1243064212','1243787125',100,NULL,'','【議題４】運営方式の変更','質問・意見などありましたらタイトルに【質問】あるいは【意見】と書いて書き込んでください。\r\n問題なければ「承認」して下さい。\r\n\r\n*****************************\r\n\r\nこのたび，私たちスタッフは，現行のスタッフ制度の廃止に合意しました．\r\nそして，それに代わる運営方式として「運営スタッフ」の発足を提案します．\r\n\r\n★スタッフ制の廃止に至る経緯と，新運営方式の概要\r\n\r\n今年３月に，スタッフの１人から「多忙のためスタッフを退任したい」と申し出がありました．\r\nスタッフ（理事）の数は現在下限の５名なので，新スタッフの選出を検討しました．\r\nしかしスタッフ各々の事情で十分な議論が出来なかったことや，候補予定者の辞退もあって，スタッフの定員割れが確実になりました．\r\n\r\nこうした経緯から，現行制度の維持は困難と判断し，新しい運営体制への移行を考えています．\r\n原案として，昨年総会で上がった「運営スタッフ」を提案します．\r\n\r\n新方式の基本的な考え方は，「メンバー全員がスタッフである」というものです．\r\n\r\n先日のアンケートから，複数の人が活動や運営に興味を持って下さっていることがわかりました．\r\nただどなたも時間的な制約や他の活動との兼ね合いで，運営に密に関わることは難しいようでした．\r\n\r\nまた以前から「部会メンバーやスタッフが何をしているのかわからない」という不満や困惑の声がスタッフ以外のメンバーからちらほら聞こえてきます（今回のアンケートにはありません）．\r\n実際にはいろいろ活動しているのですが，本会のコミュニケーション手段はＭＬがメインなので，それが見えにくいことが原因であるように思います．\r\nとはいえ，従来スタッフが担ってきた事務作業などは，個人情報を含む案件（例えば入会審査など）もあり，全て公開には出来ない事情があります．\r\n\r\nそこで，これらの具体的な解決策として，以下のことを提案します．\r\n\r\n[b]１．運営体制の変更[/b]\r\n入会審査などは代表が専任で対応し，それ以外のＨＰ作りや観察会の実施などは関心のある人が運営スタッフとして関わる．\r\nこれにより，個々の負担が軽くなり，全員がやりたいことに主体的に関われるようになると期待します．\r\n\r\n[b]２．新HPの掲示板の活用[/b]\r\n会議や作業には，新ＨＰの会員専用掲示板を活用する．\r\nそうすれば，会員は内容を自由に閲覧・発言できるので，透明性を持たせられます．\r\n\r\n[b]３．部会制の廃止[/b]\r\n部会はメンバーの親睦を深めるために一定の役割は果たしました．\r\nしかし現状形骸化していますので，その役割を終えたと判断して廃止します．\r\n\r\n以上が私たちスタッフからの提案ですが，いかがでしょうか．\r\n「運営スタッフ」の担い手はみなさんですので，ぜひ忌憚の無いご意見をいただければと思います．','html',15,208,'220.157.165.130','',0,0,0);
INSERT INTO `gl_forum_topic`VALUES (22,11,10,3,'かやちゅ。','1243074236',NULL,0,NULL,'','【追加】2009年度アンケート結果','アンケートの締切後に，１名の方の回答が事務局に届いていないことがわかりました．\r\n従って，回答者数を9名→10名に修正します．\r\n回答内容は，結果に追加済みです．\r\n','text',0,0,'220.157.165.130','',0,0,0);
INSERT INTO `gl_forum_topic`VALUES (23,10,7,1,'katura','1243118510',NULL,0,NULL,'','書込: 投稿テスト','テストです．','text',0,0,'220.157.165.130','',0,0,0);
INSERT INTO `gl_forum_topic`VALUES (24,10,0,1,'katura','1243133761','1243228900',53,NULL,'','テスト投稿','katuraこと，畠です．katuraはテスト用ＩＤです．','text',2,49,'220.157.165.130','',0,0,0);
INSERT INTO `gl_forum_topic`VALUES (25,8,0,1,'katura','1243134274','1245155638',106,NULL,'','【質問】写真のアップの仕方','こんにちは。質問です。\r\n\r\n写真を掲示板に貼り付けることは出来ますか？\r\n\r\nコードの[Img]が画像貼り付けのタグかなと思ったのですが、どうすればいいのかわかりません。\r\n\r\nアップしたい写真は、自分のＰＣのフォルダ内に保管してあるものです。\r\n\r\n宜しくお願いします。\r\n','text',4,7607,'220.157.165.130','',0,0,0);
INSERT INTO `gl_forum_topic`VALUES (27,10,0,3,'かやちゅ。','1243136000','1243136000',0,NULL,'','投稿通知をメールで受け取るには？','「新規書き込みをメールで通知」のチェックボックスはオンになっていますが，メールが届きません．\r\nIDを変えてもダメでした．\r\n\r\nすみませんが，ちょっと調べて貰えますか？','text',0,16,'220.157.165.130','',0,0,0);
INSERT INTO `gl_forum_topic`VALUES (29,11,19,22,'ADLER','1243143592',NULL,0,NULL,'','書込: 【議題３】2009年度収支予算書','承認します。\r\nハードディスクは2年で交換が普通ですからまったく問題ないと思います。\r\nサーバー仕様だと500G×４とかですかね。','text',0,0,'220.10.4.47','',0,0,0);
INSERT INTO `gl_forum_topic`VALUES (28,11,21,22,'ADLER','1243143286',NULL,0,NULL,'','書込: 【議題５】運営方式の変更','　1.運営体制～\r\n組織的な仕組みと実質の仕組みがあると思いますし、いいとおもいます。\r\n　2.新HPの～\r\nメーラー経由だとアドレス変更などいろいろ問題もありそうですし、掲示板なら画像の添付なども簡単にできるでしょうしいいとおもいます。\r\n　3.部会制～\r\nいいとおもいます。[color=green][/color]','text',0,0,'220.10.4.47','',0,0,0);
INSERT INTO `gl_forum_topic`VALUES (30,11,13,22,'ADLER','1243143719',NULL,0,NULL,'','書込: 2008年度会計報告','承認します。\r\n色々役に立てることが少なくてすみません。','text',0,0,'220.10.4.47','',0,0,0);
INSERT INTO `gl_forum_topic`VALUES (31,11,16,22,'ADLER','1243143812',NULL,0,NULL,'','書込: 【議題５】会則改定案','承認します。','text',0,0,'220.10.4.47','',0,0,0);
INSERT INTO `gl_forum_topic`VALUES (32,11,13,4,'SMOKY','1243143830',NULL,0,NULL,'','書込: 【議題１】2008年度会計報告','お疲れ様です。道券です。\r\n\r\n承認します。','text',0,0,'220.157.165.130','',0,0,0);
INSERT INTO `gl_forum_topic`VALUES (33,11,14,22,'ADLER','1243143952',NULL,0,NULL,'','書込: 【議題２】2009年度活動計画','内田憲二、承認します。','text',0,0,'220.10.4.47','',0,0,0);
INSERT INTO `gl_forum_topic`VALUES (34,11,14,4,'SMOKY','1243143987',NULL,0,NULL,'','書込: 【議題２】2009年度活動計画','承認します。\r\n\r\nカヤマップ、新HP等、なかなか芳しく進んでおりませんが、今年度は何とか形にしたいです。\r\nご不便おかけしますが、ご理解とご協力をお願いします。\r\n\r\n交流イベントいいですね！','text',0,0,'220.157.165.130','',0,0,0);
INSERT INTO `gl_forum_topic`VALUES (35,11,16,22,'ADLER','1243144035',NULL,0,NULL,'','書込: 【議題５】会則改定案','実名を忘れたのでやりなおします。\r\n内田憲二、承認します。','text',0,0,'220.10.4.47','',0,0,0);
INSERT INTO `gl_forum_topic`VALUES (36,11,13,22,'ADLER','1243144109',NULL,0,NULL,'','書込: 【議題１】2008年度会計報告','実名を忘れてしまいました。\r\n内田憲二、承認します。','text',0,0,'220.10.4.47','',0,0,0);
INSERT INTO `gl_forum_topic`VALUES (37,11,12,3,'かやちゅ。','1243144165',NULL,0,NULL,'','【補足】掲示板書き込みに関する注意事項','１．トピックのタイトルに【議題】とついているものが，みなさんの承認をいただきたい項目です．\r\n\r\n２．この掲示板は投稿者名＝ユーザー名となりますので，評決の便宜上，本名フルネームの記載をお願いします．\r\n\r\nお手数ですが，どうぞ宜しくお願いします．','text',0,0,'220.157.165.130','',0,0,0);
INSERT INTO `gl_forum_topic`VALUES (38,11,19,22,'ADLER','1243144204',NULL,0,NULL,'','書込: 【議題３】2009年度収支予算書','上から見ていったのでミスを重ねてしまいました（汗\r\n重複していますが、内田憲二、承認します。','text',0,0,'220.10.4.47','',0,0,0);
INSERT INTO `gl_forum_topic`VALUES (39,11,19,4,'SMOKY','1243144234',NULL,0,NULL,'','書込: 【議題３】2009年度収支予算書','承認します。\r\n\r\nハードディスクは、カヤネットなどのデータを格納しているサーバー代わりのものです。\r\n（サーバーを使うよりも安価で低消費電力なので、LANディスクというのを使っています）\r\n\r\n今使っているものがだいぶ調子が悪くなってきて、保証期間外なので修理も難しく、買い換えをお願いしている感じです。他の活動と比べて２万円ぐらいというのは高価な気もしますが・・・。他のバックアップ手段とも併用したいと思いますが、承認頂けるとありがたいです。','text',0,0,'220.157.165.130','',0,0,0);
INSERT INTO `gl_forum_topic`VALUES (40,11,21,22,'ADLER','1243144307',NULL,0,NULL,'','書込: 【議題４】運営方式の変更','本当にすいません。\r\n実名を忘れていました、内田憲二でした。','text',0,0,'220.10.4.47','',0,0,0);
INSERT INTO `gl_forum_topic`VALUES (41,11,21,4,'SMOKY','1243144431',NULL,0,NULL,'','書込: 【議題４】運営方式の変更','承認します。\r\n\r\n部会制という方針がいいと思い、提案したのですが、実際にはなかなか難しいですね。\r\nそのときはベストだと思ったんですが・・・。\r\n\r\n部会メンバーの活動義務化や部会以外の人から中の活動が見えにくかったり、活動予算があまり申請されなかったり・・・と、本来のNGO、ボランティアな活動から少しずつずれてしまった気がします。\r\n\r\n今後は方針転換して、それぞれがやりたいことをのびのびと発揮できるようになれば・・・と思います。','text',0,0,'220.157.165.130','',0,0,0);
INSERT INTO `gl_forum_topic`VALUES (42,11,21,3,'かやちゅ。','1243144667',NULL,0,NULL,'','書込: 【議題４】運営方式の変更','[QUOTE][u]Quote by: ADLER[/u]本当にすいません。\r\n実名を忘れていました、内田憲二でした。[/QUOTE]\r\n\r\n内田さん\r\n\r\nご協力ありがとうございます．\r\nこの掲示板は投稿者名＝ユーザーＩＤなので，お名前の確認のために書いて貰うことにしました．\r\n\r\n\r\n\r\n','text',0,0,'220.157.165.130','',0,0,0);
INSERT INTO `gl_forum_topic`VALUES (43,10,24,4,'SMOKY','1243193593',NULL,0,NULL,'','書込: テスト投稿','画像のテスト\r\n\r\nススキ\r\n[img]http://kayanet-japan.com/filemgmt_data/files/DSC01651.JPG[/img]','text',0,0,'220.157.165.130','',0,0,0);
INSERT INTO `gl_forum_topic`VALUES (44,11,21,11,'kawayoy56','1243197521',NULL,0,NULL,'','書込: 【議題４】運営方式の変更','承認します。\r\n\r\n「メンバー全員がスタッフ」となるとちょっと荷が重い気もしますが、関心のある活動に、自分なりに関われる範囲でかかわる・・・・ということで、前向きに考えようと思います。\r\n\r\nHPの活用は、具体的な運営の流れがわかって、とてもいいと思います。ただ、その分、入会時の審査を慎重にする必要があるのかなぁ～という気もします。\r\n\r\n部会制があったお陰で、私はメンバーの方々に実際に出会うことができました。それぞれが活発化していれば、なかなかいい制度だったのですが、現状を考えると廃止も仕方ありませんね。「部会制」ご苦労さまでした！','text',0,0,'121.92.73.234','',0,0,0);
INSERT INTO `gl_forum_topic`VALUES (45,11,19,11,'kawayoy56','1243197712',NULL,0,NULL,'','書込: 【議題３】2009年度収支予算書','承認します。（辻淑子）','text',0,0,'121.92.73.234','',0,0,0);
INSERT INTO `gl_forum_topic`VALUES (46,11,13,11,'kawayoy56','1243197881',NULL,0,NULL,'','書込: 【議題１】2008年度会計報告','辻淑子、承認します。','text',0,0,'121.92.73.234','',0,0,0);
INSERT INTO `gl_forum_topic`VALUES (47,11,14,11,'kawayoy56','1243198508',NULL,0,NULL,'','書込: 【議題２】2009年度活動計画','辻淑子、承認します。\r\n\r\n★カヤマップの作成は、道券さんにお任せで申し訳ありませんが、よろしくお願いします。\r\n\r\n★関東方面での研修会、楽しみです！　ただ、秋は日程が混んでいるので、早めに日程調整をしたいですね。\r\n\r\n★イラスト講習会は、やはり関西方面になりますか・・・・？　ぜひ参加したいところです。（今、ちょうど自己流でカヤネズミの絵を描いているところなのですが、哺乳類は素人には厳しい！！！）\r\n','text',0,0,'121.92.73.234','',0,0,0);
INSERT INTO `gl_forum_topic`VALUES (48,11,13,23,'カナヤマ','1243206789',NULL,0,NULL,'','書込: 【議題１】2008年度会計報告','鑛山宗利、承認します。','text',0,0,'150.46.104.58','',0,0,0);
INSERT INTO `gl_forum_topic`VALUES (49,11,13,8,'かややん','1243225706',NULL,0,NULL,'','書込: 【議題１】2008年度会計報告','上野山雅子です。承認します。','text',0,0,'58.65.36.40','',0,0,0);
INSERT INTO `gl_forum_topic`VALUES (50,11,14,8,'かややん','1243227117',NULL,0,NULL,'','書込: 【議題２】2009年度活動計画','上野山雅子です。承認します。\r\n\r\n\r\n','text',0,0,'58.65.36.40','',0,0,0);
INSERT INTO `gl_forum_topic`VALUES (51,11,19,8,'かややん','1243227244',NULL,0,NULL,'','書込: 【議題３】2009年度収支予算書','上野山雅子です。承認します。','text',0,0,'58.65.36.40','',0,0,0);
INSERT INTO `gl_forum_topic`VALUES (52,11,21,8,'かややん','1243228715',NULL,0,NULL,'','書込: 【議題４】運営方式の変更','上野山雅子です。承認します。\r\n\r\n運営方式の変更について、経緯、概要ともによく理解できます。\r\nまた、新方式の基本的な考え方、\r\n「メンバー全員がスタッフである」というのも、賛成です。\r\n関わり方には、質・量ともに各々いろいろあると思いますが、\r\n自分に出来る事について、できるだけ積極的に参加したいと思っています。\r\n\r\n新ＨＰの活用についても、これまでより使いやすくなりそうで、\r\nこちらでのやりとりが楽しみです。\r\n\r\n\r\n','text',0,0,'58.65.36.40','',0,0,0);
INSERT INTO `gl_forum_topic`VALUES (53,10,24,4,'SMOKY','1243228900',NULL,0,NULL,'','書込: テスト投稿','テスト','text',0,0,'220.157.165.130','',0,0,0);
INSERT INTO `gl_forum_topic`VALUES (54,11,13,5,'nabe','1243245351',NULL,0,NULL,'','書込: 【議題１】2008年度会計報告','お疲れ様です。\r\n\r\n渡邉健也、承認します。','text',0,0,'122.130.206.181','',0,0,0);
INSERT INTO `gl_forum_topic`VALUES (55,11,14,5,'nabe','1243246285',NULL,0,NULL,'','書込: 【議題２】2009年度活動計画','渡邉健也です、承認します。\r\n\r\n全国区対象のイベントとなると参加者も主催者も大変ですね。\r\nでも、参加したいものばかりです。\r\n今年はスケジュールいっぱいなので、ダメかも。\r\nなるべく早く日程をお願いします。','text',0,0,'122.130.206.181','',0,0,0);
INSERT INTO `gl_forum_topic`VALUES (56,11,19,5,'nabe','1243246703',NULL,0,NULL,'','書込: 【議題３】2009年度収支予算書','渡邉健也です、承認します。\r\n\r\n【意見】\r\nデータ管理のような、代わりの無いハードディスクには\r\n即刻切り替えをして頂きたいです。\r\n個人分では、計画性がないのか、毎年容量アップで\r\n買い替えをしてしまっていますので、２年も持っているのが\r\n素晴らしいくらいで…\r\n遠慮なく、更新して頂きたいと思います。','text',0,0,'122.130.206.181','',0,0,0);
INSERT INTO `gl_forum_topic`VALUES (57,11,21,5,'nabe','1243256490',NULL,0,NULL,'','書込: 【議題４】運営方式の変更','渡邉健也です、承認します。\r\n\r\nそれぞれが繁忙さと興味でいろんな取組が出来るようで\r\nありがたいですが、それが具体的に見える形になれば\r\nいいなあと思います。\r\n','text',0,0,'122.130.206.181','',0,0,0);
INSERT INTO `gl_forum_topic`VALUES (58,11,21,3,'かやちゅ。','1243328719',NULL,0,NULL,'','書込: 【議題４】運営方式の変更','みなさん\r\n\r\n新運営方式への移行について，ご理解いただき感謝します．\r\n前向きなご意見をいただけて，とても嬉しく思っています．\r\n\r\n[QUOTE][u]Quote by: kawayoy56[/u]\r\n\r\nHPの活用は、具体的な運営の流れがわかって、とてもいいと思います。ただ、その分、入会時の審査を慎重にする必要があるのかなぁ～という気もします。\r\n\r\n[/QUOTE]\r\n\r\n入会申込みの際は，入会動機を詳しく書いて貰うことになっていて，それが安全弁になっています．\r\n\r\nあとは，内規で，会議内容の無断転載禁止を徹底するとか，でしょうか．\r\n\r\nみなさんにもその点はご協力をお願いしたいと思います．','html',0,0,'220.157.165.130','',0,0,0);
INSERT INTO `gl_forum_topic`VALUES (59,11,14,3,'かやちゅ。','1243329933',NULL,0,NULL,'','書込: 【議題２】2009年度活動計画','開催日程は早めに決めたいですね．\r\nただ，私自身は８月くらいまでＤ論の方が忙しいため，動けるのはそれ以降になってしまいます．\r\nですので，私が言い出しっぺになっている交流イベントは，時期的には秋以降になります．\r\n\r\nイラスト講習会の場所は，さえぼんが大阪の人なので，大阪か，京都でと考えています．\r\n個人的希望としては，機会があればぜひ晶さんに講師をお願いして，東京方面でイラスト講習会が開けたらいいなぁと思っているのですが，・・・って，私が勝手に話を進めてしまったらいけませんね．','html',0,0,'220.157.165.130','',0,0,0);
INSERT INTO `gl_forum_topic`VALUES (62,11,14,16,'荘司たか志','1243349302',NULL,0,NULL,'','【承認】','荘司です。\r\n承認します。','text',0,0,'218.221.206.58','',0,0,0);
INSERT INTO `gl_forum_topic`VALUES (63,11,13,16,'荘司たか志','1243349440',NULL,0,NULL,'','【承認】','荘司です。\r\n\r\n承認します。\r\n','text',0,0,'218.221.206.58','',0,0,0);
INSERT INTO `gl_forum_topic`VALUES (64,11,19,16,'荘司たか志','1243349509',NULL,0,NULL,'','【承認】','荘司です。\r\n承認します。\r\n','text',0,0,'218.221.206.58','',0,0,0);
INSERT INTO `gl_forum_topic`VALUES (65,11,21,16,'荘司たか志','1243349576',NULL,0,NULL,'','【承認】','荘司です。\r\n承認します。','text',0,0,'218.221.206.58','',0,0,0);
INSERT INTO `gl_forum_topic`VALUES (66,11,13,15,'kumico','1243427936',NULL,0,NULL,'','書込: 【議題１】2008年度会計報告','澤辺久美子　承認します','text',0,0,'122.23.189.229','',0,0,0);
INSERT INTO `gl_forum_topic`VALUES (67,11,14,15,'kumico','1243428199',NULL,0,NULL,'','書込: 【議題２】2009年度活動計画【意見】','澤辺久美子　承認します。\r\n\r\nイベント系とても楽しそうで参加したいです。\r\n私もイラストの描き方勉強したいです。絵が下手なので・・・\r\n\r\n研修会やカヤサミットなどと一緒にしたりして、\r\nできるだけ一度にいろんな内容で集まる機会をもてれば参加しやすいと思います。','text',0,0,'122.23.189.229','',0,0,0);
INSERT INTO `gl_forum_topic`VALUES (68,11,19,15,'kumico','1243428336',NULL,0,NULL,'','書込: 【議題３】2009年度収支予算書','澤辺久美子　承認します。\r\n\r\nカヤサミット、イベント系の予算はとっておかなくてもだいじょうぶでしょうか。','text',0,0,'122.23.189.229','',0,0,0);
INSERT INTO `gl_forum_topic`VALUES (69,11,21,15,'kumico','1243428397',NULL,0,NULL,'','書込: 【議題４】運営方式の変更','澤辺久美子　承認します。','text',0,0,'122.23.189.229','',0,0,0);
INSERT INTO `gl_forum_topic`VALUES (70,11,16,15,'kumico','1243428459',NULL,0,NULL,'','書込: 【議題５】会則改定案','澤辺久美子　承認します。','text',0,0,'122.23.189.229','',0,0,0);
INSERT INTO `gl_forum_topic`VALUES (71,11,16,4,'SMOKY','1243441152',NULL,0,NULL,'','書込: 【議題５】会則改定案','承認します。\r\n\r\n書き込んだつもりだったんですが、抜けていたようです。','text',0,0,'220.157.165.130','',0,0,0);
INSERT INTO `gl_forum_topic`VALUES (72,11,19,3,'かやちゅ。','1243473103',NULL,0,NULL,'','書込: 【議題３】2009年度収支予算書','[QUOTE][u]Quote by: kumico[/u]\r\n\r\nカヤサミット、イベント系の予算はとっておかなくてもだいじょうぶでしょうか。[/QUOTE]\r\n\r\nカヤサミットは，今年度は話し合って企画を形にしていくことが活動の目的です．\r\n活動の場は，新ＨＰの掲示板がメインになります．ですので，固定の割り当て予算は計上していません．\r\n秋の研修会でも，ちょっと話が出来たらいいですね．\r\n\r\nまた，サミット企画の準備段階で発生する経費（資料代や消耗品費など）は，それぞれの該当項目の予算から支出を考えています（それを前提に，前年度よりも若干増額しています）．\r\n\r\nイベントについては，これまでと同じように，参加費をいただいて経費に充てたいと考えています．赤字が出た場合は，予備費をそれに充てる予定です．\r\n','html',0,0,'220.157.165.130','',0,0,0);
INSERT INTO `gl_forum_topic`VALUES (73,11,13,12,'kita8436','1243474557',NULL,0,NULL,'','書込: 【議題１】2008年度会計報告','北　秀司\r\n繰越金が少し多いように思いますが、大きなイベントのときは繰越金をかなり思い切って使われたらと思います。\r\n承認です。 :arrow:  :twisted:  :mrgreen: ','text',0,0,'219.115.216.154','',0,0,0);
INSERT INTO `gl_forum_topic`VALUES (74,11,14,3,'かやちゅ。','1243474956',NULL,0,NULL,'','書込: 【議題２】2009年度活動計画','イラスト講習会は人気高そうですね :lol: \r\n\r\n[QUOTE][u]Quote by: kumico[/u]\r\n\r\n研修会やカヤサミットなどと一緒にしたりして、\r\nできるだけ一度にいろんな内容で集まる機会をもてれば参加しやすいと思います。[/QUOTE]\r\n\r\nうーん，なるほど．\r\n私は逆に，イベントを集約させるよりは，分散して参加の機会を増やしたいと考えていました．\r\nひとつも参加できないよりも，ひとつでも参加できるものがあった方がいいかなと．\r\n\r\nイベントの講師役の人も参加者も，住んでいる地域・仕事・環境などさまざまなので，希望者全員が参加できる日程を組むことは現実的に難しいと思っています．去年の研修会の時もそうでしたよね．\r\n\r\nまだまだ先の話なので，日程については講師役の人のスケジュールを最優先として，なるべく柔軟に対応したいと思っています．\r\n','text',0,0,'220.157.165.130','',0,0,0);
INSERT INTO `gl_forum_topic`VALUES (75,11,14,12,'kita8436','1243474966',NULL,0,NULL,'','書込: 【議題２】2009年度活動計画','北　秀司です\r\n\r\n関東のカヤネット研修会楽しみです。\r\nカヤネズミの保存に関係する他の動植物の保存会との交流などが出来ればと思います。','text',0,0,'219.115.216.154','',0,0,0);
INSERT INTO `gl_forum_topic`VALUES (76,11,19,12,'kita8436','1243475667',NULL,0,NULL,'','書込: 【議題３】2009年度収支予算書','北です。\r\n\r\n前年の収支予算書でも述べさせていただきましたが。\r\n年に１回ぐらい大きなイベント、勿論カヤネズミの保存と河川、里山の環境保存、が大きなテーマ\r\nですが繰越金も使ってやられたらと思います。\r\n承認です。','text',0,0,'219.115.216.154','',0,0,0);
INSERT INTO `gl_forum_topic`VALUES (77,11,21,12,'kita8436','1243477394',NULL,0,NULL,'','書込: 【議題４】運営方式の変更','北です。\r\nメンバー全員がスタッフというのは斬新なアイデアと思います。\r\nただ個人それぞれに得手、不得手があると思いますのでその辺の考慮が大事と思います。\r\n畠さんのリーダーシップにお任せします。\r\n承認。','text',0,0,'219.115.216.154','',0,0,0);
INSERT INTO `gl_forum_topic`VALUES (78,11,16,12,'kita8436','1243477599',NULL,0,NULL,'','書込: 【議題５】会則改定案','北です。\r\n承認です。','text',0,0,'219.115.216.154','',0,0,0);
INSERT INTO `gl_forum_topic`VALUES (79,11,13,19,'saeko','1243498361',NULL,0,NULL,'','書込: 【議題１】2008年度会計報告','いつもお疲れ様です。\r\n承認いたします。乾　紗英子','text',0,0,'219.24.70.203','',0,0,0);
INSERT INTO `gl_forum_topic`VALUES (80,11,13,21,'tusu6','1243499098',NULL,0,NULL,'','書込: 【議題１】2008年度会計報告','松本晶です。承認いたします。','text',0,0,'119.240.200.220','',0,0,0);
INSERT INTO `gl_forum_topic`VALUES (81,11,14,21,'tusu6','1243499290',NULL,0,NULL,'','書込: 【議題２】2009年度活動計画','松本晶です。承認いたします。','text',0,0,'119.240.200.220','',0,0,0);
INSERT INTO `gl_forum_topic`VALUES (82,11,19,21,'tusu6','1243499433',NULL,0,NULL,'','書込: 【議題３】2009年度収支予算書','松本晶です。承認いたします。','text',0,0,'119.240.200.220','',0,0,0);
INSERT INTO `gl_forum_topic`VALUES (83,11,14,19,'saeko','1243499577',NULL,0,NULL,'','書込: 【議題２】2009年度活動計画','乾紗英子です。承認いたします。\r\n\r\nイラスト講習会、かやちゅさんから\r\nお話をいただいたのですがドキドキしています。\r\n\r\n技術・デッサンよりもフィーリングで描いている人間なので、\r\n楽しんで描きましょう！といった内容になるかもしれませんが(^^；ゞ\r\n久しぶりの皆様にお会いしたいので楽しみにしています。\r\n\r\nヨシ紙ポストカードは目下製作中です！\r\n\r\n案にあがっている西村さんのよみきかせ、\r\n松本さんのイラスト講習会、すごく楽しみです！！','text',0,0,'219.24.70.203','',0,0,0);
INSERT INTO `gl_forum_topic`VALUES (84,11,21,21,'tusu6','1243499583',NULL,0,NULL,'','書込: 【議題４】運営方式の変更','松本晶です。承認いたします。','text',0,0,'119.240.200.220','',0,0,0);
INSERT INTO `gl_forum_topic`VALUES (85,11,16,21,'tusu6','1243499668',NULL,0,NULL,'','書込: 【議題５】会則改定案','松本晶です。承認いたします。','text',0,0,'119.240.200.220','',0,0,0);
INSERT INTO `gl_forum_topic`VALUES (86,11,19,19,'saeko','1243499841',NULL,0,NULL,'','書込: 【議題３】2009年度収支予算書','承認いたします。　乾　紗英子','text',0,0,'219.24.70.203','',0,0,0);
INSERT INTO `gl_forum_topic`VALUES (87,11,21,19,'saeko','1243500028',NULL,0,NULL,'','書込: 【議題４】運営方式の変更','承認いたします。　乾　紗英子です。\r\n\r\n','text',0,0,'219.24.70.203','',0,0,0);
INSERT INTO `gl_forum_topic`VALUES (88,11,16,19,'saeko','1243500388',NULL,0,NULL,'','書込: 【議題５】会則改定案','乾紗英子です。承認いたします。\r\n','text',0,0,'219.24.70.203','',0,0,0);
INSERT INTO `gl_forum_topic`VALUES (89,11,16,8,'かややん','1243516161',NULL,0,NULL,'','書込: 【議題５】会則改定案','上野山雅子です。承認します。','text',0,0,'58.65.36.40','',0,0,0);
INSERT INTO `gl_forum_topic`VALUES (90,11,13,26,'シゲ。','1243644314',NULL,0,NULL,'','書込: 【議題１】2008年度会計報告','金尾滋史、承認します。','text',0,0,'61.199.215.16','',0,0,0);
INSERT INTO `gl_forum_topic`VALUES (91,11,14,26,'シゲ。','1243644800',NULL,0,NULL,'','書込: 【議題２】2009年度活動計画','金尾滋史、承認します。\r\nここには、でてきていませんが、カヤネット新聞くらいならなんとかご協力ができるかと・・・','text',0,0,'61.199.215.16','',0,0,0);
INSERT INTO `gl_forum_topic`VALUES (92,11,19,26,'シゲ。','1243644955',NULL,0,NULL,'','書込: 【議題３】2009年度収支予算書','金尾滋史です。承認します。\r\nバックアップは二重、三重にとっておいてもよいくらいですので、もちろん構いません。\r\n私も何度地獄をみてきたことか。。。','text',0,0,'61.199.215.16','',0,0,0);
INSERT INTO `gl_forum_topic`VALUES (93,11,21,26,'シゲ。','1243645100',NULL,0,NULL,'','書込: 【議題４】運営方式の変更','金尾滋史です。承認します。\r\n','text',0,0,'61.199.215.16','',0,0,0);
INSERT INTO `gl_forum_topic`VALUES (94,11,16,26,'シゲ。','1243645165',NULL,0,NULL,'','書込: 【議題５】会則改定案','金尾滋史です。承認します。','text',0,0,'61.199.215.16','',0,0,0);
INSERT INTO `gl_forum_topic`VALUES (95,11,19,3,'かやちゅ。','1243673572',NULL,0,NULL,'','書込: 【議題３】2009年度収支予算書','[QUOTE][u]Quote by: kita8436[/u]\r\n年に１回ぐらい大きなイベント、勿論カヤネズミの保存と河川、里山の環境保存、が大きなテーマ\r\nですが繰越金も使ってやられたらと思います。\r\n[/QUOTE]\r\n\r\n会の内外の交流を深めるために，毎年何かの形でイベントができたらいいですね．\r\n\r\nただ，大きなイベントをやるには，お金も人手もたくさん必要なので，今のカヤネットの運営規模だとちょっと難しいかも知れません．\r\n\r\nみなさんと相談しながら，その時々の人員・財政状況にみあったイベントができたらいいなと思っています．\r\nぜひお力添え下さい．','html',0,0,'220.157.165.130','',0,0,0);
INSERT INTO `gl_forum_topic`VALUES (96,11,14,3,'かやちゅ。','1243674299',NULL,0,NULL,'','書込: 【議題２】2009年度活動計画','[QUOTE][u]Quote by: シゲ。[/u]\r\nここには、でてきていませんが、カヤネット新聞くらいならなんとかご協力ができるかと・・・[/QUOTE]\r\n\r\n金尾編集長に製作していただいたカヤネット新聞は，カヤサミットで大好評でしたね :D \r\n\r\nぜひ第３号の発行にもご協力下さい　ペコ(o_ _)ｏ))','text',0,0,'220.157.165.130','',0,0,0);
INSERT INTO `gl_forum_topic`VALUES (97,11,16,4,'SMOKY','1243786914',NULL,0,NULL,'','書込: 【議題５】会則改定案','[color=red]\r\n【議題５】会則改定案\r\n承認：１２　否認：０\r\nよって、出席者の過半数を超えますので、議題５を可決とします。\r\n\r\n引き続き、ご意見等ございましたらお気軽にお寄せ下さい。\r\nよろしくお願いします。\r\n[/color]','text',0,0,'220.157.165.130','',0,0,0);
INSERT INTO `gl_forum_topic`VALUES (98,11,14,4,'SMOKY','1243786981',NULL,0,NULL,'','書込: 【議題２】2009年度活動計画','[color=red]\r\n【議題２】2009年度活動計画\r\n承認：１５　否認：０\r\nよって、出席者の過半数を超えますので、議題２を可決とします。\r\n\r\n引き続き、ご意見等ございましたらお気軽にお寄せ下さい。\r\nよろしくお願いします。\r\n[/color]','text',0,0,'220.157.165.130','',0,0,0);
INSERT INTO `gl_forum_topic`VALUES (99,11,19,4,'SMOKY','1243787060',NULL,0,NULL,'','書込: 【議題３】2009年度収支予算書','[color=red]\r\n【議題３】2009年度収支予算書\r\n承認：１５　否認：０\r\nよって、出席者の過半数を超えますので、議題３を可決とします。\r\n\r\n引き続き、ご意見等ございましたらお気軽にお寄せ下さい。\r\nよろしくお願いします。\r\n[/color]','text',0,0,'220.157.165.130','',0,0,0);
INSERT INTO `gl_forum_topic`VALUES (100,11,21,4,'SMOKY','1243787125',NULL,0,NULL,'','書込: 【議題４】運営方式の変更','[color=red]\r\n【議題４】運営方式の変更\r\n承認：１５　否認：０\r\nよって、出席者の過半数を超えますので、議題４を可決とします。\r\n\r\n引き続き、ご意見等ございましたらお気軽にお寄せ下さい。\r\nよろしくお願いします。\r\n[/color]','text',0,0,'220.157.165.130','',0,0,0);
INSERT INTO `gl_forum_topic`VALUES (101,11,13,4,'SMOKY','1243787224',NULL,0,NULL,'','書込: 【議題１】2008年度会計報告','[color=red]\r\n【議題１】2008年度会計報告\r\n承認：１６　否認：０\r\nよって、出席者の過半数を超えますので、議題１を可決とします。\r\n\r\n引き続き、ご意見等ございましたらお気軽にお寄せ下さい。\r\nよろしくお願いします。\r\n[/color]','text',0,0,'220.157.165.130','',0,0,0);
INSERT INTO `gl_forum_topic`VALUES (102,8,25,22,'ADLER','1244555818',NULL,0,NULL,'','書込: 【質問】写真のアップの仕方','[img]http://kayanet-japan.com/filemgmt_data/files/kumogata01.jpg[/img]','text',0,0,'220.10.4.42','',0,0,0);
INSERT INTO `gl_forum_topic`VALUES (103,8,9,4,'SMOKY','1244652341',NULL,0,NULL,'','書込: 【要望】使い方ヘルプ','まだまだ時間がかかりそうですが、頑張ります。','text',0,0,'220.157.165.130','',0,0,0);
INSERT INTO `gl_forum_topic`VALUES (104,8,25,4,'SMOKY','1244652472',NULL,0,NULL,'','書込: 【質問】写真のアップの仕方','きれいに貼れていますね。ＭＬでの内容を転載しておきますね。\r\n\r\n[code]\r\n掲示板の方は直接画像をアップすることは出来ませんが、以下の方法で貼り付け出来\r\nます。\r\n\r\n１．ログインする\r\n２．左側のメニューの「ファイルアップロード」で画像をアップロードする\r\n３．アップロード後の画像のアドレスを、画面上の「ダウンロード」のところから確\r\n認する\r\n４．掲示板の新規投稿または返信で、「Img」ボタンをクリックして画像のアドレスを\r\n貼り付け、もう一度[Img]ボタンをクリックする（[img]画像アドレス[/img]のような\r\n形になります）\r\n５．「保存」ボタンをクリックして投稿する。\r\n\r\n[/code]','text',0,0,'220.157.165.130','',0,0,0);
INSERT INTO `gl_forum_topic`VALUES (105,8,25,1,'katura','1244894478',NULL,0,NULL,'','書込: 【質問】写真のアップの仕方','回答ありがとうございました。掲示板への直接貼り付けはできないんですね。\r\n\r\n試しに貼り付けてみます。うまくできるかな・・・？\r\n\r\n[img]http://kayanet-japan.com/filemgmt_data/files/renge.jpg[/img]','html',0,0,'220.157.165.130','',0,0,0);
INSERT INTO `gl_forum_topic`VALUES (106,8,25,8,'かややん','1245155638',NULL,0,NULL,'','書込: 【質問】写真のアップの仕方','私も、画像の貼り付けを試してみます・・・\r\n\r\n誰の仕業かわからない、草の造形です。\r\n\r\n[img]http://kayanet-japan.com/filemgmt_data/files/yosi.jpg[/img]','text',0,0,'58.65.36.40','',0,0,0);
INSERT INTO `gl_forum_topic`VALUES (107,10,0,5,'nabe','1245598756','1245679288',108,NULL,'','今年初見のカヤ','[img]http://kayanet-japan.com/filemgmt/visit.php?lid=24[/img]\r\n\r\n京都西院の渡邉です。\r\nちゃんとアップできたか心配です。\r\n\r\n今年初見のカヤ\r\n昼間の出会いにびっくり。\r\n昨年に続いてだったので、少しは落ち着いて写せました。\r\n何度見ても、可愛いですね。','text',1,27,'122.130.206.181','',0,0,0);
INSERT INTO `gl_forum_topic`VALUES (108,10,107,3,'かやちゅ。','1245679288',NULL,0,NULL,'','書込: 今年初見のカヤ','ばっちりです！(o^-\' b good!','text',0,0,'220.157.165.130','',0,0,0);
INSERT INTO `gl_forum_topic`VALUES (109,8,9,1,'こんばんは！','1245680331',NULL,0,NULL,'','書込: 【要望】使い方ヘルプ','ヘルプ集はあったら便利かなと思っていましたが、使っているうちに段々と慣れてきました。\r\n\r\nみんなでわからないところを教え合ってヘルプ集を作っていくスタイルの方が、管理人さんの負担も少なくて済むのでいいですね。\r\n\r\n画像が評価できるシステムいいですね :D ','text',0,0,'220.157.165.130','',0,0,0);
INSERT INTO `gl_forum_topic`VALUES (110,8,0,9,'crazyhorse2491','1246892697','1246974556',111,NULL,'','カヤネズミの巣作り','[img]I:\\写真\\conv0101.JPG[/img]\r\n \r\n畠さん\r\n\r\nこれはカヤネズミの巣作りの始まりですか。\r\n\r\n\r\n竹内','text',1,3012,'58.70.115.95','',0,0,0);
INSERT INTO `gl_forum_topic`VALUES (111,8,110,3,'かやちゅ。','1246974556',NULL,0,NULL,'','書込: カヤネズミの巣作り','画像の方にコメントつけましたが，鳥ではないでしょうか．\r\n\r\n同じようなものを，私も見たことがあります．ただ，作っているところを目撃していないので，自信はありませんが・・・\r\n\r\n少なくとも，体サイズから考えて，カヤネズミにはこんな荒技はできないんじゃないかなぁ．','text',0,0,'220.157.165.130','',0,0,0);
INSERT INTO `gl_forum_topic`VALUES (112,7,0,3,'かやちゅ。','1248520064','1248520064',0,NULL,'','画像投稿関係のFAQ','画像の投稿について質問がありましたので、まとめて回答を貼っておきます。\r\n\r\n[b]ファイルの承認作業[/b]\r\nファイルのアップロード後、以下の手順で「承認」すると、画像を見れるようになります。\r\n\r\n＠手順\r\n１．画面左のメニューの「ファイル管理」をクリック。\r\n２．「ダウンロード」のタブに赤で数字が表示されていれば、それが未承認ファイルです。それをクリック。\r\n３．「承認」ボタンを押して完了．\r\n\r\n[b]アップした画像を掲示板に貼り付ける[/b]\r\n「Ｉｍｇ」と「Ｉｍｇ」の間には，画像のＵＲＬをコピーペーストします。\r\n\r\n＠手順\r\n１．画像を承認した後，画面上の「ダウンロード」をクリック。\r\n２．画像のリストから貼り付けたい画像を選んで表示させ、ＵＲＬをコピー。\r\n３．「Ｉｍｇ」を１回押してコピーしたＵＲＬを貼り付け、もう一度「Ｉｍｇ」を押して完了。\r\n\r\n[b]画像の差し替え[/b]\r\n差し替えはいつでも可能です。画像は以下の方法で削除できます。\r\n\r\n１．ログインする\r\n２．「ダウンロード」をクリック→削除したい画像の投稿記事を表示させて「編集」をクリック。\r\n３．「削除」ボタンを押して完了。\r\n\r\n[b]投稿画像の拡張子とファイルサイズ[/b]\r\n画像の拡張子は、jpegが適切です。jpegだとファイルサイズを小さく出来ます。\r\nネットでは画像はなるべく軽い方が見やすいので、投稿用の画像はだいたい100kbくらいにして貰えると助かります。','text',0,13,'220.157.165.130','',0,0,0);
INSERT INTO `gl_forum_topic`VALUES (113,7,0,3,'かやちゅ。','1248520918','1248596180',119,NULL,'','記事投稿方法','１．左のメニューの「記事」をクリック。\r\n\r\n２．「記事管理」と表示されたページに移動するので、「新規作成」をクリック。→記事の編集ページに移動します。\r\n\r\n３．記事の各項目の書き方\r\n・「タイトル」：適当なタイトルを付ける。\r\n・「話題」：「カヤネズミ便り」を選択。\r\n・「冒頭文」：ホームページを開いた時に表示される部分です。長文の記事の場合は、最初の数行を入力すると見やすいと思います。\r\n・「本文」：続きの文章を入れて下さい。\r\n\r\n４．画像の貼り付け方（記事に画像を貼り付けたい場合）\r\nページ上部の「画像」のタブをクリック→「画像」タブが青色に変わり、画像編集ページに移動します。\r\n「参照」ボタンを押し、アップしたい画像を選択。\r\n\r\n５．全ての作業が終了したら、「保存」ボタンを押して完了。','text',2,33,'220.157.165.130','',0,0,0);
INSERT INTO `gl_forum_topic`VALUES (114,10,0,3,'かやちゅ。','1248528676','1248528676',114,NULL,'','テスト','[img]http://kayanet-japan.com/filemgmt_data/files/conv0101.JPG\r\n[/img]','text',0,13,'220.157.165.130','',0,0,0);
INSERT INTO `gl_forum_topic`VALUES (115,7,113,11,'kawayoy56','1248573905',NULL,0,NULL,'','書込: 記事投稿方法','　早速、「日食とカヤネズミ」の記事を投稿してみました。\r\n3番の記事の書き方までは順調にすみましたが、画像の貼り付けができませんでした。「画像」のタブは青色に変わりましたが、画面はそのままで画像編集ページに移動できませんでした。\r\n　今回は、画像なしですませました。','text',0,0,'116.83.136.214','',0,0,0);
INSERT INTO `gl_forum_topic`VALUES (120,7,0,3,'かやちゅ。','1249042635','1249456617',123,NULL,'','カヤマップ都道府県版の移行作業手順','カヤマップを新ＨＰに移行させるための作業手順です。\r\n作業に入る前に、別のウィンドウに旧ホームページの「全国カヤマップ」（http://www2.kayanet-japan.com/map/index.htm）を表示させておいて下さい。\r\n\r\n＠第一ステップ：都道府県版のページの移し替え\r\n\r\n１．左のメニューの「静的ページ」をクリック。\r\n\r\n２．「静的ページ管理」と表示されたページに移動するので、「新規作成」をクリック。→編集ページに移動します。\r\n\r\n３．各項目の書き方\r\n・「タイトル」：作成する都道府県名を付ける。\r\n・「投稿モード」：「アドバンストエディタ」を選択。\r\n・「ID」：タイトルの都道府県名をアルファベット小文字で記入（例：タイトルが兵庫県なら「hyogo」）\r\n\r\n４．全国カヤマップの左フレームから、作成する都道府県を選択し、右フレームに詳細情報を表示させる。\r\n\r\n５．右フレーム内の情報をすべて選択＆コピーして、編集ページの本文書き込み欄に貼り付け。\r\nこのとき、「アクセスを許可しますか？」と２回聞かれるので、２回とも「許可」する。\r\n\r\n６．全ての作業が終了したら、「保存」ボタンを押す→再び、「静的ページ管理」に戻り、作成したページが新しく記事リストに表示されていることを確認。\r\n\r\n－－－－－－－－－\r\n\r\n＠第２ステップ：都道府県版のページから、全国版のページにリンクを貼る\r\n\r\n７．「静的ページ管理」の記事リストから、６で作成した都道府県名をクリック→当該ページを表示させ、ＵＲＬをコピー。\r\n\r\n９．「静的ページ管理」に戻り、記事リストの「全国カヤマップ」の編集ボタン（えんぴつマーク）を押す。→編集ページに移動。\r\n\r\n１０．リンクさせたい都道府県名をカーソルで反転しておき、リンク挿入ボタン（地球マーク）をクリック。\r\n→リンクの小窓が立ち上がるので、ＵＲＬを貼り付ける。\r\n→「フレーム」のタブをクリックして、フレーム「なし」を選択。\r\n最後に「ＯＫ」をクリック。\r\n\r\n１１．全ての作業が終了したら、「保存」ボタンを押して完了。\r\n\r\n１２．７～１１までの手順で、同様に「全国カヤマップ2007年度版」へのリンクも貼る。','text',2,48,'220.157.165.130','',0,0,0);
INSERT INTO `gl_forum_topic`VALUES (119,7,113,3,'かやちゅ。','1248596180',NULL,0,NULL,'','書込: 記事投稿方法','記事見ました。無事、アップ成功ですね！(o^-\')b good!\r\n\r\n[QUOTE][u]Quote by: kawayoy56[/u]　早速、「日食とカヤネズミ」の記事を投稿してみました。\r\n「画像」のタブは青色に変わりましたが、画面はそのままで画像編集ページに移動できませんでした。[/QUOTE]\r\n\r\n画像タブが青色に変わっていたら、画面が切り替わっているサインです。\r\n\r\nちょっと説明不足だったのですが、画像編集ページの上半分は記事編集ページと同じ内容が表示されるので、一見ページが切り替わっていないように見えます。\r\n\r\n次に記事投稿する時は、ぜひ画像添付にチャレンジしてみて下さい。','text',0,0,'220.157.165.130','',0,0,0);
INSERT INTO `gl_forum_topic`VALUES (121,7,120,3,'かやちゅ。','1249042927',NULL,0,NULL,'','追記: 静的ページの編集ページで、編集欄を拡大する方法','「静的ページの編集」のページで、「？」ボタンの左にある水色の四角いボタンを押すと、編集欄が大きくなります。\r\n\r\nもう一度ボタンを押すと、元に戻ります。','text',0,0,'220.157.165.130','',0,0,0);
INSERT INTO `gl_forum_topic`VALUES (122,7,0,3,'かやちゅ。','1249257014','1257605802',232,NULL,'','カヤマップ2007年度版移行作業の進捗状況','現在、トップページと東京、京都、兵庫のページの移行が終わっています。\r\n\r\n作業を手伝っていただける場合は、作業の重複を避けるため、この投稿に「○○県」やります、と返信して下さい。','text',47,593,'220.157.165.130','',0,0,0);
INSERT INTO `gl_forum_topic`VALUES (123,7,120,1,'jippo','1249456617',NULL,0,NULL,'','書込: カヤマップ都道府県版の移行作業手順','西尾です。いまいち掲示板のシステムがよくわかりませんが、とりあえず「奈良県」をやってみます。試行錯誤で時間がかかるかもしれません。','text',0,0,'122.102.164.246','',0,0,0);
INSERT INTO `gl_forum_topic`VALUES (124,7,122,1,'jippo','1249457915',NULL,0,NULL,'','書込: カヤマップ2007年度版移行作業の進捗状況','西尾です。いまいち掲示板のシステムがよくわかりませんが、とりあえず「奈良県」をやってみます。試行錯誤で時間がかかるかもしれません。 （すみません。投稿箇所をまちがえて別のツリーに同じコメントをかっ込んでしまいました）。','text',0,0,'122.102.164.246','',0,0,0);
INSERT INTO `gl_forum_topic`VALUES (125,7,122,1,'jippo','1249459940',NULL,0,NULL,'','書込: カヤマップ2007年度版移行作業の進捗状況','とりあえず「奈良」をやってみました。これで問題がなさそうなら、続けて作業します。お手数ですが、編集画面をご確認くださいますでしょうか。','text',0,0,'122.102.164.246','',0,0,0);
INSERT INTO `gl_forum_topic`VALUES (126,7,122,3,'かやちゅ。','1249472564',NULL,0,NULL,'','書込: カヤマップ2007年度版移行作業の進捗状況','jippoさん、ご協力感謝です～～～！！！\r\n奈良県版マップ、ばっちりＯＫです :D\r\n\r\n今後の作業ですが、よろしければ2007年度版の移行を進める代わりに、2008年度版マップを新ＨＰ上にアップする作業をお願いできますか？\r\n作業内容は、移行作業手順の「第一ステップ」、つまり都道府県版のマップを「静的ページ」に作る段階までです。\r\n\r\nそうすると、カヤネット会員なら誰でも、表の追加や編集が、新ＨＰ上から直接できるので、あとの作業がとても進めやすくなります。\r\n\r\n編集作業が終わった時点で、トップページにリンクを貼れば、2008年度版が公開できます。\r\n\r\n','text',0,0,'220.157.165.130','',0,0,0);
INSERT INTO `gl_forum_topic`VALUES (136,5,0,1,'jippo','1249523601','1252882664',201,NULL,'','世界カヤネズミ事情【１】（『セルボーンの博物誌』　1767年)','イギリス南部のハンプシャー州にあるセルボーン（ロンドンの南西約80km）に住んでいたギルバート・ホワイト（1720～1793）は、身近な自然を観察して、[b]「セルボーンの博物誌」[/b]を著しました。この書物は現在知られている限りでは、世界で初めてカヤネズミを記録したものであるとされています。日本でも何度か翻訳されているのですが、ここでは著作権の関係上、[url=\"http://www.gutenberg.org/dirs/etext98/tnhos10.txt\"]グーテンベルク・プロジェクトにあるオリジナル[/url]から、該当箇所を訳出してみました。\r\n\r\nカヤネズミの英名は「ハーベストマウス（harvest mouse）＝収穫期のネズミ」です。ホワイトの記録を読むと、麦の収穫期にはたくさんのカヤネズミが見られたことがわかります。\r\n\r\n[b]第十の手紙（トーマス・ペナント宛　1767年8月4日）[/b]\r\n\r\n（略）。さて、町でお話したネズミですが、まだ入手する機会がありません。 先日、この動物を持って来てくれた人によると、収穫の時期にはたくさんいるそうですから、もっと多くの標本を手に入れるように努力してみましょう。そしてこのネズミをめぐる疑問を解いて、これが未記載の種なのかどうかをつきとめたいと思います。\r\n\r\n[b]第十二の手紙（トーマス・ペナント宛　1767年11月4日）[/b]\r\n\r\nこの前の手紙に書いたネズミの標本をいくつか入手しました。若い個体1体と、子どもを連れた雌の個体です。どちらもブランディーに漬けて保存してあります。毛の色、体の形、大きさ、営巣の方法から考えると　このネズミが未記載の種であることに間違いはありません。このネズミはレー氏（有名な博物学者、1628～1705）が記載している「中型のイエネズミ」（mus domesticus medius）よりもかなり小さくてほっそりとしています。毛の色はリスやヨーロッパヤマネのものに近く、腹部は白。体の横を走る一本の線によって背中と腹の色がくっきりと区別できます。\r\n\r\nこのネズミたちは、決して人家には入ってきませんが、刈り取られた草といっしょになって積み上げた干草や納屋の中に持ち込まれることがあります。収穫期には多くを見ることができ、地上部にある穀類の茎の間に巣を作ります。アザミに巣をかけることもあります。このネズミは、牧草や小麦の葉で作った小さな球形の巣の中で一度に八頭もの子を産みます。 \r\n\r\n今年の秋には、巣の一つを入手することができました。非常に念入りに編まれており、小麦の葉で作られていました。 完璧な球形をしており、クリケットのボールと同じくらいの大きさでした。 とても器用に入り口を塞いでおり、どこに入り口があるのかわかりませんでした。きっちりと編まれていて中もぎっしりと詰まっているので、 テーブルの上を転がしても崩れたりはしないでしょう。とは言っても、この巣の中には目も開かず、毛も生えていない8頭もの子ネズミがいたのです。\r\n\r\nこのように満杯状態の巣の中で、母ネズミはどうやってそれぞれの子ネズミの傍まで行って乳を与えるのでしょう？　多分、毎回、違う場所に穴を開けて、授乳が終わるたびにその穴を塞いでいるのではないでしょうか。でも、母ネズミが子どもたちといっしょに巣の中に入っているのは無理だと思います。子どもたちはどんどん大きくなっていくからです。この見事な出産用の揺りかごは、本能がもたらす妙技を駆使して作られていました。わたしのもとにある巣は小麦畑で見つかったもので、アザミの頭からぶらさがっていました。\r\n\r\n[b]第十三の手紙（トーマス・ペナント宛　1768年1月22日）[/b]\r\n\r\n例の小さなネズミについて、もう少し書いておきましょう。このネズミは地上より高いところにある小麦の茎に子育て用の巣をかけるのですが、わたしが発見したところでは、冬になると地面に深い穴を堀り、草で暖かい寝床を作るのです。しかし、このネズミが一番たくさん集まっているのは、穀物置き場のようです。収穫期に刈り取られた穀類といっしょに運ばれてくるのです。隣人の一人がカラス麦を小屋の中に運んできたところ、その下にはこのネズミが100匹近く集まっていたそうです。そのほとんどが捕獲されたので、何匹かを見せてもらいました。大きさを測ってみると、鼻先から尾の付け根まではわずかに2インチと4分の1（6センチメートル足らず） 、尾の長さは2インチ（5センチメートル）でした。2匹いっしょに天秤に載せて重さを量ったところ、半ペニー銅貨にやや足らない重さでした。半ペニー銅貨1枚の重量は3分の1オンス（ほぼ9.5グラム）ですから、このネズミはグレートブリテン島では最小の四足獣ということになると思います[注]。じゅうぶんに成長した「中型のイエネズミ（mus medius domesticus）」はたっぷり1オンス（28グラム）ありますから、 上述のネズミの6倍以上の体重ですし、鼻先から尻までは4インチと4分の1（11センチメートル）、尾の長さもこれと同じです。 \r\n\r\n[b]第十五の手紙（トーマス・ペナント宛　1768年3月30日）[/b]\r\n\r\nわたしが述べた新種ネズミのいい標本をお見せできます。リンネだったら、mus minimus（最も小さなネズミ）と命名するところでしょう。','text',3,47,'122.102.164.246','',0,0,0);
INSERT INTO `gl_forum_topic`VALUES (128,7,122,1,'jippo','1249474298',NULL,0,NULL,'','書込: カヤマップ2007年度版移行作業の進捗状況','了解。2007年版の編集ページをあけて、同じ体裁でトップページを作成し、そこにリンクを貼ればいいわけですね。手順はブログの編集とあまり変わらないので、なんとかなると思います。明日あたりからぼちぼち始めます。','text',0,0,'122.102.164.246','',0,0,0);
INSERT INTO `gl_forum_topic`VALUES (129,7,122,1,'jippo','1249475155',NULL,0,NULL,'','書込: カヤマップ2007年度版移行作業の進捗状況','あっ、しまった。トップページは作れないですよね（^^;\r\nでは、都道府県別の2008年用ファイルを移行していきます。\r\nこのシステムは慣れればかなり便利ですね。ブログを作る感じでＨＰができちゃうのかな。\r\n\r\nそれにしてもこれほど詳しいカヤネズミの生息状況データを持っているNGOは、世界的にもめずらしいのではないですか？（ひょっとしてカヤネットだけ？！）','text',0,0,'122.102.164.246','',0,0,0);
INSERT INTO `gl_forum_topic`VALUES (130,7,122,3,'かやちゅ。','1249475246',NULL,0,NULL,'','書込: カヤマップ2007年度版移行作業の進捗状況','宜しくお願いします。\r\n\r\n> 2007年版の編集ページをあけて、同じ体裁でトップページを作成し、そこにリンクを貼ればいいわけですね。\r\n\r\nえっと、2007年版のトップページ（＝全国版マップ付き）は既に新ＨＰに作ってあるので、トップページの編集については、実質、全国版マップの画像の差し替えだけです。\r\n\r\nもしかしたら、説明が不足していたかも知れないので、補足します。\r\njippoさんに作業していただきたいのは、先に事務局宛に送って貰った2008年度版（ＨＴＭＬ）の内容をコピーペーストして、新ＨＰの「静的ページ」に都道府県版マップを追加していく作業です。\r\n\r\n「第一ステップ」の作業が終わった段階で、「静的ページの管理」のリストには、都道府県版が追加された状態になります。しかし、まだカヤマップのトップページへのリンクはされていないので、ログインしていない状態では見ることができません。\r\n','text',0,0,'220.157.165.130','',0,0,0);
INSERT INTO `gl_forum_topic`VALUES (132,7,122,3,'かやちゅ。','1249476307',NULL,0,NULL,'','書込: カヤマップ2007年度版移行作業の進捗状況','えっと、レスが入れ違いになってしまいましたが、はい、そうです。\r\n\r\n[QUOTE]それにしてもこれほど詳しいカヤネズミの生息状況データを持っているNGOは、世界的にもめずらしいのではないですか？（ひょっとしてカヤネットだけ？！）[/QUOTE]\r\n\r\nイギリスでも地元の保護団体がカヤネズミの生息マップを作っていますが、確か地域が限定されていたと思います。全国レベルで、詳細なデータを長年継続調査して蓄積しているNGOはカヤネットの他には聞かないですね。\r\n','text',0,0,'220.157.165.130','',0,0,0);
INSERT INTO `gl_forum_topic`VALUES (133,7,122,1,'jippo','1249486341',NULL,0,NULL,'','書込: カヤマップ2007年度版移行作業の進捗状況','nara2008のファイルをアップロードしてみました。\r\nこの方法であっていますか :roll: ','text',0,0,'122.102.164.246','',0,0,0);
INSERT INTO `gl_forum_topic`VALUES (134,7,122,1,'jippo','1249487049',NULL,0,NULL,'','書込: カヤマップ2007年度版移行作業の進捗状況','nara2008のファイルですが、画像は呼び出さないといけないので、私のHPに仮アップしてあります。画像もアップしておくほうがいいですか。それとも表の部分だけをアップしましょうか。表部分だけならhtmlだけで表示できますし。なお、ＨＰ容量は問題ないです。','text',0,0,'122.102.164.246','',0,0,0);
INSERT INTO `gl_forum_topic`VALUES (135,7,122,1,'jippo','1249515464',NULL,0,NULL,'','書込: カヤマップ2007年度版移行作業の進捗状況','あるいはkayanetのHPから2007gifを呼び出す手もありますね。これだとマーカーがつかないですが、どちらが今後の作業が楽になりそうですか？','text',0,0,'122.102.164.246','',0,0,0);
INSERT INTO `gl_forum_topic`VALUES (137,7,122,3,'かやちゅ。','1249525733',NULL,0,NULL,'','書込: カヤマップ2007年度版移行作業の進捗状況','[QUOTE][u]Quote by: jippo[/u]nara2008のファイルですが、画像は呼び出さないといけないので、私のHPに仮アップしてあります。画像もアップしておくほうがいいですか。それとも表の部分だけをアップしましょうか。[/QUOTE]\r\n\r\nあ～～～、なるほど・・・\r\nWeb上に画像をアップしないと取り込めないんですね。\r\n\r\n表だけアップして貰うか、別の方法にするか、ちょっと道券さんに相談してからお返事します。\r\nすみませんが、一旦作業をベンディングにして下さい。\r\n','text',0,0,'220.157.165.130','',0,0,0);
INSERT INTO `gl_forum_topic`VALUES (138,5,0,1,'jippo','1249528656','1249528656',0,NULL,'','世界カヤネズミ事情【２】（『イギリス四足獣覚書』1809年）','以下は1809年に出版された[url=\"http://books.google.co.jp/books?id=ftcHAQAAIAAJ\"]『イギリス四足獣覚書』[/url]より\r\n\r\n不正確な点も散見されるそうですが、とりあえず原文のまま訳しておきます。なお、文中にmaizeという単語が何度か出てきます。一般的にmaizeは「トウモロコシ」ですが、1804年当時のイングランド南部でトウモロコシが栽培されていたかどうかの確証がつかめていません（穀物としてイギリスに導入される以前だと思います。参考urlは[url=\"http://books.google.co.jp/books?id=KOwDAAAAQAAJ\"]こちら[/url]）。また、著者のビングレー牧師がこの言葉で何を指そうとしたかについては、当時の類似記録を検証なくてはならないと思いますが、今回は以下のような形にしておきました。\r\n\r\n[b]カヤネズミ[/b]\r\n\r\nこのネズミはイギリスに生息する四足獣の中で最も小さく、体重が6分の1オンスを超えることはほとんどない。1767年ころに、ハンプシャー州セルボーン教区の故ホワイト牧師によって初めて記録された。現在までのところ、イングランド南部の数州でしか生息が確認されていない。野ネズミのように人家に入ることはないが、穀類の束といっしょに干し草置き場まで運ばれてくることが多い。雌は秋に出産するため、収穫期にはひとつの干し草置き場で100頭あるいはそれ以上のカヤネズミが見つかることも少なくない。穀類と一緒に運ばれなかったカヤネズミは、地下の深い穴で冬をすごし、草などの柔らかい巣材を使って穴の底に暖かくて居心地のいい寝床を作る。\r\n\r\n9月中ごろ、わたしは、チュートン・ハウス（ハンプシャー州：イングランド南部）のキャンベル夫人から雌のカヤネズミをもらった。そのカヤネズミは捕まえられてすぐにヤマネ用のカゴに入れられており、数日後に8匹の子を産んだ。思うに、乳を与えて育てていたのだろう。だが、自分の住みかから4マイルも離れた場所に連れてこられて落ち着きをなくしてしまった親が子どもたちを殺し始めたので、わたしは親子を引き離した。わたしがカヤネズミの親子を受けとったとき、子どもたち（生後2、3日）は、母ネズミと同じくらいの体重があったと思われる。\r\n\r\n子どもたちから離されると親ネズミは新しい環境になじむようになり、あたりが静かなときにはカゴの隅の隠れ場所から出てきて、カゴの正面にはめられた針金の間をつたい登るようになった。針金をつたっているカヤネズミを見ると、このネズミの尾がものをつかむのに適していることに気づいた。しっかりとつかまるため、尾の先は針金にまきついていた。前後肢の指はたいそう長くてしなやかであり、どの肢もしっかりと針金をつかむことができた。トビネズミがするように後肢だけで立ちあがり、周囲のようすをうかがうことも多かった。カヤネズミはぐっと体を伸ばしており、はじめてこのようすを見たときには驚いたものだ。カヤネズミはたいそう美しい生き物であり、前肢をつかって顔や体をぬぐうさまは優美だった。カヤネズミを受け取ってから数日の間、給水をおこたっていたのだが、カゴの中に水を入れると、猛烈な勢いで水を飲んだ。水を飲んだ後は後肢をつけて立ち、前肢で頭部をぬぐうのが常だった。カヤネズミは最期までひどく神経質で臆病なままだったが、カゴの中にコムギや穀粒（原文 maize）などの好物を入れると、わたしの目の前でそれを食べた。だが少しでも音をさせたり動いたりすれば、穀物を口に入れたまま、一瞬のうちに隠れ家にもどってしまうのだった。\r\n\r\nある日の夕刻、わたしが机に向っていると、カゴの中のカヤネズミが隠れ家から出てきて動きまわっていた。と、大きな青いハエが針金にあたりながら羽音を響かせるようになった。カヤネズミからハエまでの距離は、カヤネズミの体長の2、3倍もあったのだが、この小さな生き物は針金の上を目にもとまらぬ速さで移動した。鼻先と前肢を出せるほど針金の間が広かったなら、まちがいなくハエを捕らえていただろう。\r\n\r\nわたしは、カヤネズミは穀物だけを食べるのだと思いこんでいたから、これを見て驚いた。そこでそのハエを指でつかむと、ブンブンとうなっている虫を針金に押しつけた。ふだんは神経質で臆病なカヤネズミは、すぐに隠れ家から出てきてハエのところまで来ると、これをつかんで食べてしまった。それからは捕まえた虫をカヤネズミに与えるようになったのだが、カヤネズミは他のどのような餌よりも虫を好んだ。\r\n\r\nカヤネズミが入れられたカゴの隅には、寝床用として与えられた目のつまったフランネルの切れはしが盛り上がっていた。わたしは、広くなった場所に草とフスマ（原文 bran）を入れておいた。数日後、草はすべてなくなっており、カゴの中を確認してみると、盛り上がったフランネルの内部には草がきれいに敷いてあった。カヤネズミは齧りとったフランネルを草にまぜ、ふかふかの寝床を作っていた。この作業はおもに夜間におこなわれたのだろう。というのも、カヤネズミは昼間に起きて行動することが多いのだが、草を運び去る場面は一度も見かけなかったからだ。\r\n\r\n1804年の10月末、寝床をのぞいてみると、底の方には草と織物の繊維に混じって40ほどの穀粒（原文 maize）があった。これらの穀粒は念入りに貯めこまれたように見え、胚（原文corcule）は食べられて殻（原文 lobes）しか残っていなかった。このような行動は、冬季をすごす食料を貯めるために、何種類かの四足獣が本能的にそなえている傾向によるものではないだろうか。そこでわたしはカゴの中にさらに100粒（原文 maize）ほどを追加してみた。これらは短期間のうちに持ち去られ、2度めに巣をのぞいてみると、前と同じようなやり方で貯めこまれているのが確認できた。カヤネズミは他の餌（特にパン）も与えられており、冬季をつうじて活動的だったが、11月末に3度めに巣をのぞいてみると、貯めこまれていた食料はすべて食べられており、数個の穀粒が残っているだけだった。\r\n\r\nこの興味深い小動物は、2年3か月をカゴの中で暮らしたが、1806年12月に死亡した。死因は、海岸で拾った貝殻の中に入れた水をカゴの中に置いたためかもしれない。塩分が濃すぎたのだろう。\r\n\r\nBingley, William. 1809. “Memoirs of British Quadrupeds”. pp.266-70\r\n','text',0,18,'122.102.164.246','',0,0,0);
INSERT INTO `gl_forum_topic`VALUES (139,5,0,1,'jippo','1249558674','1249561172',140,NULL,'','世界カヤネズミ事情【３】（フランス語版ウィキペディア記事）','ウィキペディアは信頼性に欠ける場合も多く、この記事の信憑性も未確認ですが、アブラムシとの関係などは興味深かったので訳してみました。繁殖期の行動など、他では聞いたことのない情報も含まれているため、専門家のフォローをお待ちします。\r\n\r\nなお、記事に登場する「黒いアブラムシ」は[url=\"http://www.jardinier-amateur.fr/jardin/puceron_noir_ou_vert,180.html\"]この虫[/url]ではないかと思われます。\r\n\r\n[b]Rat des moissons[/b]\r\n\r\nカヤネズミ（Le rat des moissons、souris naine）はネズミ科カヤネズミ属。一属一種。ヨーロッパでは最小の齧歯目。東西のユーラシア大陸に分布。体重ほぼ6gの小型哺乳類。ものに巻くつくしなやかで長い尾を持つ。夏季の成獣は赤褐色であるが、幼獣および冬季の成獣は灰色を帯びる。\r\n\r\n[b]生息環境[/b]\r\nコムギやオート麦などの穀物畑、高茎草本地、垣根、ヨシ原などに生息する。植物の茎を容易に移動し、水を怖れない。地下道は掘らず、地上50ないし100cmの位置に草や茎で編んだ球状の巣を架ける。繁殖期にはつがいで暮らす。一年を通じて活動し、冬眠はしない。主食は穀物や液果であるが、昆虫（ハエやイモムシ）も食べる。ヨーロッパの哺乳類中、ものに巻きつけることのできる尾を持つ唯一の種（先端部のみ）。\r\n\r\n[b]生殖[/b]\r\n雌は一度に4ないし7匹の子を出産する。出産回数は1年に6度まで。妊娠期間は3週間。幼獣は生後18日で巣をはなれ、１ヶ月で性的に成熟する。寿命は3年までと思われる。\r\n\r\n[b]食性[/b]\r\n主として穀物の種子であるが、果実、液果、昆虫（チョウ、バッタ、イモムシなど）も食する。食餌内容は季節によって異なり、初春には木や潅木の新芽、草本の新芽などを食べる。穀物への食害は、害虫の捕食によって相殺される。カヤネズミは小麦の害虫（甘露を分泌する黒アブラムシなど）を好んで捕食する。花の蜜も好む。穀類を食べるため、尾で体を支えてバランスをとりながら穂に登る。頭部を梃子にして歯で穀粒を齧りとり、両前肢で支えながら殻を外して胚を食べる。\r\n\r\n[b]分布[/b]\r\nイギリスから日本にいたるユーラシア大陸の温暖な草地に分布。乾燥した高茎草本地（とくに成熟した小麦やオーツ麦の穀物畑、路傍、垣根、手入れのされていない庭園など）に生息する。厳寒期には納屋や人家に避難することもある。オスは400平方メートルのテリトリーを動きまわるが、メスのテリトリーはこれよりも狭い。夏季の夜間には、冬季の昼間よりも活発に活動する。\r\n\r\n[b]保護[/b]\r\nIUCNのレッドデータリストでは、絶滅危惧種とはみなされていはいが、イギリスなどでは、集約農法によって数が減り、姿を消した地域もある。イギリスのチェシャー動物園やワイルドウッド（ケント州にある飼育調査用施設）では、イギリス各地に放獣するための飼育プログラムが実施されている。2001年には使用済みのテニスボールを木の棒に刺し、収穫によって巣を失ったカヤネズミに人工の巣を提供する試みがおこなわれた。\r\n','text',1,26,'122.102.164.246','',0,0,0);
INSERT INTO `gl_forum_topic`VALUES (140,5,139,1,'jippo','1249561172',NULL,0,NULL,'','書込: 世界カヤネズミ事情【３】（フランス語版ウィキペディア記事）','繁殖期のつがいの行動に関しては、畠さんがMLでフォローしてくださいました。ML[8213]を参照してください。','text',0,0,'122.102.164.246','',0,0,0);
INSERT INTO `gl_forum_topic`VALUES (141,7,122,1,'jippo','1249562668',NULL,0,NULL,'','書込: カヤマップ2007年度版移行作業の進捗状況','2008年版はペンディング中ですが、2007年版は作業を継続していいですか？　すでにオンライン上にファイルがあるので、それほど時間はかからないと思いますが。','text',0,0,'122.102.164.246','',0,0,0);
INSERT INTO `gl_forum_topic`VALUES (142,5,0,1,'jippo','1249647224','1249647224',0,NULL,'','世界カヤネズミ事情【４】（「アニマル・コーナー」のカヤネズミ記事）','以下はイギリスの動物検索用サイトAnimal Cornerにあるカヤネズミの項目。繁殖期前のカヤネズミ生息数などの裏づけはとっていません。なお、本記事の翻訳に関しては、メールを通して管理者の許可を得ています。\r\n\r\n引用元：Animal Corner: http://www.animalcorner.co.uk/britishwildlife/mice.html\r\n\r\nイギリスのカヤネズミは穀物畑を主要な生息場所にしてきたようですが、近代農法の導入とともに数を減らしていきました。その主な理由は、コンバインによって一気に収穫が行われること、避難場所や移動のための回廊となっていたヘッジロウ（農地の境界などに設置されていた自然の垣根。古いものは数百年にわたって人の手が入り、日本の里山と同じような生態的役割を果たしていたそうです）が激減したことにあるようです。\r\n\r\n現在、イギリスの穀物畑でカヤネズミの姿を見かけることは稀だそうです（参考URLは[url=\"http://www.hull.ac.uk/HBP/ActionPlan/HMouse.htm\"]こちら[/url]）。イギリスのカヤネズミは、茅場の衰退とともに姿を消していった日本のカヤネズミと、同じ運命をたどっているのかもしれません。\r\n\r\n日本では、河川敷の段階的な草刈りがカヤネズミの生息環境保全に有効であることが実証されましたが（畠さんの論文参照）、イギリスではどのような保全策がとられているのか、追って調べてみたいと思います。テニスボール作戦はあまり成功していないようですが、ヘッジロウの保全は法的にバックアップされているようです。（参考URLは[url=\"http://www.opsi.gov.uk/si/si1997/19971160.htm\"]こちら[/url]）。\r\n\r\n[b]カヤネズミ[/b]\r\n\r\nカヤネズミはヨーロッパとアジアに生息する小型の齧歯類。ウェールズの一部、ヨークシャ以南では普通に見られるが、高地地方では見つかっていない。\r\n\r\n繁殖期前のカヤネズミ生息数は、ほぼ1,425,000頭と見積もられている。\r\n\r\n[b]形態[/b]\r\n腹部の毛は柔らかくて白。耳は小さくて有毛。吻は丸い。イギリスの哺乳類の中では唯一、ものに巻きつけられる尾を持つ。この尾は第五の肢としても使われる。尾は長くて鱗環があり、まばらに毛が生えている。植物の茎に巻きつけられた尾は、ブレーキやアンカーの役割も果たす。このためカヤネズミは、穀物や草の茎を敏捷に移動して餌をとることができる。\r\n\r\nカヤネズミは、足裏を通して振動を感知する能力にすぐれており、地面や採食中の植物から伝わる振動によって、近くにいる自分よりも大きな動物の気配を感じることができる。\r\n\r\n[b]生息環境[/b]\r\nカヤネズミは季節によって移動する。ヨシ原、垣根（ヘッジロウ）、小区画の耕作地、路傍の草むら、庭園をはじめとする丈の高い草が茂った場所のほか、穀物畑（特にムギ畑）、人手のはいらない場所などを好む。\r\n\r\n育児に用いられない巣は、裂かれた葉を用いて粗く編まれており、植物茎の下方、岩かげ、使われなくなった鳥の巣の中などに作られる。夏季の出産や育児に使うものは、オレンジほどの大きさがある。草や穀物の葉を密に編みこんで作られており、潅木や草本の茎の間に架けられる。直立した穀物の間に巣を作り、中にはアザミの冠毛を敷くことが多い。育児用の巣は地上からの高さのある茎に架けられ、球巣の直径はほぼ10センチメートル。育児に用いられない巣はこれよりも小さく（直径5センチメートル）、地上の近く、あるいは建物の内部に作られることもある。\r\n\r\n[b]食餌[/b]\r\n主に草の種子、果物、花蜜、球根を食べるが、少量の昆虫（特に夏季）、植物根、コケ、キノコ類も食料となる。冬季のために若干の食料を地下に隠す。コムギ、オオムギ、オーツ麦、植物の新芽、ハエ、イモムシも食べる。\r\n\r\n[b]行動[/b] \r\nカヤネズミはカテメラル（Cathemeral）であり、昼夜間ともに活動するが、夕暮れ時にもっとも活発になる。冬眠はしないが、冬季のほとんどを地下ですごす。\r\n\r\n[b]生殖[/b]\r\nカヤネズミの繁殖期は5月から10月。メスは17 - 19日の妊娠期間の後、1 - 8頭の子を出産する。1年に3回もしくは数回出産することもある。子は生後15-16日で分散するが、さらに数日間、巣を使用することもある。出産のたびに新巣が作られる。成獣のほぼ99パーセントは冬を越すことができない。平均寿命は12 - 18ヶ月。\r\n\r\n[b]保護[/b]\r\nIUCNのレッドリストでは軽度懸念（Lower Risk）に分類されている。近代農法の普及によってヘッジロウが減少し、コンバインによる収穫がおこなわれるようになると、穀物畑からの避難が困難になった。2001年、イギリスでは、カヤネズミ保護の試みが実施された。ウィンブルドンで使用されたテニスボールをリサイクルして人工の巣をつくり、捕食者から守って絶滅が危ぶまれる状況の好転をめざした。\r\n','text',0,12,'122.102.164.246','',0,0,0);
INSERT INTO `gl_forum_topic`VALUES (143,7,122,1,'jippo','1249800189',NULL,0,NULL,'','書込: カヤマップ2007年度版移行作業の進捗状況','2007年版の移行はとりあえず終了しました。ワードソースのものはできる範囲でクリーンアップしましたが、見残しがあるかもしれません。でも画面上では問題ないので、あまりこだわらなくてもよさそうですね。\r\n\r\n2008年版は画像にボーダーをつける方法がわかったので（簡単なタグだったのに知りませんでした）、エクセルの残りを入力した段階で整理して再送します。','text',0,0,'122.102.164.246','',0,0,0);
INSERT INTO `gl_forum_topic`VALUES (144,7,122,1,'jippo','1249870652',NULL,0,NULL,'','書込: カヤマップ2007年度版移行作業の進捗状況','2008年ファイルの画像ですが、2007年ファイルと同じ場所にリンクを貼っておきます（画像ファイル名は都道府県名2008.gif）。new とlogo9の画像も同じです（マップとは別の階層ですよね）。\r\n\r\nどうすれば作業が楽になるかわからないのですが、こうしておけば、2007年と同じ場所に画像をアップロードし、画面で確認しやすくなると思ったもので。','text',0,0,'122.102.164.246','',0,0,0);
INSERT INTO `gl_forum_topic`VALUES (145,7,122,1,'jippo','1249906323',NULL,0,NULL,'','書込: カヤマップ2007年度版移行作業の進捗状況','2008年用ファイル、とりあえずアップしました。2003年までのエクセル内容を反映して、新たにマーカーを入れましたが、茅ヶ崎のようにカヤ密度が高い場所は数どおりにはしていません。\r\n\r\n9月までなら時間の余裕があるので、よろしければ未記入分（大阪）を送ってくださればできる範囲で作業を進めます。','text',0,0,'122.102.164.246','',0,0,0);
INSERT INTO `gl_forum_topic`VALUES (146,7,122,3,'かやちゅ。','1249908468',NULL,0,NULL,'','書込: カヤマップ2007年度版移行作業の進捗状況','お疲れ様です。\r\nすっかり進めていただいて、助かります。\r\n\r\nうっかりしていたのですが、ゲストユーザーが「サイトマップ」から2008年版ファイルが閲覧できるので、閲覧制限をかけました（静的ページの編集ページの「パーミッション」が、デフォルトの状態で閲覧可能になっているため）\r\n\r\n','text',0,0,'220.157.165.130','',0,0,0);
INSERT INTO `gl_forum_topic`VALUES (147,7,122,1,'jippo','1249912539',NULL,0,NULL,'','書込: カヤマップ2007年度版移行作業の進捗状況','パーミッション、気づけばよかったー\r\n\r\n画像ファイル、エクセル、htmlファイルを圧縮したものをメールで再送しますね。いろいろと手直しが必要になると思いますが、よろしくお願いします。複数が編集に入るとややこしくなるので、私はいったん作業をやめますね。必要になったらまた声をかけてください。（大阪の漏れデータについては、エクセルを送っていただければ、htmlファイルを編集します）','text',0,0,'122.102.164.246','',0,0,0);
INSERT INTO `gl_forum_topic`VALUES (148,7,122,1,'jippo','1249914018',NULL,0,NULL,'','書込: カヤマップ2007年度版移行作業の進捗状況','あっ、書き忘れです。\r\n\r\n＜文献＞のリンク切れがいくつかありました。気づいたもの（東京）は外しておきましたが、勝手にいじらないほうがよかったのかな。お手数ですが、確認をお願いします。','text',0,0,'122.102.164.246','',0,0,0);
INSERT INTO `gl_forum_topic`VALUES (149,7,122,3,'かやちゅ。','1249916158',NULL,0,NULL,'','書込: カヤマップ2007年度版移行作業の進捗状況','文献のリンク切れの件、了解しました。\r\nまたチェックしておきますね。\r\n\r\n2008年用の画像の置き場として、「カヤマップ用」というフォルダを、会員専用のアップロードフォルダに作りました（試しに京都の画像をアップしてみました）。\r\nもしお時間あるようでしたら、2008年版画像を順次こちらのフォルダにアップしてもらえると助かります。\r\n\r\nここにアップされた画像はＵＲＬが決まるので、それをコピーして静的ページの2008年用ファイルにリンクさせれば、画像が表示されるようになります。\r\n','text',0,0,'220.157.165.130','',0,0,0);
INSERT INTO `gl_forum_topic`VALUES (150,7,122,1,'jippo','1249916642',NULL,0,NULL,'','書込: カヤマップ2007年度版移行作業の進捗状況','なるほど。そういう手順を踏めばurlをいちいち書き換えなくてすみますね。明日、やってみます。','text',0,0,'122.102.164.246','',0,0,0);
INSERT INTO `gl_forum_topic`VALUES (151,7,122,3,'かやちゅ。','1249919225',NULL,0,NULL,'','書込: カヤマップ2007年度版移行作業の進捗状況','jippoさん、\r\nこの作業は急ぎませんので、わからない部分がでてきたら、その時点で作業を止めてください。\r\nたくさんのサポートありがとうございます。\r\n\r\nそれでは、復帰しましたら、またよろしくお願いします。\r\n','text',0,0,'220.157.165.130','',0,0,0);
INSERT INTO `gl_forum_topic`VALUES (152,7,122,1,'jippo','1249941813',NULL,0,NULL,'','書込: カヤマップ2007年度版移行作業の進捗状況','aichi2008の画像を呼び出して愛知県のページを作ってみました。この段階までなら問題なくできます。9\r\n月からしばらく忙しくなるので、8月中にできるところまでやってみます。退院後はゆっくり静養なさってください。','text',0,0,'122.102.164.246','',0,0,0);
INSERT INTO `gl_forum_topic`VALUES (153,7,122,1,'jippo','1249957691',NULL,0,NULL,'','書込: カヤマップ2007年度版移行作業の進捗状況','2008年用ファイルに画像を貼り終わりました。<p>タグと<br>タグの関係で、ラインの位置などが微妙にずれていますが、必要なら修正します。\r\n\r\nnew.gif や　logo9.gifの画像は、カヤネット旧サイトからひっぱっているのですが、これはどうしましょう。新HPに移しておく必要があるようなら、言ってください。単純作業は原稿編集の息抜きにちょうどいいので。','text',0,0,'122.102.164.246','',0,0,0);
INSERT INTO `gl_forum_topic`VALUES (154,7,122,1,'jippo','1250342018',NULL,0,NULL,'','書込: カヤマップ2007年度版移行作業の進捗状況','2008年版、見直していますが、池田市が兵庫県になっていたり、地図が微妙にずれていたり、いろいろと出てきました（^^; 復帰されるまでに、少しづつ訂正していきます。','text',0,0,'122.102.164.246','',0,0,0);
INSERT INTO `gl_forum_topic`VALUES (155,7,122,1,'jippo','1250390182',NULL,0,NULL,'','書込: カヤマップ2007年度版移行作業の進捗状況','福島県のページですが、2007年に「富岡市」の記録があるのですが、福岡県富岡町はあっても、福岡県富岡市はないようです（群馬県富岡市ならあります）。ひょとして2007年作成時に群馬県情報とこんがらかっていないか、時間のあるときに確認おねがいします。','text',0,0,'122.102.164.246','',0,0,0);
INSERT INTO `gl_forum_topic`VALUES (156,5,0,1,'jippo','1250565946','1250565946',0,NULL,'','世界カヤネズミ事情【５】イギリスの「ビートルバンク」','『セルボーンの博物誌』をはじめとする18ないし19世紀の諸記録によると、イギリスのカヤネズミは小麦畑を主な生息場所にしていたと思われますが、農業の近代化により事情が一変したようです。小麦畑から追い出されてしまったカヤネズミの生息環境をまもるための策としては、ヘッジロウの復活および管理のほかに、「ビートルバンク」もあると畠さんから教えてもらいました。農業事情は異なりますが、「ビートルバンク」の機能は、日本の（棚）田と里山の中間に設置されていた草地の機能と共通する部分もあるようです。「ビートルバンク」という日本語はあまり知られていないようですが、農水省がオンラインで提供している資料に出てきましたので、[url=http://www.maff.go.jp/j/kanbo/kankyo/seisaku/s_senryaku/seibutu_tayo/10/pdf/siryo1.pdf]リンク[/url]を貼っておきます。\r\n\r\n英語版ウィキペディアでは、以下のように説明されています。\r\n\r\n[b]Beetle bank[/b]\r\n農業用語におけるビートルバンクとは、害虫を捕食する昆虫類が成育および退避するための場所を提供する牧草（イネ科植物）ないし多年草の帯状地を指す。ビートルバンクは、生物的防除の一形式であり、殺虫剤使用の削減あるいはこれの代替を目的としている。ビートルバンクは、鳥や齧歯類の生息場所ともなる。\r\n\r\n[b]起源[/b]\r\n「オックスフォード英語辞典」のエントリー草案（2005年3月）によれば、この言葉が使われるようになったのは1990年代の初期であり、1992年8月22日発行の「ニュー・サイエンテスト」誌、1994年10月12日付「ガーディアン」紙（社会面）などに記載されている。\r\n\r\nビートルバンクとカヤネズミの関係に関しては英語の[url=http://www.sciencedirect.com/science?_ob=ArticleURL&_udi=B6T3Y-49H11T9-1&_user=10&_rdoc=1&_fmt=&_orig=search&_sort=d&_docanchor=&view=c&_searchStrId=983097436&_rerunOrigin=google&_acct=C000050221&_version=1&_urlVersion=0&_userid=10&md5=42b7c6621a62e2eaff31904a62eb1d9b]論文[/url]もあります（有料）。著作権の関係上、アブストラクトを全訳することはできませんが、「フィールドマージン（植生縁辺部とでも訳すのでしょうか？）」やビートルバンクにおけるカヤネズミの営巣状況を調査した結果、カヤネズミ営巣場所の保全には、フィールドマージンやビートルバンクの設置が効果的であると述べられています。\r\n\r\nフィールドマージンやビートルバンクの画像は[url=http://www.ukagriculture.com/multimedia/farming_pictures.cfm?strSubCategory=Margins&strClient_Name_UKA=UKA&multimedia=no]こちら[/url]で見られます。意図的に異なった植生を残すことが、生態系のバランス維持につながるということなのだと思います。','text',0,9,'122.102.164.246','',0,0,0);
INSERT INTO `gl_forum_topic`VALUES (157,5,0,1,'jippo','1250652706','1251591091',172,NULL,'','世界カヤネズミ事情【６】IUCN（レッドブック）記事','以下はIUCNのオフィシャルウェブサイト（2008年版）に掲載されているカヤネズミの説明を抄訳したものです。IUCN日本事務局に問いあわせたところ、IUCNにリンクを貼って記事の記載年を明記すれば、翻訳は自由とのことでした。カヤネズミの現状については、さし迫った脅威はないという認識のようです。ただし畠さんによると、引用文献の中には古いものもあり、必ずしも現状を正確に反映しているとは言えないようです。\r\n\r\nちなみにカヤネズミ関連の[url=http://eprints.lib.hokudai.ac.jp/dspace/bitstream/2115/14581/1/CCOZ.pdf]論文[/url]によると、DNA分析の結果、カヤネズミの遺伝子には地域的な変化がほとんどないそうです（遺伝子関連のものなので、まったく理解不能ですがリンクを貼っておきます）。\r\n\r\nIUCNオフィシャルウェブサイトのカヤネズミのページ：\r\nhttp://www.iucnredlist.org/details/13373/0/full\r\n\r\n（以下、誤訳、誤読の可能性があります。気づき次第、コメント欄にて訂正します。また、気づかれた方はコメント欄にてお知らせください）。\r\n\r\n[b]生息地域[/b]\r\nカヤネズミは、旧北区および東洋区〔ともに生物地理学上の用語〕の広い範囲に分布し、スペイン北部からイギリスを含むヨーロッパ全域、フェノスカンディア〔フィンランドとスカンジナビア半島を含めた地域〕東部、ロシアからモンゴル北部、中国、朝鮮半島、インド北西部、ミャンマー、ベトナム(Corbet 1978, Panteleyev 1998, Spitzenberger 1999)、日本、台湾に生息する。スウェーデン南部とノルウェー南東部の境界域にも生息しており、おそらくは導入によるものと考えられる(van der Kooij et al. 2001, Wilson and Reeder 2005, van der Kooij et al. in litt. 2006). \r\n\r\nイベリア半島の大部分、イタリア南部、アルプスには生息せず、バルカン半島でもほとんど見られない。基本的には低地に生息するが、ヨーロッパでは海抜1,700mまでの地点で見ることができる(Spitzenberger 1999)。\r\n\r\nモンゴルでの分布は、北部（モンゴル・アルタイ、フブスグル、ヘンテイ、興安嶺山脈、ダグールステップ、モンゴル高原東部を含む）に限定される。\r\n\r\n日本では、本州（宮城県および新潟県以南）、四国、九州のほか、隠岐諸島（島後、西ノ島、中ノ島）、淡路島、豊島、因島、大崎上島、対馬、下島（天草諸島）、福江島（五島列島）、口永部島（大隈諸島）に生息する(Abe, et al., 2005)。確認された生息地近辺の小島には、広く分布していると思われる(Abe, et al. 2005)。日本では海抜0メートルから1200メートルまでの地域に分布する。\r\n\r\n[b]生息地[/b]\r\n原産国：アルメニア、オーストリア、アゼルバイジャン、ベラルーシ、ベルギー、ボスニア・ヘルツェゴビナ、ブルガリア、中国、クロアチア、チェコ、デンマーク、エストニア、フィンランド、フランス、グルジア、ドイツ、ギリシア、ハンガリー、インド、イタリア、韓国、北朝鮮、ラトビア、リトアニア、ルクセンブルク、マケドニア、旧ユーゴスラビア、モルダビア、モンゴル、モンテネグロ、ミャンマー、オランダ、ポーランド、ルーマニア、ロシア、セルビア、スロバキア、スロベニア、スペイン、スイス、台湾、トルコ、ウクライナ、イギリス、ベトナム。\r\n\r\n起源未確認：日本、ノルウェー、スウェーデン\r\n生息未確認：ラオス\r\n\r\n[b]生息数[/b]\r\nヨーロッパでは多くの地域で生息数の減少が報告されているが、本種の生息数は変動が激しく、生息数減少を報告したものの中には、自然変動によるものが含まれている可能性もある(Trout 1978, Haberl and Krytufek 2003)。本種はトラップにかかりにくく、生息していても報告されない場合も多い(Haberl and Krytufek 2003)。しかしながら熟練した観察者であれば、容易に巣を確認できるだろう(R. Jukaitis pers. comm. 2006)。\r\n\r\n南アジアでは普通に見られるようである。\r\n\r\nハビタットは広範囲にわたり、高山草地、高茎草地、竹林、湿地、葦原、高湿森林内の空き地もしくは周縁部などに生息する。人為的な生態系にも適応しており、庭や耕作地（湿度のある北西部）、排水溝、ムギもしくはコメの畑(Spitzenberger 1999)にも生息する。かく乱に対する耐性も高い(Haberl and Krytufek 2003)。種子、緑色植物、昆虫、鳥卵などを食する。\r\n\r\n[b]ハビタット・リスト[/b]\r\n1 森林\r\n1.1 森林 - （亜）寒帯\r\n1.2 森林 - 亜北極\r\n1.4 森林 - 温帯\r\n3 シュラブランド（Shrubland ）\r\n3.4 シュラブランド- 温帯 \r\n3.5 シュラブランド- 亜熱帯／温帯　乾燥\r\n4 グラスランド\r\n4.4 グラスランド - 温帯 \r\n5 ウェットランド（内陸）\r\n5.4 ウェットランド（内陸） - 沢地、湿地、沼地、沼沢地、泥炭地\r\n14 人工生態系\r\n14.人工生態系／陸生 - 耕地 \r\n14.4 人工生態系／陸生 - ルーラル・ガーデン\r\n14.6 人工生態系／陸生 - 亜熱帯／熱帯　破壊が進んだかつての森林 \r\n15 人工生態系／水生および海\r\n15.7 人工生態系／水生 - 灌漑地(灌漑水路を含む）\r\n15.8 人工生態系／水生 - 季節的被冠水農地\r\n \r\n[b]主な脅威[/b]\r\n分布域をとおして主要な脅威はない。ヨーロッパの湿地帯（水田など）やその他の生息地（放棄耕作地など）では普通に見られる。本種の生存に対する深刻な脅威はないが、湿地の消失や劣化により、生息数が減少している地域もある(Spitzenberger 1999)。\r\n \r\n[b]保護活動[/b]\r\nいくつかの保護区域が設置されている。日本では、多くの都道府県が「脅威下にある」種として認定している。\r\n','text',2,40,'122.102.164.246','',0,0,0);
INSERT INTO `gl_forum_topic`VALUES (158,5,0,1,'jippo','1250689979','1250689979',0,NULL,'','世界カヤネズミ事情【７】麦角とカヤネズミ','フランス語版ウィキペディアには、カヤネズミが「黒いアブラムシ」を好んで食べるという記載があります。これを読んで、麦角を連想しました。周知のとおり、麦角菌はイネ科やカヤツリグサ科に寄生し、麦角アルカロイドがさまざまな中毒症状をひきおこすことが知られています。最近の研究によると、中世ヨーロッパで多発した魔女裁判や狼男の幻想には、麦角中毒が関係していたのではないかとされているそうです。\r\n\r\nさいわいなことに麦角菌がコメに寄生することは珍しいらしく、日本ではめだった中毒事件はないようです（飢饉にみまわれた戦前の盛岡で、麦角におかされたササの実を使ったパンを食べた妊婦が流産したという事件はよく知られているようですが）。\r\n\r\n小麦畑に生息していたカヤネズミは、麦角を食べたのかどうか、気になっていました。ネズミ類における麦角アルカロイドの致死量までは調べていないのですが、1851年に発行された\"Notes and queries\"という書籍に以下のような記載がありました。\r\nhttp://books.google.co.jp/books?id=WrARAAAAYAAJ（いくつかの書籍に同じ記事が登場しますが、google bookに収録されているものの中では、この書籍の出版年がもっともはやいようです）。\r\n\r\nThe country people have an idea that the harvest-mouse is unable to cross a path which has been trod by man. Whenever it attempts to do so it is said to be immediately struck dead. This accounts (they say) for the numbers which on a summer\'s evening may be found lying dead on the edge of the field footpaths without any wound or apparent cause of death\r\n\r\n「農村の人々は、カヤネズミは人が踏んだ道を横切ることができないと信じている。これをやろうとしたカヤネズミは、その場で死んでしまうと言われている。彼らによると、夏の夕刻に畑の小道の上で、（複数の）カヤネズミが何の傷もなくこれといった理由もなしに死んでいるのは、このためである」\r\n\r\nここに記されているHarvest-mouseが、いわゆるカヤネズミのことなのか、それとも特定地方の民俗語彙なのかはわかりませんし、畑の小道で（それなりの数が）死んでいたネズミが、麦角中毒の犠牲者だったかどうかもわかりません。伝染病の可能性もありますし、当時、すでに効果のある殺虫剤が使われていたのかもしれません。\r\n\r\n小麦畑に暮らしていた以上、麦角と無縁であったとは思えませんので、情報をつかみ次第、追加することにします。ちなみに日本のネズミ・フォークロアに関しては、「ネズミと日本人」（長谷川恩著）を入手したのですが、カヤネズミらしきネズミは登場しませんでした。著者は北海道で研究に従事していたようなので、カヤネズミが登場しないのは当然かもしれませんし、人家に入ってこないカヤネズミは、あまり知られていなかったのかもしれません。','text',0,9,'122.102.164.246','',0,0,0);
INSERT INTO `gl_forum_topic`VALUES (159,5,0,1,'jippo','1250740814','1251167315',165,NULL,'','世界カヤネズミ事情【８】イギリスの越冬事情','日本のカヤネズミがどのようにして冬をすごすのか、ずっと疑問に思っていました。MLの膨大な過去ログにさっと目をとおしただけですが、越冬巣というものがあるそうです。これは稲を干していた竹の中にあったそうですが、カヤネズミだとするとなかなかいい場所を見つけたものです（http://blog-imgs-31-origin.fc2.com/e/s/s/essahoisa/RIMG4908.jpg）。それと越冬巣（？）ではないのですが、こちらの画像には驚きました。確かにカヤネズミだと思うのですが、3月に育児していたとは思いもよりませんでした（http://gasagasa.dameda.net/shucho/090326-1.htm）。\r\n\r\n近代以前のイギリスでは、農家の納屋で集団（？）越冬するものもいたようですが、現代の状況がよくわかりません。英語サイトをめぐってみると、「ヘッジロウの下に巣を作る」「建物の中で越冬する」「地面の下ですごす」などの情報が錯綜しています。「ヘッジロウの下に巣を作る」という記述はよく出てくるのですが、コピーアンドペーストによる安易な情報流布の可能性もありますし、実際の観察記録も確認できませんでした（論文には報告があるかもしれません）。この写真では、地表近くに巣があるように見えますが、焼け落ちたものかもしれません（イギリスでも草地保全のために野焼きが行われるみたいですね）。http://locksparkfarm.wordpress.com/2009/03/\r\n\r\nちなみにこちらの[url=http://4to40.com/Folktales/index.asp?id=1100]「民話」[/url]では、カヤネズミは冬支度にいそがしい動物たちを尻目に、納屋の干草にもぐりこんで冬をすごしています。この民話の出所などは不明ですが、「カヤネズミは納屋で冬越しする」という見方が一般的だったことを示しているのかもしれません。\r\n\r\nカヤネズミの冬越しに関する一般向けの文書としては、たとえば[url=http://www.derbyshirebiodiversity.org.uk/news/files/HarvestMouseSurveyHandbook.pdf]ダービーシャー・ワイルドライフ・トラスト、ハーベストマウス・ボランティア・ハンドブック」[/url]には次のように書いてあります。\r\n\r\n「秋から冬にかけて丈の高い草が枯れ始めると、カヤネズミは地表で暮らすようになる。この季節にはヘッジロウが食料と退避場所を提供し、カヤネズミは草でつくった巣を地表近くに作る」\r\n（In autumn and winter the mice descend from the dying stalks of tall vegetation to live at ground level. During this time hedgerows become valuable sources of food and shelter, with nests of grass being built near ground level）\r\n\r\nこれと同じような記載は[url=http://www.ypte.org.uk/animal/mouse-harvest-/146]こちらのサイト[/url]でも見られます。\r\n\r\nとりあえず、「カヤネズミの冬巣」として紹介している\r\n[url=httm://www.norfolkwildlifetrust.org.uk/naturalconnections/gallery/image+harvest_mouse_nest]写真[/url]がありました。compost heap（積み上げた堆肥？）の中にあったそうです。これが本物の「冬巣」なのかどうか、私には判断できませんが（夏の巣がコンポストの中に紛れ込んだのかもしれませんし。でもそれにしてはサイズが大きいような…保温のためには大きいほうがいいのでしょうか）、少なくともイギリスではこれがカヤネズミの冬巣であるとする観察者もいるというデータにはなりそうなので、メモ代わりに記しておきます。\r\n\r\nイギリスでの冬巣情報については追って調べてみますが、ネット上の情報は手がかりにしかならないので、やはりフィールドでの観察が基本になると思います。日本にもヘッジロウのような植栽があれば、冬季の観察は比較的やりやすいのではないかと思いますが、葦原の床を棒でひっくりかえすわけにもいきませんね。MLに書かれていたように、ススキの根元などに注目していると見つかるかもしれません。','text',1,31,'122.102.164.246','',0,0,0);
INSERT INTO `gl_forum_topic`VALUES (160,5,0,1,'jippo','1250811071','1250811115',0,NULL,'','世界カヤネズミ事情【９】古代世界のカヤネズミ','英語のサイトに、「イギリスにはローマ統治時代からカヤネズミがいた証拠がある」という一文がありました。カエサルの「ガリア戦記」にでもでてくるのだろうかと思っていたのですが、どうやらこれはローマ時代の住居跡で見つかった（当時の）フクロウのペレットに、カヤネズミの骨が含まれていたことからわかったもののようです。\r\n\r\n関連記事は[url=http://www.soagarch.org.uk/vromanowls.html]こちら[/url]。2002年、オックスフォードシャーにある古代ローマ時代のヴィラの床で、小動物の骨が大量に見つかりました。当初は、納屋の跡だと思われていたのですが、調べていくうちに、メンフクロウ（Barn Owl）のペレットであることがわかりました。メンフクロウは納屋に多いネズミ類を捕食するので、かつては「フクロウ窓」を納屋にもうける風習があったそうです。\r\n\r\nペレットを分析してみると、ハタネズミやトガリネズミにまじって、カヤネズミの骨もありました。ただしカヤネズミの骨はごく少なく、最小個体数（MNI）は4体、全体に占める割合は2.2パーセントでした。下顎骨の調査（哺乳類の場合）によると、最も数が多かったのはアカネズミ属（[i]Apodemus spp.）[/i]の65体、以下、キタハタネズミ（[i]Microtus agrestis[/i]）64体、ヨーロッパトガリネズミ（[i]Sorex araneus[/i]）22体、鳥類10体、ミズトガリネズミ（[i]Neomys fodiens[/i]）6体、ヨーロッパヒメトガリネズミ（[i]Sorex minutus[/i]）5体、カヤネズミ（[i]Micromys minutus[/i]）4体、ミズハタネズミ（[i]Arvicola terrestris[/i]）3体、クマネズミ属（[i]Rattus spp.）[/i]2体、ヨーロッパアカガエル（[i]Rana temporaria[/i]）1体といううちわけでした。この結果からは、当時の植生なども推測できるそうです。\r\n\r\n古代世界のカヤネズミは、南イタリアにあったギリシアの植民都市メタポントゥムのコインにも刻まれています。メタポントゥムとは聞きなれない名前ですが、数学者ピタゴラスが亡くなった場所だそうです。メタポントゥムはターラント湾（イタリアの長靴の土踏まずの部分）にありました。IUCNの記事によると、現代の南イタリアには、カヤネズミは生息していないそうです。当時は南イタリアにもカヤネズミが生息していたのでしょうか。画像は[url=http://www.vcoins.com/ancient/apollo/store/viewItem.asp?idProduct=395]こちら[/url]と[url=http://www.ancients.info/gallery/showphoto.php/photo/4250/cat/recent/size/big/limit/recent]こちら[/url]です。麦の穂に登れるようなネズミはカヤネズミしかいないそうですから、このネズミはカヤネズミにまちがいないでしょう。カヤネズミがどうしてコインに刻まれたかは、ざっと調べた限りではよくわかりませんでした。\r\n\r\n','text',0,15,'122.102.164.246','',0,0,0);
INSERT INTO `gl_forum_topic`VALUES (161,7,122,3,'かやちゅ。','1251026445',NULL,0,NULL,'','書込: カヤマップ2007年度版移行作業の進捗状況','報告ありがとうございます。「富岡市」は間違いで、「富岡町」ですね。\r\n修正しました。\r\n\r\n旧ＨＰの方もまた直しておきます。\r\n','text',0,0,'220.157.165.130','',0,0,0);
INSERT INTO `gl_forum_topic`VALUES (162,7,122,3,'かやちゅ。','1251027133',NULL,0,NULL,'','書込: カヤマップ2007年度版移行作業の進捗状況','jippoさん、\r\n画像アップありがとうございました。\r\n私の対応が全然追いついていなくてすみません。\r\n\r\n[QUOTE][u]Quote by: jippo[/u]\r\nnew.gif や　logo9.gifの画像は、カヤネット旧サイトからひっぱっているのですが、これはどうしましょう。新HPに移しておく必要があるようなら、言ってください。単純作業は原稿編集の息抜きにちょうどいいので。[/QUOTE]\r\n\r\nそうですね、旧ＨＰのカヤマップへのリンクはいずれ外すことになると思うので、お時間のある時に移しておいて貰えると助かります。\r\n\r\n\r\n','text',0,0,'220.157.165.130','',0,0,0);
INSERT INTO `gl_forum_topic`VALUES (163,7,122,1,'jippo','1251066292',NULL,0,NULL,'','書込: カヤマップ2007年度版移行作業の進捗状況','了解しました。今、帰省中なので、自宅に戻ったら作業を続行します。畠さんはしばらく論文のほうに専念してください。\r\n\r\n追：徳島県の吉野川で巣を見つけました。河川敷のヨシ（？）原は広大でとても降りていけないですが、カヤセンサーがマックスになったので（？）、生息していると思います。川原をかなり離れた竹林近くのススキ原で雑なつくりの巣の写真を撮ったので、秋ごろにでも写真付きで営巣報告しますね。　\r\n','text',0,0,'220.159.1.246','',0,0,0);
INSERT INTO `gl_forum_topic`VALUES (164,7,122,1,'jippo','1251157538',NULL,0,NULL,'','書込: カヤマップ2007年度版移行作業の進捗状況','new.gifとlogo9.gifのリンクを貼りかえました。編集作業中に<p>タグが自動生成されるようなのですが、このあたりは私の使い方がおかしいからかもしれません。\r\n\r\n時間があるときにでも少しづつ見直していきます。最終チェックが終了したら声をかけてください。トップページにリンクを貼ります。','text',0,0,'122.102.164.246','',0,0,0);
INSERT INTO `gl_forum_topic`VALUES (165,5,159,1,'jippo','1251167315',NULL,0,NULL,'','書込: 世界カヤネズミ事情【８】イギリスの越冬事情','イギリスの越冬巣のリンクがまちがっていました。正しくはこちら↓です。http://www.norfolkwildlifetrust.org.uk/naturalconnections/gallery/image+harvest_mouse_nest','text',0,0,'122.102.164.246','',0,0,0);
INSERT INTO `gl_forum_topic`VALUES (166,7,122,3,'かやちゅ。','1251239388',NULL,0,NULL,'','書込: カヤマップ2007年度版移行作業の進捗状況','画像アップ＆リンク張り替えありがとうございました。\r\n<p>タグの件は私にはちょっとわからないので、また道券さんに聞いてみます。\r\n\r\njippoさんのご実家は徳島ですか。私の母は香川の出なので、おとなりさんですね。\r\n吉野川にはまだ行ったことがありませんが、ぽつぽつ営巣報告があります。\r\n中流～河口付近は河川敷が発達しているようなので、結構いそうですね。','text',0,0,'220.157.165.130','',0,0,0);
INSERT INTO `gl_forum_topic`VALUES (167,7,122,1,'jippo','1251242017',NULL,0,NULL,'','書込: カヤマップ2007年度版移行作業の進捗状況','おはようございます。\r\n\r\n夫の実家が香川なんです。最近はうどんツァーの車だらけです。私は京都市の嵯峨で育ちました。山あいの水田周囲にはまだカヤが残っていそうですね。システマティックな調査は手にあまりますが、旅行ついでにご当地カヤ巣を探すのは楽しいです。わからないことだらけのカヤネズミの生活史が、畠さんのフィールド調査で明らかになる日を心待ちにしています。時間的に負担になるような単純作業があれば、いつでも声をかけてください。\r\n\r\n追加分のエクセルも一応、整理が終了しています。もう少し寝かせて9月ころにそちらにお返しします。仮アップがすんだ2008年版は少しづつ見直していきますね。翻訳と同じで、チェックすればするほどいろいろと出てきます（^^;\r\n\r\n<p>タグは、htmlソース画面に切り替えて<br />に置き換えれば問題ないようですので、道券さんのお手をわずらわせるほどのことはなさそうです。でも、htmlを使ったことがない人でもすんなり入っていける仕様になっているほうが将来的にはいいかもしれませんね。','text',0,0,'122.102.164.246','',0,0,0);
INSERT INTO `gl_forum_topic`VALUES (168,5,0,1,'jippo','1251331523','1251331523',0,NULL,'','水田とカヤネズミ【１】田んぼの雑草「ヘイ」','カヤネズミ関連の小冊子が企画された場合のネタ帳として役立てば、と思ったので、水田とカヤネズミの関係についてもウェブその他でひろったネタをまとめていきます。\r\n\r\nMLの過去記事にあった「稲霊とカヤネズミ」をめぐる畠さんの投稿に興味があって、ネットサーフィンしてみました。基本的には、調査票などを用いた聞き取り調査によってデータを集めていかなくてはならないと思いますが、とりあえず、個人のブログで2件ほど、球巣と豊作を関連づけたものがありました（個人ブログは直リンクを避けておきます）。\r\n\r\nhttp://blog.goo.ne.jp/hachi2955/e/a7e23732893be9d3307778bfbd2e5617\r\nhttp://ameblo.jp/spirit-6/entry-10173730988.html\r\n\r\nただし上記のブログ記事は、「カヤ日記」の過去記事を参考にしたものかもしれません。\r\n\r\nhttp://www.ne.jp/asahi/doken/home/charoko/kaya/010215.htm\r\n\r\n近代以前のイギリスでは、多くのカヤネズミが小麦畑で暮らしていたようですが、作物を食い荒らす害獣として目のかたきにされていたような記録は今までのところ、確認していません。一方、日本では稲穂を食害すると思われ（実際には、少量ながら米も食べているそうですが）、カヤネズミを嫌う農家もあるそうです。\r\n\r\nカヤネズミと稲穂の関係について、↓のようなブログ記事がありました。これによると、カヤネズミは「ヘイ」の実を食べてくれるのでありがたい生き物なのだそうです。\r\n\r\nhttp://faro.i-ra.jp/e77275.html\r\n\r\n「ヘイ」とは聞きなれない言葉だったので、英語の「hay」（干草、わら）のことかと思ったのですが、どうやら水田の雑草「ヘイ」とはヒエを指すようです。\r\n\r\nhttp://www.liberal-shirakawa.net/tsurezuregusa/index.php?itemid=518\r\nhttp://www.geocities.jp/kounit/s_sikinonousagyou/hozyosiryou/hietori.html\r\n\r\nカヤネズミの食痕を見たのは一度きりですが、ちいさい口で懸命にエノコログサの穂をかじりました、といった按配のなんともかわいらしい縦筋になっていました。カヤネズミは米も食べるそうですが、水田に入る繁殖期には栄養価の高い昆虫類を好んで捕食する傾向があるそうです。また、あの口の大きさを考えると、米にかぶりつくよりも、ヒエをかじるほうが好都合なのかもしれません。\r\n\r\n田んぼのことを知りつくしていた農民は、カヤネズミが雑草の実を食べてくれることを知っていたのかもしれません。\r\n','text',0,7,'122.102.164.246','',0,0,0);
INSERT INTO `gl_forum_topic`VALUES (169,8,9,1,'jippo','1251500386',NULL,0,NULL,'','編集の方法','ご多忙中、恐縮です。\r\n\r\n投稿記事の編集ですが、ログイン時刻によって「編集」タグがあったりなかったりと、さまざまです。投稿記事の編集ができるようになっているほうが便利なのですが、訂正や削除ができない設定になっているのでしょうか？','text',0,0,'122.102.164.246','',0,0,0);
INSERT INTO `gl_forum_topic`VALUES (170,7,122,3,'かやちゅ。','1251538394',NULL,0,NULL,'','書込: カヤマップ2007年度版移行作業の進捗状況','[QUOTE][u]Quote by: jippo[/u]\r\nわからないことだらけのカヤネズミの生活史が、畠さんのフィールド調査で明らかになる日を心待ちにしています。時間的に負担になるような単純作業があれば、いつでも声をかけてください。\r\n[/QUOTE]\r\n\r\nありがとうございます。心強いです。\r\n頑張りますので、宜しくお願いします。\r\n\r\n旅先のカヤ調査は、楽しいですよね。\r\nカヤネットでもこれまでいろいろ遠征調査をやりましたが、プロジェクトＸみたいでおもしろかったですよ。\r\n研究が一段落したら、南限調査をやりたいと思っています。機会があれば、海外でも調査してみたいですね。\r\n','text',0,0,'220.157.165.130','',0,0,0);
INSERT INTO `gl_forum_topic`VALUES (171,5,157,3,'かやちゅ。','1251543799',NULL,0,NULL,'','書込: 世界カヤネズミ事情【６】IUCN（レッドブック）記事','ベトナムには記録がないと思っていましたが、北ベトナムに確実な生息記録がありました。\r\n本当につい最近公表された文献です。\r\nhttp://www.mapress.com/zootaxa/2009/f/z02199p068f.pdf\r\n\r\n上記文献によれば、南ベトナムとミャンマーにも、一応報告があるようです（但し信頼性は弱そう）。\r\n具体的なことは原典をあたれていないのでわかりません。\r\n\r\nそれよりも、上の論文を読んでびっくりしたのですが、\r\n北ベトナム産のカヤネズミが他地域のカヤネズミと遺伝的に異なっていて、形態的にも異なる特徴を備えた別種であるという報告でした。\r\n\r\nもともと、ネズミの分類は時代によって振れ幅が大きく、カヤネズミについても、たくさんのシノニムが存在します。この論文では、そのうちのMicromys minutus erythrotisを種名に格上げし、Micromys erythrotisとして採用することを提唱しています。\r\n\r\n安田くんの論文では、中国・ロシア・ヨーロッパという系統的に異なる３集団の存在は明らかにされました。しかし種レベルでの差は認められず、本種がモノ・スピーシーズであることは支持されています。ですので、もしこの論文の主張が受け入れられれば、大発見になります。','text',0,0,'220.157.165.130','',0,0,0);
INSERT INTO `gl_forum_topic`VALUES (172,5,157,1,'jippo','1251591091',NULL,0,NULL,'','書込: 世界カヤネズミ事情【６】IUCN（レッドブック）記事','いやー、驚きました。安田et al.論文では、ベトナムのカヤネズミが「第二の種となる可能性」までしか書かれていませんでしたが、紹介していただいた論文によると、「（遺伝子レベルの違いだけでなく）形態上の違いから考えて中国南部-北ベトナムのカヤネズミは別種である」ということなんですか。\r\n\r\nそもそも成都に、他とはちょっと違ったカヤネズミが生息しているということ自体ビックリだったのですが、北ベトナムのラオ・カイ地方って、google mapで見ると山岳部ですよね。ウィキペディアに載っていた棚田の写真を見ると、カヤネズミはいそうな感じではありますが、少なくとも現在の地理的状況を見れば、成都からラオ・カイまで遠出するのは難しそうです。遺伝学はチンプンカンプンですが、かなり昔に広がったのでしょうかね。\r\n\r\nボトルネック現象のことが出てきたので、チータを連想しました。カヤネズミの場合、生物種としての生命力はまだまだ旺盛なようですが、遺伝的多様性が比較的低いという点が気になりますね。\r\n\r\nカヤネズミの南限調査、おもしろそうです。台湾にいるのだから、沖縄は？　と思うのですが、植生の違いなどもあるのかな。個人的には次は河川敷で冬巣探しなどもやってみたいです。でも堆積物などがある場合は、わざわざ冬巣を作らないかもしれませんね。','text',0,0,'122.102.164.246','',0,0,0);
INSERT INTO `gl_forum_topic`VALUES (173,10,0,1,'jippo','1251682361','1251682361',0,NULL,'','奈良市内で見つけたカヤ巣（テスト投稿）','奈良市内で見つけたカヤ巣です。「こんなところに！」という驚きが、カヤ中毒（笑）への引き金になります。\r\n画像貼り付けの練習です。\r\n\r\n[img]http://www.geocities.jp/rougeaud1769/nara.jpg[/img]','text',0,11,'122.102.164.246','',0,0,0);
INSERT INTO `gl_forum_topic`VALUES (174,7,0,1,'jippo','1251850150','1252929825',204,NULL,'','一般訪問者への情報提供について','一般の訪問者を対象に、自分が見つけた巣を題材にした「カヤネズミ便り」を簡単にアップしてみました。\r\n\r\n「河川敷の乾燥化」や「アレチウリ」に関しては、リンクを貼る形での説明が必要だと思うのですが、外部リンクは避け、カヤネット内部の情報に結びつけるほうがいいと思います。\r\n\r\nそのためにはホームページのコンテンツを充実させないといけないのですが、専門的な内容になるのでわたしには書けません。とは言っても、事務局で一から文章を起こすのは大変なので、保全をめぐるキーワードについては、たたき台としての草案を会員限定でアップしていく方法もあるかと思います。\r\n\r\n自分の勉強にもなるので、時間を見つけて少しづつやってみようかと思うのですが、こういう方法をとっても不都合はないでしょうか？','text',8,95,'122.102.164.246','',0,0,0);
INSERT INTO `gl_forum_topic`VALUES (175,7,174,1,'jippo','1251910591',NULL,0,NULL,'','書込: 一般訪問者への情報提供について','自己レスですみません。「カヤネズミ便り」ですが、いろいろ考えたのですが、やはりもう少し説明があったほうがいいように思ったので、一端、記事を引き上げることにしました。情報の発信は難しいですね（^^;','text',0,0,'122.102.164.246','',0,0,0);
INSERT INTO `gl_forum_topic`VALUES (176,7,122,1,'jippo','1251958925',NULL,0,NULL,'','書込: カヤマップ2007年度版移行作業の進捗状況','埼玉2008年のマーカーは二つにしました。訂正指示の赤字は残してあります。赤字はとりあえず残し、最終チェックが終った時点で消したほうがいいでしょうね。「参考資料に移動」は、具体的にどういう作業になるでしょう？','text',0,0,'122.102.164.246','',0,0,0);
INSERT INTO `gl_forum_topic`VALUES (177,7,122,1,'jippo','1251961627',NULL,0,NULL,'','書込: カヤマップ2007年度版移行作業の進捗状況','赤字で指示のあった地図は差し替えました。赤丸をつぶさないようにずらして打った箇所もあるのですが、赤丸をつぶしたほうがよかったかな。そのほうがよければ差し替えますが、どうしましょう。\r\n\r\n石川県のデータはエクセルでは2008年になっているようです。昨年のものと重複報告でしょうか（青字で書き入れておきました）。','text',0,0,'122.102.164.246','',0,0,0);
INSERT INTO `gl_forum_topic`VALUES (178,7,174,1,'jippo','1252018583',NULL,0,NULL,'','食痕図鑑？','ttp://blog.morinokuni.net/?eid=607872\r\nのブログ記事なのですが、もし、稲穂を丸ごと食べていたのだとしたら、カヤネズミの可能性は低いですよね？　あの口でそんな力業ができるとは思いにくいのですが。\r\n\r\n倒伏した稲だったそうなので、もう少し大型のげっ歯類？？　\r\n\r\nでも、農家の人にしてみれば、巣があればカヤネズミの仕業と思うのは無理もないですから、「食痕図鑑」のようなページを作ってはどうかなと思いました。\r\n\r\nわたしが見たのは澤邊さんに見せてもらったエノコログサのもの一つきりです。すごく慎ましやか（？）な食痕でしたが、豪快に丸ごと完食するカヤもいるのでしょうか。','text',0,0,'122.102.164.246','',0,0,0);
INSERT INTO `gl_forum_topic`VALUES (179,8,9,4,'SMOKY','1252217814',NULL,0,NULL,'','書込: 【要望】使い方ヘルプ','[QUOTE][u]Quote by: jippo[/u]ご多忙中、恐縮です。\r\n\r\n投稿記事の編集ですが、ログイン時刻によって「編集」タグがあったりなかったりと、さまざまです。投稿記事の編集ができるようになっているほうが便利なのですが、訂正や削除ができない設定になっているのでしょうか？[/QUOTE]\r\n\r\nお返事遅くなりました。\r\n\r\nその後、設定等を変更していますが、いかがでしょうか？\r\n今の状況を見て対策を検討したいと思っております。','text',0,0,'220.157.165.130','',0,0,0);
INSERT INTO `gl_forum_topic`VALUES (180,7,174,4,'SMOKY','1252218193',NULL,0,NULL,'','書込: 一般訪問者への情報提供について','jippoさん\r\n\r\n忙しくて、なかなかお返事など出来ず、申し訳ございません。\r\n\r\nインターネット掲示板の機能として、登録ユーザー（カヤネット会員）への投稿通知があるのですが、まだうまく機能しておらず、こちらのHPの方もまだ閲覧数がそう多くないのでレスポンスが遅れがちになると思います。\r\n\r\nただ、掲示板としての長所は、時間や場所に拘束されにくいところだと思います。そして記事の内容を半永続的に発信し続けることでもあります。\r\n他のメンバーも多忙なのかも知れませんが、少しの空き時間などでいずれ見てもらえるでしょうし、MLよりもレスポンスを返しやすい、レスポンスが系統立って見やすいなどの長所もありますので、少し長い目で見て頂ければ・・・と思います。\r\n\r\nこの仕組みとしては各人が、非常に情報発信しやすくなっており、事前に校正してから公開もできますので非常に便利です。ただこのことを実感されている方はまだまだ少ないでしょうね。','text',0,0,'220.157.165.130','',0,0,0);
INSERT INTO `gl_forum_topic`VALUES (181,8,9,1,'jippo','1252220640',NULL,0,NULL,'','書込: 【要望】使い方ヘルプ','レスをありがとうございます。具体的には会員限定掲示板の方です。リンクを貼りまちがえて訂正しようと思ったのですが、編集ができないようだったので、コメント欄に正しいリンクを入れた次第です。今、確認してきたのですが、編集画面には切り替わらないようでした。\r\n\r\n将来的には、会員限定掲示板で編集校正を終えたコンテンツをＨＰで公開、もしくはカヤブックスに利用できればいいなと思っているので、やはり、編集画面に切り替わるほうが便利なように思うのですが。最初は出来ていたように思うので、パーミッションの加減でしょうか？？　そのあたりは管理者以外はいじらないほうがいいですよね。\r\n','text',0,0,'122.102.164.246','',0,0,0);
INSERT INTO `gl_forum_topic`VALUES (182,7,122,3,'かやちゅ。','1252223099',NULL,0,NULL,'','書込: カヤマップ2007年度版移行作業の進捗状況','[QUOTE][u]Quote by: jippo[/u]埼玉2008年のマーカーは二つにしました。訂正指示の赤字は残してあります。赤字はとりあえず残し、最終チェックが終った時点で消したほうがいいでしょうね。「参考資料に移動」は、具体的にどういう作業になるでしょう？[/QUOTE]\r\n\r\n赤字の指示の件、すみません、先に掲示板に書いておくべきでした。\r\n\r\nぼちぼちと2008年版ファイルの編集を進めていますが、作業中に気づいた箇所を赤字でメモしています。\r\n赤字の指示の内容は、編集作業が進むにつれてまた変更する可能性があります。\r\n都度、修正するのは効率が悪いので、編集作業が完了した時点で、一気に修正作業を進めたいと思っています。\r\n\r\n修正して貰った埼玉と福井のマップについては、たぶん再度の修正はないと思いますが、今の段階で作業を進めていただいても、余計な手間をおかけしてしまうかも知れないので、取りあえず一旦作業を止めて下さい。\r\n\r\n都道府県版と同様に、表データとして追加していく予定ですが、参考資料の構成がまだ決まってません。旧ＨＰでは参考資料が上下分割になっていますが、新システムで対応できるかどうかを含めて、道券さんと相談しようと思っています。','text',0,0,'220.157.165.130','',0,0,0);
INSERT INTO `gl_forum_topic`VALUES (183,7,122,1,'jippo','1252224139',NULL,0,NULL,'','書込: カヤマップ2007年度版移行作業の進捗状況','了解しました。岡山県はハツカネズミ情報だったようなので削除しましたが、広島県（ヒメ？）の地図はもとに戻しておきました。\r\n\r\nでは一端、作業をとめます。最終的なリンク貼りはお手伝いできると思うので、論文を優先してくださいね。それでは。','text',0,0,'122.102.164.246','',0,0,0);
INSERT INTO `gl_forum_topic`VALUES (184,7,122,3,'かやちゅ。','1252224286',NULL,0,NULL,'','書込: カヤマップ2007年度版移行作業の進捗状況','[QUOTE][u]Quote by: jippo[/u]赤丸をつぶさないようにずらして打った箇所もあるのですが、赤丸をつぶしたほうがよかったかな。そのほうがよければ差し替えますが、どうしましょう。\r\n\r\n石川県のデータはエクセルでは2008年になっているようです。昨年のものと重複報告でしょうか（青字で書き入れておきました）。[/QUOTE]\r\n\r\n赤丸をつぶさないようにずらして打った箇所というのは、たくさんありますか？\r\n数が少なくて、修正が簡単なら、同一地点での報告については、緑★・赤丸の上に重ねてプロットして下さい。結構たくさんあるようでしたら、そのままで結構です。凡例の説明を差しかえる方が簡単なので。\r\n\r\n石川県のデータは2008年に、2007年と同じ地点、同じ報告者により、生息確認されたものでした。\r\n\r\n','text',0,0,'220.157.165.130','',0,0,0);
INSERT INTO `gl_forum_topic`VALUES (185,7,122,1,'jippo','1252229178',NULL,0,NULL,'','書込: カヤマップ2007年度版移行作業の進捗状況','了解しました。常総市（旧水街道市）のデータなどは重ねておいたほうがよさそうですね。再度、チェックしてみます。\r\n\r\n石川県のものは青字を消しておきました。','text',0,0,'122.102.164.246','',0,0,0);
INSERT INTO `gl_forum_topic`VALUES (186,7,122,1,'jippo','1252280167',NULL,0,NULL,'','書込: カヤマップ2007年度版移行作業の進捗状況','一応、チェック作業は終えたのですが、高知県の位置関係が微妙（^^;です。大阪あたりは、増える可能性があるので、後回しにしますね。','text',0,0,'122.102.164.246','',0,0,0);
INSERT INTO `gl_forum_topic`VALUES (187,7,122,3,'かやちゅ。','1252294578',NULL,0,NULL,'','書込: カヤマップ2007年度版移行作業の進捗状況','[QUOTE][u]Quote by: jippo[/u]一応、チェック作業は終えたのですが、高知県の位置関係が微妙（^^;です。大阪あたりは、増える可能性があるので、後回しにしますね。[/QUOTE]\r\n\r\n地図をみたら、いっぱいnewマークがついていて、びっくりしました。\r\nこんなにたくさん修正があったのなら、そういって下さったらよかったのに。\r\n\r\n高知県については、もとのプロットも厳密ではないので取りあえずそのままにしておいて下さい。\r\n\r\nありがとうございました。\r\n','text',0,0,'220.157.165.130','',0,0,0);
INSERT INTO `gl_forum_topic`VALUES (188,7,122,1,'jippo','1252296713',NULL,0,NULL,'','書込: カヤマップ2007年度版移行作業の進捗状況','いえいえ、修理中だったパソコンが使えるようになったので（液晶画面を持って持ち上げてしまいました。家族の大顰蹙を買いました。中古部品屋さんに頼みましたが、液晶パネル高すぎ）、ディスプレイ二台で作業できるようになり、前よりも位置確認がしやすくなりました。\r\n\r\n一端、作業をペンディングにして次の指示を待ちます。','text',0,0,'122.102.164.246','',0,0,0);
INSERT INTO `gl_forum_topic`VALUES (189,7,122,1,'jippo','1252305730',NULL,0,NULL,'','書込: カヤマップ2007年度版移行作業の進捗状況','すみません。石川県を確認してみたら、赤字が消えていました。青字を消すさいに一緒に消してしまったかもしれません。ピンクマークは同じ小松市ということで緑★に重ねてあります。','text',0,0,'122.102.164.246','',0,0,0);
INSERT INTO `gl_forum_topic`VALUES (190,8,9,4,'SMOKY','1252603442',NULL,0,NULL,'','書込: 【要望】使い方ヘルプ','jippoさん\r\n\r\nこんばんは！\r\n\r\n掲示板の機能としては、投稿後には修正できないのが基本のようです。\r\n\r\n一般的には、発言後に後から修正が入ると前後関係が乱れたりするからだと思います。\r\n\r\n一時的にはモデレータ（掲示板管理者）の権限を広く与えていましたが、それでも主な用途としては記事の中に公序良俗に反する投稿があった場合に、その部分を削除するなど、そういった使い方になります。\r\n\r\nできれば、掲示板投稿後に訂正レスを入れて頂けるとありがたいです。\r\n\r\nよろしくお願いします。','text',0,0,'220.157.165.130','',0,0,0);
INSERT INTO `gl_forum_topic`VALUES (191,7,174,1,'jippo','1252744894',NULL,0,NULL,'','書込: 一般訪問者への情報提供について','管理人さま、お返事をありがとうございます。以下、長文で失礼いたします。\r\n\r\n一般掲示板の「使い方　ヘルプ」へのレスとして書くほうがいいのですが、内容的に会員限定にした方がよいのではと思い、こちらに書きます。\r\n\r\n着々とホームページ更新が進んでいますね！　カヤネズミに関心のある人たちがまずのぞくページとして、さらにコンテンツが充実することを期待しています。\r\n\r\nさて、今回はカヤマップ公開下準備のお手伝いということで入会しましたので、十月ころをめどに退会するつもりです。カヤネットに対する不満があるわけではなく、外部からの「営巣報告」を楽しみたいというナマケ者的魂胆です。\r\n\r\n最近、虫を研究している実家の父親のパソコンがこわれ、虫関係のデータを救出したのですが、地元のレッドデータブックなどにも執筆していたようです。日本全国からの膨大な標本資料のデータに圧倒されました。このような膨大なデータの積み重ねから新しい知見が生まれてくるのでしょうね。畠さんの研究の進展を楽しみにしています。虫の場合も里山的環境の保全が大切であることが、力説されていました。\r\n\r\n畠さんをはじめとするフィールドワーカーのみなさんの知見をメインに、一般向けの小ネタも入った新しい小冊子がでることを期待しています。次回は「背表紙のある本」になるといいですね。100ページ以下の製本でも背表紙はつけられますし、これがあると博物館の書棚などでも人目につきやすいと思います。\r\n\r\n私事で恐縮なのですが、今までに二冊ほどゴーストライティングをしました。二冊めは○○新書だったので、さすがにウェブ上の資料を使うわけにはいかず、専門家からわたされた論文をもとにライティングしましたが、一冊めは図版の多い一般向けのものでしたので、自分のホームページのコンテンツを膨らませる形で書きすすめました。\r\n\r\nこのときの経験から、「世界カヤネズミ事情」が、リンク集、小ネタ集として役立てばいいなと思ってまとめてきましたので、訂正事項、補足事項があれば、コメントの形で書きこんでいきますね。翻訳文もふくめ、私の著作権はすべて放棄しますので、将来的に使えそうであればカヤブックス編集部でお役だてください。金子先生の「ネズミの分類学」にも、小コラムのような形で江戸時代のネズミ飼育のことが書いてありましたので、フィールドにはあまり関係のないような情報を提供するのもいいかもしれません（要するに、DTP時の余白対策ですが^^;）。\r\n\r\nカヤネット研修会は、非会員でも参加できる場合があるようなので、時間の調整がうまくいけば（アホ飼い主満開で留守番のできないアホ犬にしてしまったので、誰かが家にいる日しか外出できません^^;)ぜひ、のぞかせていただきますね。\r\n','text',0,0,'122.102.164.246','',0,0,0);
INSERT INTO `gl_forum_topic`VALUES (192,5,0,1,'jippo','1252747113','1252757472',196,NULL,'','世界カヤネズミ事情【１０】アメリカの失地回復プログラムとソルトマーシュ・ハーベストマウス','アメリカのサンフランシスコ湾にはカヤネズミとよく似た小さなネズミが暮らしているのですが、このネズミはイギリスや日本のカヤネズミとは別種だそうです。サンフランシスコ湾にいる小さなネズミは「Salt Marsh Harvest Mouse ソルトマーシュ・ハーベストマウス（Reithrodontomys raviventris）」という名前です。\r\n\r\nソルトマーシュ・ハーベストマウスの生息場所は、サンフランシスコ湾の湿地帯に限定されています。このため、湿地帯の激減に伴って危機的な状況に陥り、現在ではレッドデータブックの「危急種」に指定されています。Journal of Mammalogy, Vol. 69, No. 4 (Nov., 1988), pp. 696-703に掲載されているソルトマーシュ・ハーベストマウス関連の論文\"The Ecology of the Salt-Marsh Harvest Mouse (Reithrodontomys raviventris) in a Diked Salt Marsh\" によると、潮汐湿地（汐の干満のある湿地帯）のほぼ80パーセントが破壊されており、サンフランシスコ湾に残された潮汐湿地のほぼ30パーセントが干拓湿地となっているそうです。別サイトに出ていた数字によると、1850年には193,800エーカーに及んでいたサンフランシスコ湾の潮汐湿地のうち、現在残っているものは30,100エーカーだそうです。\r\n\r\n英語サイトによると、ソルトマーシュ・ハーベストマウスはアメリカの哺乳類の中でも最小の部類に入り、成獣の重さは、ほぼ8ないし14グラムです。短命で寿命は8ヶ月程度。繁殖力も低く、一産で平均4頭しか生まれません。しかも雌は生涯に一度（もしくは二度）しか出産しないそうです。ただし海岸湿地の環境によく適応しており、塩水を飲んでも長期間生存できることが確認されています。ふだんはピックルウィード（Salicornia bigelovii）と呼ばれる草が密生している場所で暮らしているのですが、大潮になってピックルウィードが水面下に隠れてしまった場合には、上手に泳いで背の高い草に登っていくそうです。\r\n\r\nソルトマーシュ・ハーベストマウスは主に夜行性で、基本的な食物は草の種、ピックルウィード、昆虫など。草の間に巣を作るそうですが、使われていない鳥の巣を借用することも。また、南部の個体は巣をかけないと記載されているサイトもあります。\r\n\r\n海浜湿地に暮らすソルトマーシュ・ハーベストマウスの場合には、生息場所の保全が何よりも大切だとされています。湿地は耕作に不向きなことから、人手による開発が行われてきました。その結果、アメリカ全土で膨大な面積の湿地が失われ、野生動物の生息環境が著しく減少しました。また、保水能力のある湿地が消滅したことによる水害がひきおこされることになりました。このような状況をうけて、現在、アメリカでは「湿地回復プログラム(Wetlands Reserve Program)」が実施されています。このプログラムでは、土地所有者に対する技術的、経済的支援を通して、湿地の復元と保全をめざしています。\r\n\r\nまた、サンフランシスコ湾の場合は、たとえば「ドン･エドワーズ・サンフランシスコ湾野生生物保護区(Don Edwards San Francisco Bay National Wildlife Refuge) 」などを設置して、野生生物の生息環境保全を推進しています。2004年には保護区の面積は30,000エーカーに及んでおり、その中には南サンフランシスコ湾全域に散在する開放湾、塩池、塩性湿地、干潟、氾濫後に残された池、春季のみ出現する池などが含まれています。同保護地は渡り鳥の中継地点となるだけではなく、ソルトマーシュ・ハーベストマウスにも生息場所を提供しています。\r\n','text',2,12,'122.102.164.246','',0,0,0);
INSERT INTO `gl_forum_topic`VALUES (193,5,192,1,'jippo','1252747321',NULL,0,NULL,'','書込: 世界カヤネズミ事情【１０】アメリカの失地回復プログラムとソルトマーシュ・ハーベストマウス','アメリカの湿地回復プログラムに関するサイト\r\n（日本語）\r\nhttp://www.rfc.or.jp/pdf/vol_37/P_06.pdf\r\n（英語）\r\nhttp://www.nrcs.usda.gov/PROGRAMS/wrp/\r\n\r\n「セーブ・ザ・ベイ」（英語）\r\nhttp://www.savesfbay.org/site/pp.asp?c=dgKLLSOwEnH&b=951769\r\n\r\n','text',0,0,'122.102.164.246','',0,0,0);
INSERT INTO `gl_forum_topic`VALUES (194,5,0,1,'jippo','1252747478','1252884028',202,NULL,'','世界カヤネズミ事情【１１】中国の巣鼠','カヤネズミ（Micromys minitus）の分布域は広く、ヨーロッパから東アジアにかけてのユーラシア大陸に生息しています。中国語では「巣鼠」というのが一般的な呼び名ですが、「萱鼠」という通称もあります。なお、「萱鼠」で中国語のサイトを検索すると、陰陽師が使っていたという「式神」のひとつとして萱鼠が登場してくるサイトがあってびっくりしたのですが、これはどうやら日本の作家夢枕獏氏の『陰陽師』に出てくる話を中国語訳したものだったようです。\r\n\r\n陰陽師として名高い安倍清明がライバルの道満と術競べをした際、長持ちの中身を言い当てることになりました。道満は長持ちの中にあるのが「大柑子十六個」であると見抜くのですが、清明はとっさにこれを十五匹の鼠に変えてしまったという話が伝わっています。ただし、この話では大柑子から変化した鼠がカヤネズミであったと特定されているわけではありません。式神としての萱鼠は夢枕氏の創作によるもののようです（詳しい情報をお持ちの方がおられたら、ご連絡ください）。\r\n\r\n中国語のウェブサイトによると、東北部の三省（遼寧省、吉林省、黒龍江省）、河北省、陝西省、甘粛省、広東省、広西省、湖南省、湖北省、江西省、浙江省、安徽省、および台湾などの広い範囲に分布しており、同地域の山地や平原部で生息が確認されていますが、数はごく少ないと記されています。\r\n\r\n営巣場所や食性については日本のカヤネズミとほぼ同じですが、大河の少ない台湾では山間部の草地に多く生息しているようです。大陸部での調査でカヤネズミの胃の内容物を調べたところ、安徽省東至県の湿地で捕獲された個体の胃からは葦の根、禾本科植物の根茎が発見され、同じく安徽省の祁門および黄山の広葉樹林内で捕獲された個体の胃からは、茶の実（種？）、板栗（毛栗とも。華北、華中に自生する栗の一種。甘みが強いそうです）、コケ、地衣類、昆虫が確認できたそうです。また、台湾のサイトには、特に夏季には多くの昆虫を捕らえて汁の多い腹部を食べると書いてあるものもあります。また、冬季には地面に潜って冬越しすると書いてあるサイトもあります。\r\n\r\n中国でもカヤネズミに対する関心は低く、まとまった調査記録は非常に少ないのが現状のようです。ただし、台湾では、2001年（民国暦では90年）に台湾唯一のバードサンクチュアリ「關渡自然公園」を設置して水際湿地の保全を推進しています。關渡自然公園では2004年11月から2005年7月にかけて、台湾大学の林雨德氏によってカヤネズミの調査が行われました。\r\n','text',2,9,'122.102.164.246','',0,0,0);
INSERT INTO `gl_forum_topic`VALUES (195,5,194,1,'jippo','1252747594',NULL,0,NULL,'','書込: 世界カヤネズミ事情【１１】中国の巣鼠','最新のデータではないようなのですが、台湾での生息地図です。\r\n山間部からの報告が多いようですね。\r\n\r\nhttp://archive.zo.ntu.edu.tw/mammal/r_mamm_map.asp?mamm_id=M0044','text',0,0,'122.102.164.246','',0,0,0);
INSERT INTO `gl_forum_topic`VALUES (196,5,192,1,'jippo','1252757472',NULL,0,NULL,'','書込: 世界カヤネズミ事情【１０】アメリカの湿地回復プログラムとソルトマーシュ・ハーベストマウス','タイトルが間違っていました。\r\n\r\n失地回復ではなく湿地回復です。すみません。','text',0,0,'122.102.164.246','',0,0,0);
INSERT INTO `gl_forum_topic`VALUES (197,7,174,3,'かやちゅ。','1252813393',NULL,0,NULL,'','書込: 一般訪問者への情報提供について','jippoさん\r\n\r\n道券さんがトップページの改訂バージョンを作ってくれて、一気に作業が進めやすくなったので、集中してコンテンツの引っ越しを進めていました。作業が一段落したところで、この書き込みをみて、びっくりしてました。\r\nずっとおられるものだと思っていたので、戸惑っています。\r\n\r\n最近、メールを書くのに時間がかかるようになってきて、以前のようにぱぱっと返事ができません。\r\n私自身の心身のコンディションが回復しきれていないからかも知れませんが、考える時間が長くなっています。\r\n\r\n世界カヤネズミ事情のコンテンツも、読ませて貰いましたが、返事を考えているあいだ、結果的に放置してしまったようになっていて、すみません。取りあえず、セルボーンのトピックについては、のちほどレスをつけます。\r\n\r\n取り急ぎ。','text',0,0,'220.157.165.130','',0,0,0);
INSERT INTO `gl_forum_topic`VALUES (198,5,136,3,'かやちゅ。','1252820044',NULL,0,NULL,'','書込: 世界カヤネズミ事情【１】（『セルボーンの博物誌』　1767年)','お返事が遅くなりました。\r\n\r\n基本的に、公開には賛成です。ただ、翻訳文を掲載するのは単なる情報提供とは違うので、いくつかクリアにしておいた方がいいと思うことを書きます。\r\n\r\nWebコンテンツの著作権について、私自身知識があやふやなところもあったので、調べました。\r\n原作者と原典の書名、提供元のＵＲＬ表示を元記事でされているので、形式としては問題ないと思います。ただ、原典の著作権が消失している著作権フリーの文章でも、別のサイトで提供された文章を翻訳して、こちらのウェブサイトで公開する場合は、提供元に確認をした方がいいと思います。\r\n\r\nそれから、翻訳された文章は読み物としての完成度が高いので、西尾さんの著作物として、署名入りで公開することにして下さいますか。\r\n西尾さんも経験されているので直感的にわかって貰えると思いますが、Web上にアップされた文章を勝手に使われないようにするためにも、著作者の明記と、無断引用防止のための何らかの対応が必要と感じます（例えば、pdfでアップしたり、テキストをjpegに変換して貼り付ける等）。コピーガードができればいいのですが、システムが対応していなさそうです。\r\n\r\nあと、本文について気づいた点を少し。\r\n\r\n１．細かいことですが、元記事の「レー氏（有名な博物学者、1628～1705）が記載している・・・」のカッコ内は「レー氏（注1）」のようにして、本文と別にした方がいいですね。\r\n\r\n２．「隣人の一人がカラス麦を小屋の中に運んできたところ、その下にはこのネズミが100匹近く集まっていたそうです。そのほとんどが捕獲されたので、何匹かを見せてもらいました。大きさを測ってみると、鼻先から尾の付け根まではわずかに2インチと4分の1（6センチメートル足らず） 、尾の長さは2インチ（5センチメートル）でした。」についてですが、カヤネズミにしてはやや尾が短いですね。もしかしたら、発見されたネズミには、ハツカネズミも混じっていたのかも知れません。\r\n\r\n３．「リンネだったら、mus minimus（最も小さなネズミ）と命名するところでしょう。」\r\nこの表記から、カヤネズミは当初、ハツカネズミの仲間と考えられていたことがわかります。','text',0,0,'220.157.165.130','',0,0,0);
INSERT INTO `gl_forum_topic`VALUES (199,7,174,1,'jippo','1252842297',NULL,0,NULL,'','書込: 一般訪問者への情報提供について','お電話をいただいたのに、留守にしていて申し訳ありませんでした。\r\n\r\n午前中は大阪自然史博物館のイベントで茨木市の泉原に行ってきました。山ぞいの水田のヒエ（植物担当の方に確認したのでまちがいありません）に崩れかけたカヤ巣を見つけました。後ほど、営巣報告フォームから送信しますね。夕刻は夕刻で、「インフルエンザにかかったかも」と騒ぎ出した家族を、休日診療所に連れていきました。新学期になって大流行しているようですね。\r\n\r\n私はもともと理系志望でしたし、子どものころはいわゆる里山で遊び暮らしましたが、大人になってからはビルの中や家の中でのデスクワークが中心になり、フィールドでの経験はほとんどありません。やはり、カヤネズミの保全ということになると、フィールド感覚のようなものが身についていないと、自分で納得できるような意見を持つことができません。必ずしも理系の訓練を受ける必要はないでしょうが、五年、十年といったフィールド経験をとおして自然感覚を養わないといけないと実感しています（大阪自然史博物館の友の会に入会したのも、これが一番の理由です）。\r\n\r\nカヤネットに不満があるわけではなく、自分がカヤネットでできることはとても限られていると思うのです。文字資料の整理などはほとんど日常の一部となっていますので、苦にはなりません。このような形での継続であれば「資料整理担当」のような形で継続させていただこうと思います。\r\n\r\nちょっと急いで書いたので、文章が乱れているかもしれませんが、とりいそぎ。\r\n\r\n\r\n\r\n','text',0,0,'122.102.164.246','',0,0,0);
INSERT INTO `gl_forum_topic`VALUES (200,5,136,1,'jippo','1252843437',NULL,0,NULL,'','書込: 世界カヤネズミ事情【１】（『セルボーンの博物誌』　1767年)','詳しいコメントをありがとうございます。こういう形でのコメントは、専門の研究者でないと書けません（たとえば、英文学者にはこういう形での脚注は書けません）。本文にそえて公開する形にするのがいいと思います。\r\n\r\nハツカネズミとの混同はあるかもしれませんね。海外のサイトなどを見ると、「冬季には集団性が増す」と書かれているものもあるのですが、とりあえずウェブをうろうろした限りでは、集団越冬の具体例とかはまだ見つけていません。カヤネズミの基本論文（海外）はいくつかあるようですが、いずれも有料というのがちょっと辛いですね。ちなみに公開されている畠さんの論文はすべて拝読しました。\r\n\r\n署名に関しては、文責を明らかにするためにも必要な措置だと思います。カヤネズミ関連の情報発信はとても大事だと思うのですが、どのような形にするかは検討を重ねる必要がありそうですね。pdfでコピー不可の設定にするのが、一番、簡単でしょうか。','text',0,0,'122.102.164.246','',0,0,0);
INSERT INTO `gl_forum_topic`VALUES (201,5,136,1,'jippo','1252882664',NULL,0,NULL,'','書込: 世界カヤネズミ事情【１】（『セルボーンの博物誌』　1767年)','著作権にからむ問題はややこしいですね。今回の場合は、プロジェクト・グーテンベルクの著作権と、日本の著作権法を確認しないといけないのでしょうね。\r\n\r\n趣味に走ってデュマの未邦訳作品をパリ国立図書館が提供する電子データ（いわゆる「Gallica」）から翻訳し、日本国内の電子出版社（グーテンベルク21）から出してもらったことがあるのですが、このときには著作権に関しては何も言われませんでした。また、著作権フリーの英語作品をオタク満開で自費出版したとき（出版年は1962年ですが、ベルヌ条約特例により翻訳権フリーとなっています）には、翻訳に使った英語書籍（2004年発行）に記載された書誌情報を転載しただけでした。\r\n\r\n電子データよりも紙版の原書をさがして、そちらの書誌情報を明記した方がいいのかもしれませんね。公開を急ぐ必要はまったくありませんので、そのあたりの情報を少し調べてみます。','text',0,0,'122.102.164.246','',0,0,0);
INSERT INTO `gl_forum_topic`VALUES (202,5,194,1,'jippo','1252884028',NULL,0,NULL,'','書込: 世界カヤネズミ事情【１１】中国の巣鼠','中国語のサイトです。巣が旧字体になっているため、日本語で「巣鼠」といれてもヒットしません。\r\n\r\n大陸と台湾では微妙に扱いが異なっているようです。\r\n\r\nhttp://archive.zo.ntu.edu.tw/mammal/r_mamm_index.asp?mamm_id=M0044\r\nhttp://www.hudong.com/wiki/%E5%B7%A2%E9%BC%A0\r\nhttp://www.ymsnp.gov.tw/web/ezp3b_1.aspx?a=ezp&f=data_file/animal93/animal93_d3-18.htm\r\n\r\nもっぱらオンライン翻訳（中→英）に頼っているため、大意程度しかつかめていませんが……\r\n','text',0,0,'122.102.164.246','',0,0,0);
INSERT INTO `gl_forum_topic`VALUES (203,7,174,3,'かやちゅ。','1252928718',NULL,0,NULL,'','書込: 一般訪問者への情報提供について','お返事ありがとうございました。\r\nばたばたして、結局お電話できませんでしたが、連絡がついてほっとしました。\r\nインフルエンザ流行っているようですね。お大事に。\r\n\r\n西尾さんはカヤネットに十分貢献しておられますよ。\r\n私がどうがんばっても、がちがちの日本語にしか訳せません（笑\r\nカヤネットの活動の幅を広げていただいて感謝しています。\r\n','text',0,0,'220.157.165.130','',0,0,0);
INSERT INTO `gl_forum_topic`VALUES (204,7,174,1,'jippo','1252929825',NULL,0,NULL,'','書込: 一般訪問者への情報提供について','お返事、ありがとうございました。\r\n\r\n結局、大騒ぎしたものの、検査は陰性でした。今日はケロリと解熱していたので、ただの風邪だったのでしょう。スーパーキャリアとかだったらいやだな。\r\n\r\n専門知識のある人についてフィールドを歩くのは楽しいですね。カヤ巣を探すだけではなく、いろいろなことを教えてもらって「生物多様性」の世界を実感できます。','text',0,0,'122.102.164.246','',0,0,0);
INSERT INTO `gl_forum_topic`VALUES (205,5,0,1,'jippo','1253058792','1253058792',0,NULL,'','世界カヤネズミ事情【12】ライデンの越冬巣―シュレーゲルの記録より','ライデン博物館の第二代館長シュレーゲルが、カヤネズミの冬巣に関する記録を残していました。シュレーゲルは、シーボルトの「日本動物誌」の執筆者として有名です。\r\n\r\nリンクはこちら。\r\nhttp://www.archive.org/details/notesfromleydenm03rijk\r\n\r\n少々長いので全訳はやめておきますが、なかなか興味深い内容のことが書かれています。「カヤネズミは孤立したペアで暮らしており、見つけにくい」「出産時には鳥の巣を利用することもある」「カヤネズミの個体数は年ごとに大きく変動する」「冬季には繁殖用の巣とはまるで違った巣を作る。水がなくなった葦原の地面近くに、カワゴケ（watermoss）で作った巣を葦の茎の間に架けていた。ヨシキリ（？　reed-warblers）の巣に似るが、紡錘状で入り口はない。（夏季のものよりも）小さくて粗い作りになっており、冬場の貯蔵庫にもなっている。甲虫その他の昆虫の残骸を確認した」。\r\n\r\nシュレーゲルの記事内容が正しいのかどうかは私にはわかりませんが、少なくともこの当時、カヤネズミは見つかりにくい生物種であったことがうかがえます（学名にしても時代によって異なってくるのが厄介です）。\r\n\r\nちなみに「日本動物誌」は京都大学の電子図書館で確認できます。\r\nhttp://edb.kulib.kyoto-u.ac.jp/exhibit/b03/mamrep.html\r\n\r\n「日本動物誌」にはカヤネズミの名も出てくるのですが、独立した項目としてではなく、「ホンドアカネズミ」の項目に[i]Mus minutus[/i]として記録され、日本での名は「Hakka-nezumi」であると書かれています。ハツカネズミと混同されていたようです。（なお、現在のHPでは「ホンドアカネズミ」の図版として「ヤマネ」の絵が掲載されています。サーバーアップ時の単純ミスのようですので、担当窓口にメールしておきました）。\r\n\r\n「日本動物誌」に記されているカヤネズミの説明はわずかに二行。「Mus minutusは日本にも生息しており、\"粘土の地面の原\"にいる。当地ではHakka-nezumiと呼ばれている」。ここで\"粘土の地面の原（champs de terre glaise）\"とあるのは、何のことかよくわかりません。あるいは水田のことをさしているのかもしれません。','text',0,7,'122.102.164.246','',0,0,0);
INSERT INTO `gl_forum_topic`VALUES (206,5,0,1,'jippo','1253243474','1253926494',214,NULL,'','世界カヤネズミ事情【13】リンク集','「世界カヤネズミ事情」は、カヤネット内部の参照先として非公開でまとめる予定ですので、関係のありそうなリンクを少しづつ補足していきます。新しいリンク先は、コメント形式で追加するつもりです。\r\n\r\nいずれは、近代ヨーロッパでの博物学興隆ともからめて「カヤネズミ研究史覚書」のような形になればいいなと思ってはいるのですが、膨大な文献に目をとおさないといけないので、最低でも十年くらいはかかりそうです。\r\n\r\nカヤネズミの学名関係。\r\n[i](Micromys minutus）[/i]http://zipcodezoo.com/Animals/M/Micromys%5Fminutus/\r\n[i]（Mus minutus)[/i]http://zipcodezoo.com/Animals/M/Mus_minutus/\r\n\r\nカヤネズミの分布状況。\r\nhttp://data.gbif.org/species/13185192\r\n','text',2,17,'122.102.164.246','',0,0,0);
INSERT INTO `gl_forum_topic`VALUES (207,5,206,1,'jippo','1253249257',NULL,0,NULL,'','書込: 世界カヤネズミ事情【13】リンク集','上記はMicromysの分布図のようです。\r\n\r\nMicromys minutusの分布図は↓。\r\nhttp://data.gbif.org/species/13804494\r\n\r\n「報告があった場所のみ」ということらしいので、未調査の地域も多そうです。個人的にはシャッタル・アラブ（チグリス・ユーフラテス合流地点の広大な湿原地帯。葦で作った家があることで有名）にカヤネズミがいないのが残念でならないのですが、おなじようなニッチを占める小型齧歯類がいるのかもしれません。','text',0,0,'122.102.164.246','',0,0,0);
INSERT INTO `gl_forum_topic`VALUES (208,7,122,1,'jippo','1253313864',NULL,0,NULL,'','書込: カヤマップ2007年度版移行作業の進捗状況','三重県（多気町のマーク減らし）\r\n佐賀県（マーク削除）\r\n広島県（マーク削除）\r\n\r\n以上三件、とりあえずマップだけ変更しておきました。島根では2008年の報告がありますが、全国マップでは黄色になっています。ペンディングしておきます。','text',0,0,'122.102.164.246','',0,0,0);
INSERT INTO `gl_forum_topic`VALUES (209,7,122,3,'かやちゅ。','1253327854',NULL,0,NULL,'','書込: カヤマップ2007年度版移行作業の進捗状況','ご指摘感謝です。島根の件は変更ミスです。鳥取を直したつもりだったんですが（汗\r\n','text',0,0,'220.157.165.130','',0,0,0);
INSERT INTO `gl_forum_topic`VALUES (210,7,0,1,'jippo','1253746043','1253803091',213,NULL,'','記事更新報告','こんなトピックを作ってみました。少し様子を見て、不要だと思われたら削除しますね。\r\n\r\n「英語ページ」の一部でフォントが変わっていたので、訂正しました。\r\n\r\nそれと、「一言メッセージ」に巣の写真を入れたほうがインパクトがあるんじゃないかと思うので、後でトライしてみます。\r\n\r\n奈良で撮った写真がよさそうなので使ってみますが「無断転載禁止」のロゴを入れておいたほうがいいですかね。','text',2,22,'122.102.164.246','',0,0,0);
INSERT INTO `gl_forum_topic`VALUES (211,7,210,3,'かやちゅ。','1253752883',NULL,0,NULL,'','書込: 記事更新報告','フォントの修正ありがとうございました。\r\nこれは、わかりやすくていいですね。\r\n\r\n「無断転載禁止」の表記を入れる判断はお任せします。\r\nサイトの下にコピーライト表示をしているので、あえて入れる必要はないと思われるなら入れなくてもいいと思いますし（全体のバランスからみて文字だらけになりますし）、だめ押しで入れておこうと思われるなら、そうして下さい。\r\n\r\nただ、無断転載禁止と書いていても、平気で転載する人はいますけどね・・・\r\n','text',0,0,'220.157.165.130','',0,0,0);
INSERT INTO `gl_forum_topic`VALUES (212,7,0,5,'nabe','1253800280','1253935254',219,NULL,'','ＨＰにメッセージを掲載','京都西院の渡邉です。\r\nご意見は、新ＨＰ掲示板にということで感想だけですが…\r\n\r\nトップに、“カヤネズミ（学名：Micromys minutus）という生き物をご存知ですか？”\r\nこれが一番欲しかったです。\r\n旧ＨＰにはありませんでしたよね。\r\nみんながカヤネズミを良く知ってＨＰを見に来てくれる訳じゃないと思いますので、\r\nこれが良いですね。\r\nカヤネズミの紹介からＨＰが始まるのが良いと思います。\r\n先ずは、意見から。','text',5,63,'122.130.206.181','',0,0,0);
INSERT INTO `gl_forum_topic`VALUES (213,7,210,1,'jippo','1253803091',NULL,0,NULL,'','書込: 記事更新報告','巣の写真を入れようとしたのですが、反映されないようなので今回は断念します。また次の機会にでも（^^;','text',0,0,'122.102.164.246','',0,0,0);
INSERT INTO `gl_forum_topic`VALUES (214,5,206,1,'jippo','1253926494',NULL,0,NULL,'','書込: 世界カヤネズミ事情【13】リンク集','上記サイトからリンクされていますが、文献を確認するさいに便利そうです。\r\n\r\nhttp://www.biodiversitylibrary.org/name/Mus_minutus\r\nhttp://www.biodiversitylibrary.org/name/Micromys_minutus\r\n\r\npdfによるトルコのカヤネズミ報告もあります。urlが抜き出せないので、いずれ概略をアップしたいと思います。イギリスからはカヤネズミの化石発見の報告がなく、比較的新しい時代に入ってきたのではないかとされているようですが、カヤネズミの「故郷」はどこだったのでしょうね。\r\n','text',0,0,'122.102.164.246','',0,0,0);
INSERT INTO `gl_forum_topic`VALUES (215,7,212,1,'jippo','1253929559',NULL,0,NULL,'','書込: ＨＰにメッセージを掲載','はい。わたしもこのコラムが一番ほしかったです。\r\n\r\nとは言っても、畠さんの手元にある膨大なデータは、論文の形で公表した後でないとウェブにはアップできませんよね。カヤの生活史はわからないことだらけなので、わたしはそれが一番知りたいです。\r\n\r\n「森のねずみの生態学」という本を読んでとてもおもしろかったのですが、生息調査をするにも、カヤはシャーマントラップにはあまりかからないような気がします。また、個体識別にしても、ヤチネズミのように指を切ることはできないでしょうし（カヤにとっては死活問題でしょうね）、そもそも観察自体がとても困難な生物ではないかと思います。\r\n','text',0,0,'122.102.164.246','',0,0,0);
INSERT INTO `gl_forum_topic`VALUES (216,7,212,1,'jippo','1253932036',NULL,0,NULL,'','書込: ＨＰにメッセージを掲載','すみません。書き忘れました。\r\n\r\n繁殖期の巣に触れないのはデフォルトですが、冬巣に聴診器をあてるのは許容範囲でしょうか？（ナース用の簡易聴診器ですが）。　十二月以降に冬巣を探そうかと思っています。','text',0,0,'122.102.164.246','',0,0,0);
INSERT INTO `gl_forum_topic`VALUES (217,7,212,3,'かやちゅ。','1253932139',NULL,0,NULL,'','書込: ＨＰにメッセージを掲載','意見ありがとうございます。\r\n「これが欲しかった」と言われて、初めて来訪者が欲しい情報を載せていなかったことに気づきました。\r\n\r\n以前はカヤネットHPのトップページからカヤ日記（旧バージョン）がリンクされていてたので、この説明がワンクリックで見られたのですが、カヤ日記がブログに引っ越して、カヤネットのHPから直接たどれなくなっていました。その際にHPにページを作ればよかったんですね。\r\nカヤネットのメンバーからも特に意見も指摘もなかったので、問題ないと思いこんでいました。\r\n\r\n以前のHPは、殆ど私一人で試行錯誤しながら作ってきたので、利用者の視点でみると、あれっと思うような抜けがあるのかも知れないですね。\r\n\r\nこれからも、気づいた点がありましたら、気軽にコメント下さい。\r\n団体のHPですので、カヤネットのメンバー全員で、よりよいものにしていきたいと思っています。','text',0,0,'220.157.165.130','',0,0,0);
INSERT INTO `gl_forum_topic`VALUES (218,7,212,3,'かやちゅ。','1253935109',NULL,0,NULL,'','書込: ＨＰにメッセージを掲載','＞　畠さんの手元にある膨大なデータは、論文の形で公表した後でないとウェブにはアップできませんよね。カヤの生活史はわからないことだらけなので、わたしはそれが一番知りたいです。\r\n\r\nNGO活動と研究活動を両立させようとすると、なかなか論文に集中する時間が取れなくて（研究費を稼ぐために京大のバイオ関係の研究室でバイトもしています）、大学院にいた頃と同じようなペースで書くことは難しいですが、ゆっくりでも確実に書き進められればと思っています。\r\n\r\nまずは営巣植物について学会誌に投稿中の論文の修正と、博士論文の加筆作業を始める予定です。作業を再開しても論文として公表できるまでには時間がかかってしまいますが、もう少しお待ち下さい。\r\n\r\n「森のねずみ・・・」はおもしろいですね。カヤは確かにヤチやアカと比べて、シャーマンにかかりにくいです。繁殖期に草の上を利用するからでしょうね。私の経験では、GWをすぎるとぴたっとかからなくなります。\r\n\r\n','text',0,0,'220.157.165.130','',0,0,0);
INSERT INTO `gl_forum_topic`VALUES (219,7,212,3,'かやちゅ。','1253935254',NULL,0,NULL,'','書込: ＨＰにメッセージを掲載','[QUOTE][u]Quote by: jippo[/u]\r\n繁殖期の巣に触れないのはデフォルトですが、冬巣に聴診器をあてるのは許容範囲でしょうか？（ナース用の簡易聴診器ですが）。　十二月以降に冬巣を探そうかと思っています。[/QUOTE]\r\n\r\n巣の外からいるかいないかを調べるのは難しいんですよね。\r\n私も決定的な方法は知りません。\r\n\r\n聴診器は使ったことがないですが、どうなんだろう。\r\n冬巣を調べる際に、\r\n\r\n・周りの草を踏み倒したり、巣の周辺を荒らさない\r\n・軍手をするなど、素手で聴診器を持たない\r\n\r\nに気をつければ、使っても特に問題ないと思います。\r\nまた、使用した感想を教えて下さいね。','text',0,0,'220.157.165.130','',0,0,0);
INSERT INTO `gl_forum_topic`VALUES (220,4,0,3,'かやちゅ。','1253935757','1253938178',224,NULL,'','巣外からカヤネズミのいる／いないを調べる','別のトピックスでのjippoさんの投稿に回答をつけましたが、内容的にこちらの方がいいと思うので移しておきます。\r\n\r\n[quote]\r\n繁殖期の巣に触れないのはデフォルトですが、冬巣に聴診器をあてるのは許容範囲でしょうか？（ナース用の簡易聴診器ですが）。　十二月以降に冬巣を探そうかと思っています。[/quote]\r\n\r\n巣の外からいるかいないかを調べるのは難しいんですよね。\r\n私も決定的な方法は知りません。\r\n\r\n聴診器は使ったことがないですが、どうなんだろう。\r\n冬巣を調べる際に、\r\n\r\n・周りの草を踏み倒したり、巣の周辺を荒らさない\r\n・軍手をするなど、素手で聴診器を持たない\r\n\r\nに気をつければ、使っても特に問題ないと思います。\r\nまた、使用した感想を教えて下さいね。 ','text',1,14,'220.157.165.130','',0,0,0);
INSERT INTO `gl_forum_topic`VALUES (221,7,0,3,'かやちゅ。','1253935999','1253936309',223,NULL,'','削除依頼','投稿後は記事を各自で削除できないシステムになっているので、削除依頼専用のトピックをたてました。\r\n管理者さんは、お手数ですが適宜削除して下さい。宜しくお願いします。','text',2,16,'220.157.165.130','',0,0,0);
INSERT INTO `gl_forum_topic`VALUES (222,7,221,3,'かやちゅ。','1253936198',NULL,0,NULL,'','書込: 削除依頼','以下のトピックの５番目の記事（投稿者：かやちゅ。、投稿日時：2009年9月26日 12:20 JST  ）を削除して下さい。\r\nhttp://kayanet-japan.com/forum/viewtopic.php?showtopic=212\r\n\r\n理由：投稿記事を適切なトピックに移動したため。','text',0,0,'220.157.165.130','',0,0,0);
INSERT INTO `gl_forum_topic`VALUES (223,7,221,3,'かやちゅ。','1253936309',NULL,0,NULL,'','書込: 削除依頼','投稿された記事は、ホームページへのご意見＞ＨＰにメッセージを掲載にあります。 \r\n','text',0,0,'220.157.165.130','',0,0,0);
INSERT INTO `gl_forum_topic`VALUES (224,4,220,1,'jippo','1253938178',NULL,0,NULL,'','書込: 巣外からカヤネズミのいる／いないを調べる','畠さん、教えていただいてありがとうございます。軍手をするのは、移臭を防ぐためですよね。気づきませんでした。\r\n\r\nわたしはヘタレなので藪こぎはせず、以前、教えてもらった「フィールドマージン」セオリー（？）に忠実に、外縁部を目視するだけで満足しています。というか、体力的にも精神力的にもそれが限界ですね（^^;\r\n\r\n風のない日に聴診器を使って見ます。このあいだ、強風の日に猪名川沿いで巣探しをしたときは、草のあまりのゆれ方に難儀しました。ハツカあたりをカヤ巣にいれたら船酔いするんじゃないかな。カヤは特殊な三半規管でも持ってるのでしょうかね。','text',0,0,'122.102.164.246','',0,0,0);
INSERT INTO `gl_forum_topic`VALUES (225,4,0,1,'jippo','1254010796','1254010796',0,NULL,'','カヤ原のハチ（マルハナバチ）','たった今、ウェブをうろうろしていて知ったのですが（大阪市立自然史博物館の和田さんのページ）、マルハナバチ（なぜかネズミの巣にいるそうですね）がカヤネズミの古巣にいることもあるそうです。古いカヤ巣だからモウマンタイとばかり無用心に手をつっこまないほうがよさそうですね。ミツバチの仲間なので、そんなに痛くないとは思うのですが、アナナントカもこわそうですし。\r\n\r\nそれにしても営巣中のカヤ巣にマルハナバチは近づかないのかな。フンの臭いが鍵だとすると、やはり冬以降に残っている巣が候補になる？？','text',0,6,'122.102.164.246','',0,0,0);
INSERT INTO `gl_forum_topic`VALUES (226,9,0,32,'tuyukusa','1254714360','1254714360',0,'kayachu@nature.email.ne.jp','','「ソトコト」１１月号','<p>月刊「ソトコト」１１月号（特集「生物多様性入門」）に紹介されました。</p><p>特集記事のコンテンツ「生物多様性フィールドガイド」に、本会の活動拠点のひとつ、桂川が紹介されました。<br />\r桂川に生息するカヤネズミの写真も掲載されています。撮影者は本会会員の渡邉健也さん。<br />\rほかにも、国内のさまざまなフィールドの野生動植物と、そこで活動する自然保護団体が取り上げられています。</p>\r<p>詳しくはこちら&rarr;<a href=\"http://www.sotokoto.net/sotokoto/\">ソトコト.net</a></p>','HTML',0,94,'','',0,0,0);
INSERT INTO `gl_forum_topic`VALUES (227,9,0,3,'かやちゅ。','1249956720','1249956720',0,'kayachu@kayanet-japan.com','','夏期休暇のお知らせ','<p>8月11日（火）より、8月25日（火）まで、カヤネット事務局の業務はお休みさせていただきます。<br />\rお問い合わせなどへの返信は、26日以降に順次させていただきます。<br />\rご了承ください。</p>','HTML',0,648,'','',0,0,0);
INSERT INTO `gl_forum_topic`VALUES (228,9,0,3,'かやちゅ。','1245751200','1245751200',0,'kayachu@kayanet-japan.com','','「水とともに」６月号記事','<p><a href=\"http://www.water.go.jp/\">水資源機構</a>の広報誌「水とともに」６月号の「水辺の生物」シリーズでカヤネズミが取り上げられました．</p><p>本会の活動についても，ご紹介いただきました．</p>\r<p>水資源機構のホームページから記事の全文が閲覧できます．バックナンバーもお勧めです．</p>','HTML',0,902,'','',0,0,0);
INSERT INTO `gl_forum_topic`VALUES (229,7,122,1,'jippo','1255963617',NULL,0,NULL,'','書込: カヤマップ2007年度版移行作業の進捗状況','2008年版ですが、大筋で形になってきたようですので、念のため、手元のパソコンに保存してあったカヤマップ関連のデータ一切を消去しました。フェスティバル当日は留守番担当なので外出できませんが、楽しみですね。','text',0,0,'122.102.164.246','',0,0,0);
INSERT INTO `gl_forum_topic`VALUES (230,7,0,3,'かやちゅ。','1257605103','1258724643',249,NULL,'','カヤマップ2008年度版更新作業','2008年度版の参考資料のページができました。\r\nいくつかの問題があって、なかなか進まなかったのですが、以下のように対応しました。\r\n\r\n＜問題と対応＞\r\n\r\n・参考資料ページを旧バージョンからコピーペーストすると、レイアウトが正常に表示されなくなる\r\n→参考資料ページを都道府県ごとに作成した。\r\n\r\n・ページを別ウィンドウで全画面表示させると文字化けする\r\n→直接的な解決策は見つからなかったので、別ウィンドウ＆全画面表示はあきらめ、参考資料ページは2008年版都道府県ページから個別リンクすることにした。','text',17,151,'220.157.165.130','',0,0,0);
INSERT INTO `gl_forum_topic`VALUES (231,7,122,3,'かやちゅ。','1257605653',NULL,0,NULL,'','書込: カヤマップ2007年度版移行作業の進捗状況','[QUOTE][u]Quote by: jippo[/u]2008年版ですが、大筋で形になってきたようですので、念のため、手元のパソコンに保存してあったカヤマップ関連のデータ一切を消去しました。[/QUOTE]\r\n\r\nセキュリティのことを考えて消去して下さったんですね。\r\n了解しました。\r\n\r\n','text',0,0,'220.157.165.130','',0,0,0);
INSERT INTO `gl_forum_topic`VALUES (232,7,122,3,'かやちゅ。','1257605802',NULL,0,NULL,'','書込: カヤマップ2007年度版移行作業の進捗状況','書き込み内容が既に2008年度版の更新作業に入っているので、新トピックに移行します。','text',0,0,'220.157.165.130','',0,0,0);
INSERT INTO `gl_forum_topic`VALUES (233,7,230,3,'かやちゅ。','1257608206',NULL,0,NULL,'','書込: カヤマップ2008年度版更新作業','リンクの張り替え作業にご協力下さい。\r\n作業の重複を避けるため、○○やります、と書いてから作業して下さい。\r\n宜しくお願いします。\r\n\r\n＠全国カヤマップ2008年度版の都道府県別リンクの変更\r\n「全国カヤマップ2008年度版」の都道府県のリンク先ＵＲＬを2007年度版から2008年度版に変更する。\r\n三重県のリンクは変更しました。これと同じように、他の都府県も張り替えていきます。\r\nＵＲＬの変更は、ツールバーの「リンクの挿入／編集ボタン」（地球儀のアイコン）からできます。\r\n\r\n＠都道府県版2008年度ページに参考資料ページへのリンクを作る\r\nそれぞれのページの末尾に、参考資料へのリンクを作成する。\r\n三重県と京都府のページはリンクしました。同じように、他府県のページにもリンクを作ります。','text',0,0,'220.157.165.130','',0,0,0);
INSERT INTO `gl_forum_topic`VALUES (234,7,230,3,'かやちゅ。','1257614187',NULL,0,NULL,'','書込: カヤマップ2008年度版更新作業','＠「全国カヤマップの使い方」のページに2008年度の凡例画像を追加。\r\n→私の手元には画像がないので、jippoさん、お手数ですがピンクのアイコン画像を追加して貰えますか？\r\n','text',0,0,'220.157.165.130','',0,0,0);
INSERT INTO `gl_forum_topic`VALUES (235,7,230,1,'jippo','1257677833',NULL,0,NULL,'','書込: カヤマップ2008年度版更新作業','ピンクのアイコンの件、了解しました。現在、出先から別のパソコンを使ってアクセスしているので、今日、明日には無理ですが、できるだけ早く対応します。','text',0,0,'219.112.96.210','',0,0,0);
INSERT INTO `gl_forum_topic`VALUES (236,7,230,1,'jippo','1257719625',NULL,0,NULL,'','書込: カヤマップ2008年度版更新作業','ピンクのアイコンですが、先月、使えなくなったパソコン（修理して動くようになったものの、今度は別機能がだめになりました）に入っていたような記憶があります。2008年版マップも訂正の必要なものがありますので、アイコンが見つからなかった場合はあらたにマップを作成します。作業自体は半日ですむと思いますが、現在、原稿関係がたてこんでいますので、そちらが一段落したらカヤマップの作業にシフトします。一週間以内になんとかなると思います。しばらくお待ちくださいませ。','text',0,0,'219.112.96.210','',0,0,0);
INSERT INTO `gl_forum_topic`VALUES (237,7,230,1,'jippo','1257772292',NULL,0,NULL,'','書込: カヤマップ2008年度版更新作業','ピンクのアイコンですが、別のパソコンに画像だけ残っていました。squareのファイル名でアップ済みです。2008年用マップで訂正が必要なものについては、追って作業します。','text',0,0,'122.102.164.246','',0,0,0);
INSERT INTO `gl_forum_topic`VALUES (238,7,230,3,'かやちゅ。','1257775834',NULL,0,NULL,'','書込: カヤマップ2008年度版更新作業','アイコン確認しました。\r\n取り込み中のところ、素早い対応ありがとうございます。\r\n2008年度版マップで、習性が必要なものってどれですか？','text',0,0,'220.157.165.130','',0,0,0);
INSERT INTO `gl_forum_topic`VALUES (239,7,230,1,'jippo','1257780693',NULL,0,NULL,'','書込: カヤマップ2008年度版更新作業','ざっとしか確認していないのですが、たしか、京都と宮城はアイコンの数を減らす必要があったと思います。みなさんから申し出がないようであれば、リンク貼りは来週あたりから開始します。要領は2007年版と同じですね？　','text',0,0,'122.102.164.246','',0,0,0);
INSERT INTO `gl_forum_topic`VALUES (240,7,230,3,'かやちゅ。','1258035480',NULL,0,NULL,'','書込: カヤマップ2008年度版更新作業','jippoさん\r\n\r\nご協力のお申し出ありがとうございます。\r\n今のところ、他の人からのお申し出はありませんので、手伝っていただけたら助かります。\r\n\r\n2008年版の京都府のページに、訂正箇所についてのコメントをつけました。\r\n宮城・福島もプロットの訂正があります。\r\n\r\n大阪府は、まだデータの編集に手をつけられていません。\r\n取りあえず、来週中には取りかかれるようにしたいと思っています。\r\n','text',0,0,'220.157.165.130','',0,0,0);
INSERT INTO `gl_forum_topic`VALUES (241,7,230,1,'jippo','1258181783',NULL,0,NULL,'','書込: カヤマップ2008年度版更新作業','参考資料と2008年版マップへのリンクは、一応、終了しました。大阪もとりあえず、リンクしてあります。\r\n後ほど、再度チェックしてみます。','text',0,0,'122.102.164.246','',0,0,0);
INSERT INTO `gl_forum_topic`VALUES (242,7,230,1,'jippo','1258191072',NULL,0,NULL,'','書込: カヤマップ2008年度版更新作業','埼玉の参考資料がないようです。','text',0,0,'122.102.164.246','',0,0,0);
INSERT INTO `gl_forum_topic`VALUES (243,7,230,1,'jippo','1258329380',NULL,0,NULL,'','書込: カヤマップ2008年度版更新作業','埼玉県の参考資料ページですが、新規作成でコピペすると、ワードソースが反映されてしまうようですね。これを事務局の方で最初から作り直すとかなり時間がかかりますので、私の方で作ってしまいましょうか？　要領は2008年版都道府県別ページの作成法と同じだと思いますので。','text',0,0,'122.102.164.246','',0,0,0);
INSERT INTO `gl_forum_topic`VALUES (244,7,230,1,'jippo','1258495680',NULL,0,NULL,'','書込: カヤマップ2008年度版更新作業','「カヤマップの使い方」ページにピンクのアイコンを追加したのですが、なんだかみっともないです。透過処理とかよくわからないのですが、他のアイコンに変える必要があれば言ってください。ペイントで自作したほうがいいのかな。','text',0,0,'122.102.164.246','',0,0,0);
INSERT INTO `gl_forum_topic`VALUES (245,7,230,1,'jippo','1258508638',NULL,0,NULL,'','書込: カヤマップ2008年度版更新作業','一人でレスを占拠してすみません。ピンクアイコンですが、いろいろといじっていたらそれなりにアップできたようです。','text',0,0,'122.102.164.246','',0,0,0);
INSERT INTO `gl_forum_topic`VALUES (246,7,230,1,'jippo','1258688621',NULL,0,NULL,'','書込: カヤマップ2008年度版更新作業','埼玉の参考資料ですが、手作業でデータを移行中です。たぶん、今日中にできると思います。移行完了後は埼玉県のページからリンクを貼りますが、支障があるようなら言ってください。','text',0,0,'122.102.164.246','',0,0,0);
INSERT INTO `gl_forum_topic`VALUES (247,7,230,3,'かやちゅ。','1258689215',NULL,0,NULL,'','書込: カヤマップ2008年度版更新作業','了解しました。いま外出先なので、帰宅したら確認します。\r\n埼玉のページの作成はお任せします。宜しくお願いします。','text',0,0,'126.247.149.155','',0,0,0);
INSERT INTO `gl_forum_topic`VALUES (248,7,230,1,'jippo','1258705647',NULL,0,NULL,'','書込: カヤマップ2008年度版更新作業','埼玉県のページ、とりあえず貼り終えました。明日にでもチェックしてみます。最近、日本の森林面積の推移に関する小論文（？）を読んだのですが、聞き書きで確認できるのはせいぜい数十年前までで、明治期の森林の実態についてはよくわからないそうです。江戸期の里山となると、民間の名所絵などから判断するしかないそうなのですが、大都市近郊の山は禿山が多く（稜線が描かれている）、里山とされている部分のかなりの面積が草地だったのではないかと書かれていました。\r\n\r\n市民から集められたデータは、調査地などのばらつきも含めて質的な偏りがあるとされているようですが、たとえば五十年後に平成の日本でカヤネズミがどのように分布していたかを知るには、カヤマップしか資料がないのではないでしょうか。その意味でも、後世に残す貴重なデータだと思います。','text',0,0,'122.102.164.246','',0,0,0);
INSERT INTO `gl_forum_topic`VALUES (249,7,230,3,'かやちゅ。','1258724643',NULL,0,NULL,'','書込: カヤマップ2008年度版更新作業','埼玉のページ確認しました。いいと思います。\r\nありがとうございました。\r\n\r\n昔の里山の草地の話をあつかった本でしたら、「草山の語る近世」があります。\r\nおもしろいので、読んで見られたらいいですよ。\r\n\r\n\r\n','text',0,0,'220.157.165.130','',0,0,0);

--
-- Table structure for table `gl_forum_userinfo`
--


CREATE TABLE `gl_forum_userinfo` (
  `uid` mediumint(8) NOT NULL DEFAULT 0,
  `location` varchar(128) NOT NULL DEFAULT '',
  `aim` varchar(128) NOT NULL DEFAULT '',
  `icq` varchar(128) NOT NULL DEFAULT '',
  `yim` varchar(128) NOT NULL DEFAULT '',
  `msnm` varchar(128) NOT NULL DEFAULT '',
  `interests` varchar(255) NOT NULL DEFAULT '',
  `occupation` varchar(255) NOT NULL DEFAULT '',
  PRIMARY KEY (`uid`)
) ENGINE=MyISAM DEFAULT CHARSET=utf8mb3 COLLATE=utf8mb3_general_ci COMMENT='Forum Extra User Profile Information';

--
-- Dumping data for table `gl_forum_userinfo`
--

INSERT INTO `gl_forum_userinfo`VALUES (3,'','','','','','','');
INSERT INTO `gl_forum_userinfo`VALUES (4,'','','','','','','');
INSERT INTO `gl_forum_userinfo`VALUES (5,'','','','','','','');
INSERT INTO `gl_forum_userinfo`VALUES (7,'','','','','','','');
INSERT INTO `gl_forum_userinfo`VALUES (8,'','','','','','','');
INSERT INTO `gl_forum_userinfo`VALUES (9,'','','','','','','');
INSERT INTO `gl_forum_userinfo`VALUES (11,'','','','','','','');
INSERT INTO `gl_forum_userinfo`VALUES (12,'','','','','','','');
INSERT INTO `gl_forum_userinfo`VALUES (13,'','','','','','','');
INSERT INTO `gl_forum_userinfo`VALUES (26,'','','','','','','');
INSERT INTO `gl_forum_userinfo`VALUES (15,'','','','','','','');
INSERT INTO `gl_forum_userinfo`VALUES (16,'','','','','','','');
INSERT INTO `gl_forum_userinfo`VALUES (32,'','','','','','','');
INSERT INTO `gl_forum_userinfo`VALUES (18,'','','','','','','');
INSERT INTO `gl_forum_userinfo`VALUES (19,'','','','','','','');
INSERT INTO `gl_forum_userinfo`VALUES (21,'','','','','','','');
INSERT INTO `gl_forum_userinfo`VALUES (22,'','','','','','','');
INSERT INTO `gl_forum_userinfo`VALUES (23,'','','','','','','');
INSERT INTO `gl_forum_userinfo`VALUES (24,'','','','','','','');
INSERT INTO `gl_forum_userinfo`VALUES (27,'','','','','','','');
INSERT INTO `gl_forum_userinfo`VALUES (33,'','','','','','','');
INSERT INTO `gl_forum_userinfo`VALUES (35,'','','','','','','');
INSERT INTO `gl_forum_userinfo`VALUES (34,'','','','','','','');

--
-- Table structure for table `gl_forum_userprefs`
--


CREATE TABLE `gl_forum_userprefs` (
  `uid` mediumint(8) NOT NULL DEFAULT 0,
  `topicsperpage` int(3) NOT NULL DEFAULT 5,
  `postsperpage` int(3) NOT NULL DEFAULT 5,
  `popularlimit` int(3) NOT NULL DEFAULT 10,
  `messagesperpage` int(3) NOT NULL DEFAULT 20,
  `searchlines` int(3) NOT NULL DEFAULT 20,
  `viewanonposts` tinyint(1) NOT NULL DEFAULT 1,
  `enablenotify` tinyint(1) NOT NULL DEFAULT 1,
  `alwaysnotify` tinyint(1) NOT NULL DEFAULT 0,
  `membersperpage` int(3) NOT NULL DEFAULT 20,
  `showiframe` tinyint(1) NOT NULL DEFAULT 1,
  `notify_once` tinyint(1) NOT NULL DEFAULT 0,
  PRIMARY KEY (`uid`)
) ENGINE=MyISAM DEFAULT CHARSET=utf8mb3 COLLATE=utf8mb3_general_ci;

--
-- Dumping data for table `gl_forum_userprefs`
--

INSERT INTO `gl_forum_userprefs`VALUES (2,5,5,10,20,20,1,1,0,20,1,0);
INSERT INTO `gl_forum_userprefs`VALUES (3,10,5,10,20,20,1,0,1,20,1,0);
INSERT INTO `gl_forum_userprefs`VALUES (5,5,5,10,20,20,1,1,0,20,1,0);
INSERT INTO `gl_forum_userprefs`VALUES (4,5,5,10,20,20,1,1,0,20,1,0);
INSERT INTO `gl_forum_userprefs`VALUES (8,5,5,10,20,20,1,0,1,20,1,0);
INSERT INTO `gl_forum_userprefs`VALUES (12,5,5,10,20,20,1,1,0,20,1,0);
INSERT INTO `gl_forum_userprefs`VALUES (16,5,5,10,20,20,1,1,0,20,1,0);
INSERT INTO `gl_forum_userprefs`VALUES (15,5,5,10,20,20,1,1,0,20,1,0);
INSERT INTO `gl_forum_userprefs`VALUES (22,5,5,10,20,20,1,1,0,20,1,0);
INSERT INTO `gl_forum_userprefs`VALUES (11,5,5,10,20,20,1,1,0,20,1,0);
INSERT INTO `gl_forum_userprefs`VALUES (9,5,5,10,20,20,1,1,0,20,1,0);

--
-- Table structure for table `gl_forum_watch`
--


CREATE TABLE `gl_forum_watch` (
  `id` mediumint(8) NOT NULL AUTO_INCREMENT,
  `forum_id` mediumint(8) NOT NULL DEFAULT 0,
  `topic_id` mediumint(8) NOT NULL DEFAULT 0,
  `uid` mediumint(8) NOT NULL DEFAULT 0,
  `date_added` date NOT NULL DEFAULT '0000-00-00',
  PRIMARY KEY (`id`),
  KEY `uid` (`uid`),
  KEY `forum_id` (`forum_id`),
  KEY `topic_id` (`topic_id`)
) ENGINE=MyISAM AUTO_INCREMENT=89 DEFAULT CHARSET=utf8mb3 COLLATE=utf8mb3_general_ci;

--
-- Dumping data for table `gl_forum_watch`
--

INSERT INTO `gl_forum_watch`VALUES (1,11,0,3,'2009-05-16');
INSERT INTO `gl_forum_watch`VALUES (2,11,12,3,'2009-05-17');
INSERT INTO `gl_forum_watch`VALUES (3,11,13,3,'2009-05-17');
INSERT INTO `gl_forum_watch`VALUES (4,11,19,3,'2009-05-23');
INSERT INTO `gl_forum_watch`VALUES (5,11,10,3,'2009-05-23');
INSERT INTO `gl_forum_watch`VALUES (6,11,14,3,'2009-05-23');
INSERT INTO `gl_forum_watch`VALUES (54,7,122,3,'2009-09-06');
INSERT INTO `gl_forum_watch`VALUES (52,5,157,3,'2009-08-29');
INSERT INTO `gl_forum_watch`VALUES (51,7,122,3,'2009-08-29');
INSERT INTO `gl_forum_watch`VALUES (11,8,9,3,'2009-05-24');
INSERT INTO `gl_forum_watch`VALUES (12,8,25,3,'2009-05-24');
INSERT INTO `gl_forum_watch`VALUES (13,10,27,3,'2009-05-24');
INSERT INTO `gl_forum_watch`VALUES (14,11,21,3,'2009-05-24');
INSERT INTO `gl_forum_watch`VALUES (15,11,11,3,'2009-05-24');
INSERT INTO `gl_forum_watch`VALUES (16,11,16,3,'2009-05-24');
INSERT INTO `gl_forum_watch`VALUES (17,11,16,8,'2009-05-28');
INSERT INTO `gl_forum_watch`VALUES (18,11,13,4,'2009-05-28');
INSERT INTO `gl_forum_watch`VALUES (19,11,13,4,'2009-06-01');
INSERT INTO `gl_forum_watch`VALUES (49,7,122,3,'2009-08-26');
INSERT INTO `gl_forum_watch`VALUES (21,8,25,8,'2009-06-16');
INSERT INTO `gl_forum_watch`VALUES (22,10,107,3,'2009-06-22');
INSERT INTO `gl_forum_watch`VALUES (23,8,110,3,'2009-07-07');
INSERT INTO `gl_forum_watch`VALUES (24,7,112,3,'2009-07-25');
INSERT INTO `gl_forum_watch`VALUES (25,7,113,3,'2009-07-25');
INSERT INTO `gl_forum_watch`VALUES (26,10,114,3,'2009-07-25');
INSERT INTO `gl_forum_watch`VALUES (27,10,114,3,'2009-07-26');
INSERT INTO `gl_forum_watch`VALUES (28,7,113,3,'2009-07-26');
INSERT INTO `gl_forum_watch`VALUES (29,7,120,3,'2009-07-31');
INSERT INTO `gl_forum_watch`VALUES (30,7,120,3,'2009-07-31');
INSERT INTO `gl_forum_watch`VALUES (31,7,122,3,'2009-08-03');
INSERT INTO `gl_forum_watch`VALUES (34,7,122,3,'2009-08-05');
INSERT INTO `gl_forum_watch`VALUES (35,8,116,3,'2009-08-05');
INSERT INTO `gl_forum_watch`VALUES (36,7,122,3,'2009-08-05');
INSERT INTO `gl_forum_watch`VALUES (37,7,122,3,'2009-08-05');
INSERT INTO `gl_forum_watch`VALUES (38,7,122,3,'2009-08-05');
INSERT INTO `gl_forum_watch`VALUES (45,7,122,3,'2009-08-10');
INSERT INTO `gl_forum_watch`VALUES (40,7,122,3,'2009-08-06');
INSERT INTO `gl_forum_watch`VALUES (44,7,122,3,'2009-08-10');
INSERT INTO `gl_forum_watch`VALUES (46,7,122,3,'2009-08-11');
INSERT INTO `gl_forum_watch`VALUES (47,7,122,3,'2009-08-23');
INSERT INTO `gl_forum_watch`VALUES (48,7,122,3,'2009-08-23');
INSERT INTO `gl_forum_watch`VALUES (55,7,122,3,'2009-09-06');
INSERT INTO `gl_forum_watch`VALUES (56,7,122,3,'2009-09-07');
INSERT INTO `gl_forum_watch`VALUES (57,7,174,3,'2009-09-13');
INSERT INTO `gl_forum_watch`VALUES (58,5,136,3,'2009-09-13');
INSERT INTO `gl_forum_watch`VALUES (59,7,174,3,'2009-09-14');
INSERT INTO `gl_forum_watch`VALUES (60,7,122,3,'2009-09-19');
INSERT INTO `gl_forum_watch`VALUES (61,7,210,3,'2009-09-24');
INSERT INTO `gl_forum_watch`VALUES (62,7,212,3,'2009-09-26');
INSERT INTO `gl_forum_watch`VALUES (63,7,212,3,'2009-09-26');
INSERT INTO `gl_forum_watch`VALUES (64,7,212,3,'2009-09-26');
INSERT INTO `gl_forum_watch`VALUES (65,4,220,3,'2009-09-26');
INSERT INTO `gl_forum_watch`VALUES (66,7,221,3,'2009-09-26');
INSERT INTO `gl_forum_watch`VALUES (67,7,221,3,'2009-09-26');
INSERT INTO `gl_forum_watch`VALUES (68,7,221,3,'2009-09-26');
INSERT INTO `gl_forum_watch`VALUES (69,7,230,3,'2009-11-07');
INSERT INTO `gl_forum_watch`VALUES (70,7,122,3,'2009-11-07');
INSERT INTO `gl_forum_watch`VALUES (71,7,122,3,'2009-11-07');
INSERT INTO `gl_forum_watch`VALUES (72,7,230,3,'2009-11-08');
INSERT INTO `gl_forum_watch`VALUES (73,7,230,3,'2009-11-08');
INSERT INTO `gl_forum_watch`VALUES (77,7,230,3,'2009-11-09');
INSERT INTO `gl_forum_watch`VALUES (79,7,230,3,'2009-11-12');
INSERT INTO `gl_forum_watch`VALUES (86,7,230,3,'2009-11-20');
INSERT INTO `gl_forum_watch`VALUES (88,7,230,3,'2009-11-20');

--
-- Table structure for table `gl_frontpagecodes`
--


CREATE TABLE `gl_frontpagecodes` (
  `code` tinyint(4) NOT NULL DEFAULT 0,
  `name` varchar(32) DEFAULT NULL,
  PRIMARY KEY (`code`)
) ENGINE=MyISAM DEFAULT CHARSET=utf8mb3 COLLATE=utf8mb3_general_ci;

--
-- Dumping data for table `gl_frontpagecodes`
--

INSERT INTO `gl_frontpagecodes`VALUES (0,'各話題にのみ表示する');
INSERT INTO `gl_frontpagecodes`VALUES (1,'ホームにも表示する');

--
-- Table structure for table `gl_group_assignments`
--


CREATE TABLE `gl_group_assignments` (
  `ug_main_grp_id` mediumint(8) NOT NULL DEFAULT 0,
  `ug_uid` mediumint(8) unsigned DEFAULT NULL,
  `ug_grp_id` mediumint(8) unsigned DEFAULT NULL,
  KEY `group_assignments_ug_main_grp_id` (`ug_main_grp_id`),
  KEY `group_assignments_ug_uid` (`ug_uid`),
  KEY `ug_main_grp_id` (`ug_main_grp_id`)
) ENGINE=MyISAM DEFAULT CHARSET=utf8mb3 COLLATE=utf8mb3_general_ci;

--
-- Dumping data for table `gl_group_assignments`
--

INSERT INTO `gl_group_assignments`VALUES (2,1,NULL);
INSERT INTO `gl_group_assignments`VALUES (2,NULL,1);
INSERT INTO `gl_group_assignments`VALUES (3,NULL,1);
INSERT INTO `gl_group_assignments`VALUES (4,NULL,1);
INSERT INTO `gl_group_assignments`VALUES (5,NULL,1);
INSERT INTO `gl_group_assignments`VALUES (6,NULL,1);
INSERT INTO `gl_group_assignments`VALUES (7,NULL,1);
INSERT INTO `gl_group_assignments`VALUES (8,NULL,1);
INSERT INTO `gl_group_assignments`VALUES (9,NULL,1);
INSERT INTO `gl_group_assignments`VALUES (10,NULL,1);
INSERT INTO `gl_group_assignments`VALUES (11,NULL,1);
INSERT INTO `gl_group_assignments`VALUES (3,2,NULL);
INSERT INTO `gl_group_assignments`VALUES (14,2,NULL);
INSERT INTO `gl_group_assignments`VALUES (15,2,NULL);
INSERT INTO `gl_group_assignments`VALUES (2,NULL,12);
INSERT INTO `gl_group_assignments`VALUES (2,NULL,10);
INSERT INTO `gl_group_assignments`VALUES (2,NULL,9);
INSERT INTO `gl_group_assignments`VALUES (2,NULL,8);
INSERT INTO `gl_group_assignments`VALUES (2,NULL,7);
INSERT INTO `gl_group_assignments`VALUES (2,NULL,6);
INSERT INTO `gl_group_assignments`VALUES (2,NULL,5);
INSERT INTO `gl_group_assignments`VALUES (2,NULL,4);
INSERT INTO `gl_group_assignments`VALUES (2,NULL,3);
INSERT INTO `gl_group_assignments`VALUES (12,NULL,1);
INSERT INTO `gl_group_assignments`VALUES (9,NULL,11);
INSERT INTO `gl_group_assignments`VALUES (2,NULL,11);
INSERT INTO `gl_group_assignments`VALUES (1,2,NULL);
INSERT INTO `gl_group_assignments`VALUES (8,2,NULL);
INSERT INTO `gl_group_assignments`VALUES (10,2,NULL);
INSERT INTO `gl_group_assignments`VALUES (12,2,NULL);
INSERT INTO `gl_group_assignments`VALUES (13,2,NULL);
INSERT INTO `gl_group_assignments`VALUES (5,2,NULL);
INSERT INTO `gl_group_assignments`VALUES (11,2,NULL);
INSERT INTO `gl_group_assignments`VALUES (7,2,NULL);
INSERT INTO `gl_group_assignments`VALUES (4,2,NULL);
INSERT INTO `gl_group_assignments`VALUES (2,2,NULL);
INSERT INTO `gl_group_assignments`VALUES (14,NULL,1);
INSERT INTO `gl_group_assignments`VALUES (15,NULL,1);
INSERT INTO `gl_group_assignments`VALUES (17,NULL,1);
INSERT INTO `gl_group_assignments`VALUES (18,NULL,1);
INSERT INTO `gl_group_assignments`VALUES (17,2,NULL);
INSERT INTO `gl_group_assignments`VALUES (6,2,NULL);
INSERT INTO `gl_group_assignments`VALUES (9,2,NULL);
INSERT INTO `gl_group_assignments`VALUES (18,2,NULL);
INSERT INTO `gl_group_assignments`VALUES (19,NULL,1);
INSERT INTO `gl_group_assignments`VALUES (20,NULL,1);
INSERT INTO `gl_group_assignments`VALUES (21,NULL,1);
INSERT INTO `gl_group_assignments`VALUES (22,NULL,1);
INSERT INTO `gl_group_assignments`VALUES (23,NULL,1);
INSERT INTO `gl_group_assignments`VALUES (25,NULL,1);
INSERT INTO `gl_group_assignments`VALUES (26,NULL,1);
INSERT INTO `gl_group_assignments`VALUES (27,NULL,1);
INSERT INTO `gl_group_assignments`VALUES (28,NULL,1);
INSERT INTO `gl_group_assignments`VALUES (29,NULL,1);
INSERT INTO `gl_group_assignments`VALUES (30,NULL,1);
INSERT INTO `gl_group_assignments`VALUES (31,NULL,1);
INSERT INTO `gl_group_assignments`VALUES (32,NULL,1);
INSERT INTO `gl_group_assignments`VALUES (33,NULL,1);
INSERT INTO `gl_group_assignments`VALUES (9,NULL,36);
INSERT INTO `gl_group_assignments`VALUES (40,3,NULL);
INSERT INTO `gl_group_assignments`VALUES (18,3,NULL);
INSERT INTO `gl_group_assignments`VALUES (9,3,NULL);
INSERT INTO `gl_group_assignments`VALUES (6,3,NULL);
INSERT INTO `gl_group_assignments`VALUES (33,4,NULL);
INSERT INTO `gl_group_assignments`VALUES (36,4,NULL);
INSERT INTO `gl_group_assignments`VALUES (18,4,NULL);
INSERT INTO `gl_group_assignments`VALUES (9,4,NULL);
INSERT INTO `gl_group_assignments`VALUES (6,4,NULL);
INSERT INTO `gl_group_assignments`VALUES (33,5,NULL);
INSERT INTO `gl_group_assignments`VALUES (29,3,NULL);
INSERT INTO `gl_group_assignments`VALUES (17,3,NULL);
INSERT INTO `gl_group_assignments`VALUES (6,5,NULL);
INSERT INTO `gl_group_assignments`VALUES (3,3,NULL);
INSERT INTO `gl_group_assignments`VALUES (26,7,NULL);
INSERT INTO `gl_group_assignments`VALUES (22,7,NULL);
INSERT INTO `gl_group_assignments`VALUES (26,NULL,36);
INSERT INTO `gl_group_assignments`VALUES (25,NULL,36);
INSERT INTO `gl_group_assignments`VALUES (35,NULL,36);
INSERT INTO `gl_group_assignments`VALUES (15,NULL,36);
INSERT INTO `gl_group_assignments`VALUES (11,NULL,36);
INSERT INTO `gl_group_assignments`VALUES (2,7,NULL);
INSERT INTO `gl_group_assignments`VALUES (26,8,NULL);
INSERT INTO `gl_group_assignments`VALUES (22,8,NULL);
INSERT INTO `gl_group_assignments`VALUES (2,8,NULL);
INSERT INTO `gl_group_assignments`VALUES (26,NULL,33);
INSERT INTO `gl_group_assignments`VALUES (22,NULL,33);
INSERT INTO `gl_group_assignments`VALUES (20,NULL,33);
INSERT INTO `gl_group_assignments`VALUES (14,NULL,33);
INSERT INTO `gl_group_assignments`VALUES (13,11,NULL);
INSERT INTO `gl_group_assignments`VALUES (5,11,NULL);
INSERT INTO `gl_group_assignments`VALUES (11,11,NULL);
INSERT INTO `gl_group_assignments`VALUES (3,5,NULL);
INSERT INTO `gl_group_assignments`VALUES (14,5,NULL);
INSERT INTO `gl_group_assignments`VALUES (8,5,NULL);
INSERT INTO `gl_group_assignments`VALUES (30,5,NULL);
INSERT INTO `gl_group_assignments`VALUES (20,11,NULL);
INSERT INTO `gl_group_assignments`VALUES (26,11,NULL);
INSERT INTO `gl_group_assignments`VALUES (22,11,NULL);
INSERT INTO `gl_group_assignments`VALUES (2,11,NULL);
INSERT INTO `gl_group_assignments`VALUES (14,3,NULL);
INSERT INTO `gl_group_assignments`VALUES (15,3,NULL);
INSERT INTO `gl_group_assignments`VALUES (25,3,NULL);
INSERT INTO `gl_group_assignments`VALUES (1,3,NULL);
INSERT INTO `gl_group_assignments`VALUES (8,3,NULL);
INSERT INTO `gl_group_assignments`VALUES (10,3,NULL);
INSERT INTO `gl_group_assignments`VALUES (27,3,NULL);
INSERT INTO `gl_group_assignments`VALUES (32,3,NULL);
INSERT INTO `gl_group_assignments`VALUES (30,3,NULL);
INSERT INTO `gl_group_assignments`VALUES (12,3,NULL);
INSERT INTO `gl_group_assignments`VALUES (13,3,NULL);
INSERT INTO `gl_group_assignments`VALUES (5,3,NULL);
INSERT INTO `gl_group_assignments`VALUES (13,13,NULL);
INSERT INTO `gl_group_assignments`VALUES (5,13,NULL);
INSERT INTO `gl_group_assignments`VALUES (11,13,NULL);
INSERT INTO `gl_group_assignments`VALUES (20,13,NULL);
INSERT INTO `gl_group_assignments`VALUES (26,13,NULL);
INSERT INTO `gl_group_assignments`VALUES (22,13,NULL);
INSERT INTO `gl_group_assignments`VALUES (2,13,NULL);
INSERT INTO `gl_group_assignments`VALUES (20,15,NULL);
INSERT INTO `gl_group_assignments`VALUES (26,15,NULL);
INSERT INTO `gl_group_assignments`VALUES (22,15,NULL);
INSERT INTO `gl_group_assignments`VALUES (2,15,NULL);
INSERT INTO `gl_group_assignments`VALUES (11,15,NULL);
INSERT INTO `gl_group_assignments`VALUES (5,15,NULL);
INSERT INTO `gl_group_assignments`VALUES (13,15,NULL);
INSERT INTO `gl_group_assignments`VALUES (12,15,NULL);
INSERT INTO `gl_group_assignments`VALUES (30,15,NULL);
INSERT INTO `gl_group_assignments`VALUES (8,15,NULL);
INSERT INTO `gl_group_assignments`VALUES (14,15,NULL);
INSERT INTO `gl_group_assignments`VALUES (3,15,NULL);
INSERT INTO `gl_group_assignments`VALUES (6,15,NULL);
INSERT INTO `gl_group_assignments`VALUES (9,15,NULL);
INSERT INTO `gl_group_assignments`VALUES (36,2,NULL);
INSERT INTO `gl_group_assignments`VALUES (33,15,NULL);
INSERT INTO `gl_group_assignments`VALUES (13,18,NULL);
INSERT INTO `gl_group_assignments`VALUES (2,18,NULL);
INSERT INTO `gl_group_assignments`VALUES (33,18,NULL);
INSERT INTO `gl_group_assignments`VALUES (13,19,NULL);
INSERT INTO `gl_group_assignments`VALUES (5,19,NULL);
INSERT INTO `gl_group_assignments`VALUES (11,19,NULL);
INSERT INTO `gl_group_assignments`VALUES (20,19,NULL);
INSERT INTO `gl_group_assignments`VALUES (26,19,NULL);
INSERT INTO `gl_group_assignments`VALUES (22,19,NULL);
INSERT INTO `gl_group_assignments`VALUES (2,19,NULL);
INSERT INTO `gl_group_assignments`VALUES (29,4,NULL);
INSERT INTO `gl_group_assignments`VALUES (17,4,NULL);
INSERT INTO `gl_group_assignments`VALUES (3,4,NULL);
INSERT INTO `gl_group_assignments`VALUES (14,4,NULL);
INSERT INTO `gl_group_assignments`VALUES (15,4,NULL);
INSERT INTO `gl_group_assignments`VALUES (25,4,NULL);
INSERT INTO `gl_group_assignments`VALUES (1,4,NULL);
INSERT INTO `gl_group_assignments`VALUES (8,4,NULL);
INSERT INTO `gl_group_assignments`VALUES (10,4,NULL);
INSERT INTO `gl_group_assignments`VALUES (27,4,NULL);
INSERT INTO `gl_group_assignments`VALUES (32,4,NULL);
INSERT INTO `gl_group_assignments`VALUES (30,4,NULL);
INSERT INTO `gl_group_assignments`VALUES (12,4,NULL);
INSERT INTO `gl_group_assignments`VALUES (13,4,NULL);
INSERT INTO `gl_group_assignments`VALUES (5,4,NULL);
INSERT INTO `gl_group_assignments`VALUES (31,4,NULL);
INSERT INTO `gl_group_assignments`VALUES (11,4,NULL);
INSERT INTO `gl_group_assignments`VALUES (28,4,NULL);
INSERT INTO `gl_group_assignments`VALUES (20,4,NULL);
INSERT INTO `gl_group_assignments`VALUES (26,4,NULL);
INSERT INTO `gl_group_assignments`VALUES (19,4,NULL);
INSERT INTO `gl_group_assignments`VALUES (35,NULL,1);
INSERT INTO `gl_group_assignments`VALUES (21,4,NULL);
INSERT INTO `gl_group_assignments`VALUES (22,4,NULL);
INSERT INTO `gl_group_assignments`VALUES (7,4,NULL);
INSERT INTO `gl_group_assignments`VALUES (4,4,NULL);
INSERT INTO `gl_group_assignments`VALUES (23,4,NULL);
INSERT INTO `gl_group_assignments`VALUES (2,4,NULL);
INSERT INTO `gl_group_assignments`VALUES (5,21,NULL);
INSERT INTO `gl_group_assignments`VALUES (22,21,NULL);
INSERT INTO `gl_group_assignments`VALUES (2,21,NULL);
INSERT INTO `gl_group_assignments`VALUES (13,22,NULL);
INSERT INTO `gl_group_assignments`VALUES (2,22,NULL);
INSERT INTO `gl_group_assignments`VALUES (33,22,NULL);
INSERT INTO `gl_group_assignments`VALUES (31,3,NULL);
INSERT INTO `gl_group_assignments`VALUES (11,3,NULL);
INSERT INTO `gl_group_assignments`VALUES (33,34,NULL);
INSERT INTO `gl_group_assignments`VALUES (13,21,NULL);
INSERT INTO `gl_group_assignments`VALUES (3,21,NULL);
INSERT INTO `gl_group_assignments`VALUES (6,21,NULL);
INSERT INTO `gl_group_assignments`VALUES (33,21,NULL);
INSERT INTO `gl_group_assignments`VALUES (6,NULL,33);
INSERT INTO `gl_group_assignments`VALUES (5,NULL,33);
INSERT INTO `gl_group_assignments`VALUES (3,NULL,33);
INSERT INTO `gl_group_assignments`VALUES (30,NULL,33);
INSERT INTO `gl_group_assignments`VALUES (13,34,NULL);
INSERT INTO `gl_group_assignments`VALUES (2,34,NULL);
INSERT INTO `gl_group_assignments`VALUES (33,49,NULL);
INSERT INTO `gl_group_assignments`VALUES (26,57,NULL);
INSERT INTO `gl_group_assignments`VALUES (13,57,NULL);
INSERT INTO `gl_group_assignments`VALUES (3,57,NULL);
INSERT INTO `gl_group_assignments`VALUES (33,74,NULL);
INSERT INTO `gl_group_assignments`VALUES (33,76,NULL);
INSERT INTO `gl_group_assignments`VALUES (33,68,NULL);
INSERT INTO `gl_group_assignments`VALUES (12,5,NULL);
INSERT INTO `gl_group_assignments`VALUES (13,5,NULL);
INSERT INTO `gl_group_assignments`VALUES (13,45,NULL);
INSERT INTO `gl_group_assignments`VALUES (28,3,NULL);
INSERT INTO `gl_group_assignments`VALUES (13,49,NULL);
INSERT INTO `gl_group_assignments`VALUES (20,3,NULL);
INSERT INTO `gl_group_assignments`VALUES (2,49,NULL);
INSERT INTO `gl_group_assignments`VALUES (26,3,NULL);
INSERT INTO `gl_group_assignments`VALUES (19,3,NULL);
INSERT INTO `gl_group_assignments`VALUES (38,NULL,1);
INSERT INTO `gl_group_assignments`VALUES (33,NULL,26);
INSERT INTO `gl_group_assignments`VALUES (36,NULL,1);
INSERT INTO `gl_group_assignments`VALUES (5,5,NULL);
INSERT INTO `gl_group_assignments`VALUES (11,5,NULL);
INSERT INTO `gl_group_assignments`VALUES (20,5,NULL);
INSERT INTO `gl_group_assignments`VALUES (26,5,NULL);
INSERT INTO `gl_group_assignments`VALUES (22,5,NULL);
INSERT INTO `gl_group_assignments`VALUES (2,5,NULL);
INSERT INTO `gl_group_assignments`VALUES (35,3,NULL);
INSERT INTO `gl_group_assignments`VALUES (21,3,NULL);
INSERT INTO `gl_group_assignments`VALUES (39,3,NULL);
INSERT INTO `gl_group_assignments`VALUES (38,3,NULL);
INSERT INTO `gl_group_assignments`VALUES (37,3,NULL);
INSERT INTO `gl_group_assignments`VALUES (22,3,NULL);
INSERT INTO `gl_group_assignments`VALUES (7,3,NULL);
INSERT INTO `gl_group_assignments`VALUES (4,3,NULL);
INSERT INTO `gl_group_assignments`VALUES (23,3,NULL);
INSERT INTO `gl_group_assignments`VALUES (2,3,NULL);
INSERT INTO `gl_group_assignments`VALUES (33,45,NULL);
INSERT INTO `gl_group_assignments`VALUES (2,45,NULL);
INSERT INTO `gl_group_assignments`VALUES (20,7,NULL);
INSERT INTO `gl_group_assignments`VALUES (11,7,NULL);
INSERT INTO `gl_group_assignments`VALUES (5,7,NULL);
INSERT INTO `gl_group_assignments`VALUES (13,7,NULL);
INSERT INTO `gl_group_assignments`VALUES (12,7,NULL);
INSERT INTO `gl_group_assignments`VALUES (30,7,NULL);
INSERT INTO `gl_group_assignments`VALUES (8,7,NULL);
INSERT INTO `gl_group_assignments`VALUES (14,7,NULL);
INSERT INTO `gl_group_assignments`VALUES (3,7,NULL);
INSERT INTO `gl_group_assignments`VALUES (6,7,NULL);
INSERT INTO `gl_group_assignments`VALUES (9,7,NULL);
INSERT INTO `gl_group_assignments`VALUES (33,7,NULL);
INSERT INTO `gl_group_assignments`VALUES (20,8,NULL);
INSERT INTO `gl_group_assignments`VALUES (11,8,NULL);
INSERT INTO `gl_group_assignments`VALUES (5,8,NULL);
INSERT INTO `gl_group_assignments`VALUES (13,8,NULL);
INSERT INTO `gl_group_assignments`VALUES (12,8,NULL);
INSERT INTO `gl_group_assignments`VALUES (30,8,NULL);
INSERT INTO `gl_group_assignments`VALUES (8,8,NULL);
INSERT INTO `gl_group_assignments`VALUES (14,8,NULL);
INSERT INTO `gl_group_assignments`VALUES (3,8,NULL);
INSERT INTO `gl_group_assignments`VALUES (6,8,NULL);
INSERT INTO `gl_group_assignments`VALUES (9,8,NULL);
INSERT INTO `gl_group_assignments`VALUES (33,8,NULL);
INSERT INTO `gl_group_assignments`VALUES (33,57,NULL);
INSERT INTO `gl_group_assignments`VALUES (6,57,NULL);
INSERT INTO `gl_group_assignments`VALUES (12,11,NULL);
INSERT INTO `gl_group_assignments`VALUES (30,11,NULL);
INSERT INTO `gl_group_assignments`VALUES (8,11,NULL);
INSERT INTO `gl_group_assignments`VALUES (14,11,NULL);
INSERT INTO `gl_group_assignments`VALUES (3,11,NULL);
INSERT INTO `gl_group_assignments`VALUES (6,11,NULL);
INSERT INTO `gl_group_assignments`VALUES (9,11,NULL);
INSERT INTO `gl_group_assignments`VALUES (33,11,NULL);
INSERT INTO `gl_group_assignments`VALUES (12,13,NULL);
INSERT INTO `gl_group_assignments`VALUES (30,13,NULL);
INSERT INTO `gl_group_assignments`VALUES (8,13,NULL);
INSERT INTO `gl_group_assignments`VALUES (14,13,NULL);
INSERT INTO `gl_group_assignments`VALUES (3,13,NULL);
INSERT INTO `gl_group_assignments`VALUES (6,13,NULL);
INSERT INTO `gl_group_assignments`VALUES (9,13,NULL);
INSERT INTO `gl_group_assignments`VALUES (33,13,NULL);
INSERT INTO `gl_group_assignments`VALUES (12,19,NULL);
INSERT INTO `gl_group_assignments`VALUES (30,19,NULL);
INSERT INTO `gl_group_assignments`VALUES (8,19,NULL);
INSERT INTO `gl_group_assignments`VALUES (14,19,NULL);
INSERT INTO `gl_group_assignments`VALUES (3,19,NULL);
INSERT INTO `gl_group_assignments`VALUES (6,19,NULL);
INSERT INTO `gl_group_assignments`VALUES (9,19,NULL);
INSERT INTO `gl_group_assignments`VALUES (33,19,NULL);
INSERT INTO `gl_group_assignments`VALUES (26,32,NULL);
INSERT INTO `gl_group_assignments`VALUES (22,32,NULL);
INSERT INTO `gl_group_assignments`VALUES (2,32,NULL);
INSERT INTO `gl_group_assignments`VALUES (37,NULL,1);
INSERT INTO `gl_group_assignments`VALUES (33,35,NULL);
INSERT INTO `gl_group_assignments`VALUES (13,35,NULL);
INSERT INTO `gl_group_assignments`VALUES (2,35,NULL);
INSERT INTO `gl_group_assignments`VALUES (22,57,NULL);
INSERT INTO `gl_group_assignments`VALUES (2,57,NULL);
INSERT INTO `gl_group_assignments`VALUES (13,74,NULL);
INSERT INTO `gl_group_assignments`VALUES (2,74,NULL);
INSERT INTO `gl_group_assignments`VALUES (5,57,NULL);
INSERT INTO `gl_group_assignments`VALUES (20,57,NULL);
INSERT INTO `gl_group_assignments`VALUES (39,NULL,1);
INSERT INTO `gl_group_assignments`VALUES (40,NULL,1);
INSERT INTO `gl_group_assignments`VALUES (14,57,NULL);
INSERT INTO `gl_group_assignments`VALUES (30,57,NULL);
INSERT INTO `gl_group_assignments`VALUES (13,68,NULL);
INSERT INTO `gl_group_assignments`VALUES (2,68,NULL);
INSERT INTO `gl_group_assignments`VALUES (13,76,NULL);
INSERT INTO `gl_group_assignments`VALUES (2,76,NULL);
INSERT INTO `gl_group_assignments`VALUES (36,3,NULL);
INSERT INTO `gl_group_assignments`VALUES (33,3,NULL);
INSERT INTO `gl_group_assignments`VALUES (20,32,NULL);
INSERT INTO `gl_group_assignments`VALUES (5,32,NULL);
INSERT INTO `gl_group_assignments`VALUES (13,32,NULL);
INSERT INTO `gl_group_assignments`VALUES (30,32,NULL);
INSERT INTO `gl_group_assignments`VALUES (14,32,NULL);
INSERT INTO `gl_group_assignments`VALUES (3,32,NULL);
INSERT INTO `gl_group_assignments`VALUES (6,32,NULL);
INSERT INTO `gl_group_assignments`VALUES (33,32,NULL);

--
-- Table structure for table `gl_groups`
--


CREATE TABLE `gl_groups` (
  `grp_id` mediumint(8) NOT NULL AUTO_INCREMENT,
  `grp_name` varchar(50) NOT NULL DEFAULT '',
  `grp_descr` varchar(255) NOT NULL DEFAULT '',
  `grp_gl_core` tinyint(1) unsigned NOT NULL DEFAULT 0,
  `grp_default` tinyint(1) unsigned NOT NULL DEFAULT 0,
  PRIMARY KEY (`grp_id`),
  UNIQUE KEY `grp_name` (`grp_name`)
) ENGINE=MyISAM AUTO_INCREMENT=41 DEFAULT CHARSET=utf8mb3 COLLATE=utf8mb3_general_ci;

--
-- Dumping data for table `gl_groups`
--

INSERT INTO `gl_groups`VALUES (1,'Root','サイト管理者',1,0);
INSERT INTO `gl_groups`VALUES (2,'All Users','すべてのユーザー',1,0);
INSERT INTO `gl_groups`VALUES (3,'Story Admin','記事管理者',1,0);
INSERT INTO `gl_groups`VALUES (4,'Block Admin','ブロック管理者',1,0);
INSERT INTO `gl_groups`VALUES (5,'Links Admin','リンク管理者',0,0);
INSERT INTO `gl_groups`VALUES (6,'Topic Admin','話題管理者',1,0);
INSERT INTO `gl_groups`VALUES (7,'Calendar Admin','カレンダ管理者',0,0);
INSERT INTO `gl_groups`VALUES (8,'Polls Admin','アンケート管理者',0,0);
INSERT INTO `gl_groups`VALUES (9,'User Admin','ユーザー管理者',1,0);
INSERT INTO `gl_groups`VALUES (10,'Plugin Admin','プラグイン管理者',1,0);
INSERT INTO `gl_groups`VALUES (11,'Group Admin','グループ管理者兼ユーザー管理者',1,0);
INSERT INTO `gl_groups`VALUES (12,'Mail Admin','メール管理者',1,0);
INSERT INTO `gl_groups`VALUES (13,'Logged-in Users','すべての登録ユーザー',1,0);
INSERT INTO `gl_groups`VALUES (15,'spamx Admin','スパム管理者',0,0);
INSERT INTO `gl_groups`VALUES (16,'Remote Users','リモートユーザー',1,0);
INSERT INTO `gl_groups`VALUES (17,'Syndication Admin','フィード管理者',1,0);
INSERT INTO `gl_groups`VALUES (18,'Webservices Users','WebサービスAPIユーザー',0,0);
INSERT INTO `gl_groups`VALUES (14,'Static Page Admin','静的ページプラグイン管理者',0,0);
INSERT INTO `gl_groups`VALUES (19,'dbman Admin','Dbmanプラグイン管理者',0,0);
INSERT INTO `gl_groups`VALUES (20,'forum Admin','掲示板管理者',0,0);
INSERT INTO `gl_groups`VALUES (21,'CustomMenu Admin','カスタムメニュー管理者',0,0);
INSERT INTO `gl_groups`VALUES (22,'Calendarjp Admin','カレンダ管理者',0,0);
INSERT INTO `gl_groups`VALUES (23,'Autotags Admin','Autotagsプラグイン管理者',0,0);
INSERT INTO `gl_groups`VALUES (35,'dataproxy Admin','DataProxyプラグイン管理者',0,0);
INSERT INTO `gl_groups`VALUES (25,'sitemap Admin','サイトマップ管理者',0,0);
INSERT INTO `gl_groups`VALUES (26,'filemgmt Admin','ファイル管理者',0,0);
INSERT INTO `gl_groups`VALUES (27,'nmoxtopicown Admin','話題譲渡管理者',0,0);
INSERT INTO `gl_groups`VALUES (28,'GoogleMaps Admin','GoogleMaps管理者',0,0);
INSERT INTO `gl_groups`VALUES (29,'themedit Admin','テーマエディタ管理者',0,0);
INSERT INTO `gl_groups`VALUES (30,'Mycaljp Admin','Mycaljp管理者',0,0);
INSERT INTO `gl_groups`VALUES (31,'japanize Admin','日本語化管理者',0,0);
INSERT INTO `gl_groups`VALUES (32,'nmoxqrblock Admin','QR管理者',0,0);
INSERT INTO `gl_groups`VALUES (38,'Comment Submitters','コメント承認者',0,0);
INSERT INTO `gl_groups`VALUES (37,'Comment Admin','コメント管理者',1,0);
INSERT INTO `gl_groups`VALUES (33,'カヤネット会員','カヤネット会員',0,0);
INSERT INTO `gl_groups`VALUES (36,'カヤネット事務局','カヤネット事務局',0,0);
INSERT INTO `gl_groups`VALUES (39,'Configuration Admin','Has full access to configuration',1,0);
INSERT INTO `gl_groups`VALUES (40,'XMLSitemap Admin','Has full access to XMLSitemap features',0,0);

--
-- Table structure for table `gl_linkcategories`
--


CREATE TABLE `gl_linkcategories` (
  `cid` varchar(32) NOT NULL,
  `pid` varchar(32) NOT NULL,
  `category` varchar(32) NOT NULL,
  `description` text DEFAULT NULL,
  `tid` varchar(20) DEFAULT NULL,
  `created` datetime DEFAULT NULL,
  `modified` datetime DEFAULT NULL,
  `owner_id` mediumint(8) unsigned NOT NULL DEFAULT 1,
  `group_id` mediumint(8) unsigned NOT NULL DEFAULT 1,
  `perm_owner` tinyint(1) unsigned NOT NULL DEFAULT 3,
  `perm_group` tinyint(1) unsigned NOT NULL DEFAULT 2,
  `perm_members` tinyint(1) unsigned NOT NULL DEFAULT 2,
  `perm_anon` tinyint(1) unsigned NOT NULL DEFAULT 2,
  PRIMARY KEY (`cid`),
  KEY `links_pid` (`pid`)
) ENGINE=MyISAM DEFAULT CHARSET=utf8mb3 COLLATE=utf8mb3_general_ci;

--
-- Dumping data for table `gl_linkcategories`
--

INSERT INTO `gl_linkcategories`VALUES ('site','root','Root','Website root',NULL,'2008-12-10 21:51:12','2008-12-10 21:51:12',2,5,3,3,2,2);
INSERT INTO `gl_linkcategories`VALUES ('2009050510205683','site','カヤネット','カヤネット会員個人のHP・ブログ','all','2009-05-05 10:22:14','2009-05-05 10:42:29',3,5,3,3,2,2);
INSERT INTO `gl_linkcategories`VALUES ('20090501221147460','site','自然・環境保護団体','自然・環境保護団体','all','2009-05-01 22:12:12','2009-05-04 16:12:13',4,33,3,3,2,2);
INSERT INTO `gl_linkcategories`VALUES ('20090501221215991','site','学校・学会','学校・学会','all','2009-05-01 22:12:35','2009-05-04 16:12:22',4,33,3,3,2,2);
INSERT INTO `gl_linkcategories`VALUES ('20090501221237596','site','博物館','博物館','all','2009-05-01 22:12:53','2022-04-11 17:25:24',4,33,3,3,2,2);
INSERT INTO `gl_linkcategories`VALUES ('20100425101512394','site','野生動物観察施設','野生動物観察施設','all','2010-04-25 10:15:28','2010-04-25 10:15:28',3,5,3,2,2,2);
INSERT INTO `gl_linkcategories`VALUES ('20090501221258495','site','行政・自治体','行政・自治体','all','2009-05-01 22:13:11','2009-05-04 16:12:02',4,33,3,3,2,2);
INSERT INTO `gl_linkcategories`VALUES ('20090501221324393','site','自然保護のお店','自然保護のお店','all','2009-05-01 22:13:29','2022-04-11 17:06:03',4,33,3,3,2,2);
INSERT INTO `gl_linkcategories`VALUES ('20090501221523292','site','個人','個人','all','2009-05-01 22:15:32','2009-05-04 16:12:40',4,33,3,3,2,2);

--
-- Table structure for table `gl_links`
--


CREATE TABLE `gl_links` (
  `lid` varchar(40) NOT NULL DEFAULT '',
  `cid` varchar(32) DEFAULT NULL,
  `url` varchar(255) DEFAULT NULL,
  `description` text DEFAULT NULL,
  `title` varchar(96) DEFAULT NULL,
  `hits` int(11) NOT NULL DEFAULT 0,
  `date` datetime DEFAULT NULL,
  `owner_id` mediumint(8) unsigned NOT NULL DEFAULT 1,
  `group_id` mediumint(8) unsigned NOT NULL DEFAULT 1,
  `perm_owner` tinyint(1) unsigned NOT NULL DEFAULT 3,
  `perm_group` tinyint(1) unsigned NOT NULL DEFAULT 2,
  `perm_members` tinyint(1) unsigned NOT NULL DEFAULT 2,
  `perm_anon` tinyint(1) unsigned NOT NULL DEFAULT 2,
  PRIMARY KEY (`lid`),
  KEY `links_category` (`cid`),
  KEY `links_date` (`date`)
) ENGINE=MyISAM DEFAULT CHARSET=utf8mb3 COLLATE=utf8mb3_general_ci;

--
-- Dumping data for table `gl_links`
--

INSERT INTO `gl_links`VALUES ('20090501221649631','20090501221523292','http://www4.kcn.ne.jp/~fuji-y/nakai/','イヌワシ/ニホンジカの頭骨/白いカモシカなどの生き物を紹介。','自然に学ぶ＝奈良県の野生生物',3315,'2009-05-01 22:17:34',4,5,3,2,2,2);
INSERT INTO `gl_links`VALUES ('200905160929586','20090501221258495','http://www.geoc.jp/rashinban/','環境イベントデータベース。','環境らしんばん',3219,'2022-04-11 17:01:40',1,2,3,3,2,2);
INSERT INTO `gl_links`VALUES ('20090502071039599','20090501221258495','http://www.biodic.go.jp/moni1000/index.html','100年の自然の移り変わりを見つめよう','モニタリングサイト1000',3304,'2022-04-11 17:26:00',3,5,3,3,2,2);
INSERT INTO `gl_links`VALUES ('20090505100342290','20090501221258495','http://www.eic.or.jp/','国立環境研究所の環境情報案内と交流サイト。','EICネット',4633,'2010-04-24 12:47:04',3,5,3,3,2,2);
INSERT INTO `gl_links`VALUES ('20090505101627536','20090501221147460','http://www.nature.or.jp/','大阪府の自然環境の保全に取り組む。「タンポポの調査報告」は必見。\r','公益社団法人　大阪自然環境保全協会',4066,'2022-04-11 17:15:39',3,5,3,3,2,2);
INSERT INTO `gl_links`VALUES ('20090505100901202','20090501221147460','http://fieldsociety.la.coocan.jp/','京都市の大文字の山麓で、地域の自然の魅力を伝える環境プログラムを実践。\r','法然院森のセンター',2923,'2022-04-11 16:53:38',3,5,3,3,2,2);
INSERT INTO `gl_links`VALUES ('20090505101829106','20090501221258495','http://www.hitomachi-kyoto.jp/','京都市内の様々なボランティアやＮＰＯ活動を推進・支援する。','京都市市民活動総合センター',3868,'2009-05-06 10:44:29',3,5,3,3,2,2);
INSERT INTO `gl_links`VALUES ('20090505103656423','2009050510205683','http://blog.goo.ne.jp/kaya_nikki','かやちゅ。＠カヤニストの行動記録。','カヤ日記',4568,'2009-05-05 10:37:44',3,5,3,3,2,2);
INSERT INTO `gl_links`VALUES ('20090505103803614','2009050510205683','http://7mori.net/','イラストレーター、いぬいさえこさんのホームページ。','七つの森',4466,'2009-05-05 10:39:23',3,5,3,3,2,2);
INSERT INTO `gl_links`VALUES ('20090506103254689','20090501221147460','http://www.totoro.or.jp/','狭山丘陵(トトロの森)を中心とした里山の保護団体。','トトロのふるさと財団',2626,'2009-05-08 14:04:50',3,5,3,3,2,2);
INSERT INTO `gl_links`VALUES ('20090506103545428','20090501221147460','https://gyotokubird.wixsite.com/npofgbo','千葉県市川市行徳地区を中心に活動。水鳥がすみやすい湿地環境の復元をめざす。','NPO行徳自然ほごくらぶ',2788,'2022-04-11 16:48:04',3,5,3,3,2,2);
INSERT INTO `gl_links`VALUES ('20090506215247144','20090501221147460','https://www.nacsj.or.jp/','日本各地の自然環境問題に具体的に取り組む政策提言型NGO。 ','日本自然保護協会（NACS-J）',3176,'2022-04-11 17:11:06',3,5,3,3,2,2);
INSERT INTO `gl_links`VALUES ('2009050707004589','20090501221523292','http://satoyama.55street.net/index.html','里山の生き物や暮らしの一コマを切り取ったほのぼのとした写真満載。 ','里山の暮らし',2108,'2009-05-16 09:46:56',3,5,3,3,2,2);
INSERT INTO `gl_links`VALUES ('20090516094820954','20090501221523292','http://kawaguchitengou.sakura.ne.jp/','八王子市の里山、豊かな農村風景の広がる天合峰の自然の紹介。','東京の里山天合峰',2544,'2022-04-11 16:42:21',3,5,3,3,2,2);
INSERT INTO `gl_links`VALUES ('2009050721281864','20090501221523292','https://hammytouch.wixsite.com/hammygallery','キュートなハムスターのイラストがいっぱい。','Hammy Touch',2157,'2022-04-11 16:39:18',3,5,3,3,2,2);
INSERT INTO `gl_links`VALUES ('20220412140310518','20090501221258495','https://ikimono-museum.city.kyoto.lg.jp/','京都市内の貴重な自然環境や動植物の紹介、「行動したい人」と「担い手を必要とする主体」とのつながりをサポート','京生きものミュージアム',510,'2022-04-12 14:06:10',3,5,3,3,2,2);
INSERT INTO `gl_links`VALUES ('20090509151150117','20090501221147460','http://www.rimunet.jp/','日本産野生リス類の情報交換、啓蒙、生息地の保全活動。 ','リス・ムササビネットワーク',2235,'2009-05-09 15:11:50',1,2,3,3,2,2);
INSERT INTO `gl_links`VALUES ('20090509151413628','20090501221237596','http://www.nature.museum.city.fukui.fukui.jp/','みんなでつくる福井市いきものまっぷ。','福井市自然史博物館',4002,'2009-05-09 15:14:13',1,2,3,3,2,2);
INSERT INTO `gl_links`VALUES ('2009051107390885','20090501221147460','http://mizube.gooside.com/','淀川左岸域にの水辺環境・生物の調査研究や環境保全の普及に取り組む。','水辺に親しむ会',2197,'2010-04-24 12:42:55',1,2,3,3,2,2);
INSERT INTO `gl_links`VALUES ('20090511075016553','20090501221147460','http://www.satoyama-club.jp/','多摩地域の里山を守るために、複数の団体で草の根活動を展開。 ','里山くらぶ',2092,'2009-05-11 07:50:16',1,2,3,3,2,2);
INSERT INTO `gl_links`VALUES ('20090511075201734','20090501221147460','http://hitoshizen.jp/','大阪府池田市の自然環境の保全活動。ホタル情報。 ','池田・人と自然の会',3387,'2022-04-11 17:14:37',1,2,3,3,2,2);
INSERT INTO `gl_links`VALUES ('20090516093442666','20090501221147460','http://www.lutra.jp/','ツキノワグマやカエルなど野生生物の調査・研究。 ','NPO法人　四国自然史科学研究センター',2462,'2022-04-11 17:15:56',1,2,3,3,2,2);
INSERT INTO `gl_links`VALUES ('20090516095044660','20090501221523292','http://starling.dyndns.org/~hiko/','野鳥を中心とした石川県の自然情報が満載。','とり彦やま彦',2579,'2022-04-11 16:40:17',3,5,3,3,2,2);
INSERT INTO `gl_links`VALUES ('20090505100524259','20090501221324393','http://www.hobbysworld.com/','自然や動植物を愛する人のためのお店。グッズ・書籍のオンライン販売。観察会・イベント案内。\r','Hobby\'s World',5527,'2009-05-23 18:58:37',3,5,3,3,2,2);
INSERT INTO `gl_links`VALUES ('20090505100226271','20090501221237596','http://www.mus-nh.city.osaka.jp/','バーチャルツアーで博物館探検。学芸員のページ、オンラインミュージアムショップ。\r','大阪市立自然史博物館',2927,'2009-05-23 18:59:03',3,5,3,3,2,2);
INSERT INTO `gl_links`VALUES ('20090507070914972','20090501221324393','http://www.oinomori.co.jp/','“自然とともにある暮らし”を考え、自然保護NGOを応援する通信販売のお店。','狼森（おいのもり）',2795,'2009-05-23 18:58:23',3,5,3,3,2,2);
INSERT INTO `gl_links`VALUES ('20090922214452516','20090501221237596','http://www.river-museum.jp/','荒川を中心に川と水と人々のくらしをテーマとした総合博物館','埼玉県立川の博物館',4011,'2009-09-22 21:44:52',1,2,3,3,2,2);
INSERT INTO `gl_links`VALUES ('20090920231417811','20090501221258495','http://www.kankyokan.jp/pc/','近畿環境パートナーシップオフィス','きんき環境館',2947,'2009-09-20 23:14:17',1,2,3,3,2,2);
INSERT INTO `gl_links`VALUES ('20090920231753223','20100425101512394','http://www.tokyo-zoo.net/index.html','動物園ファンのためのウェブサイト','TOKYO ZOO NET',8145,'2010-04-25 10:15:54',1,2,3,3,2,2);
INSERT INTO `gl_links`VALUES ('20090920233721965','2009050510205683','http://www.ne.jp/asahi/doken/home/charoko/kenaf/','ケナフってホントに地球に優しいの？環境問題として、ケナフの植栽を考えるサイト。','け・ke・ケ・KE・ケナフ？',2113,'2009-09-20 23:37:21',1,2,3,3,2,2);
INSERT INTO `gl_links`VALUES ('20090920232528941','2009050510205683','http://kemonotachi.g1.xrea.com/','哺乳類大好き人間、akiさんのホームページ','日本のけものたち',1882,'2022-04-11 17:17:26',1,2,3,3,2,2);
INSERT INTO `gl_links`VALUES ('20100424134846438','20100425101512394','http://www.itakon.com/','生きた昆虫とふれあえる。温室のチョウのweb図鑑。','伊丹市昆虫館',2136,'2010-04-25 10:18:34',1,2,3,3,2,2);
INSERT INTO `gl_links`VALUES ('geeklog.jp','geeklog-sites','http://www.geeklog.jp/','Geeklog 日本公式サイト','Geeklog Japanese',0,'2009-12-07 19:40:23',1,5,3,3,2,2);
INSERT INTO `gl_links`VALUES ('20100126172649342','20090501221215991','http://www.omnh.net/konc/','関西を中心に幅広いネットワークで自然保護・保全を考える','関西自然保護機構',2116,'2010-01-26 17:26:49',1,2,3,3,2,2);
INSERT INTO `gl_links`VALUES ('20100218102416970','20090501221215991','http://blog.livedoor.jp/satokann_310/','さとかん（正式名称；里環境の会）とは「自然と人とのよりよい関わり方を探る」ことを目的として、自然の面白さと大切さを学び体験する、学生を主体とした団体です。人の生活は自然環境とのつながりの中で成り立っているということを考え直し、環境問題に対して様々な視点から勉強会や研究・野外活動・普及啓発活動などを行っています。','里環境の会',1917,'2010-02-18 10:24:16',1,2,3,3,2,2);
INSERT INTO `gl_links`VALUES ('20100405112752396','20090501221258495','http://www.miyako-eco.jp/','京都市民の環境保全活動を支援','京エコロジーセンター',2551,'2010-04-05 11:31:14',3,5,3,3,2,2);
INSERT INTO `gl_links`VALUES ('20100405113723800','20090501221258495','http://www.geoc.jp/','NPO・企業・行政など多様な主体による環境パートナーシップを促進する','地球環境パートナーシッププラザ(GEIC）',3320,'2010-08-16 10:09:08',3,5,3,3,2,2);
INSERT INTO `gl_links`VALUES ('20100424101317850','20090501221237596','http://sagamiharacitymuseum.jp/','神奈川県の人と自然に関する展示。プラネタリウム。','相模原市立博物館',2974,'2014-09-23 12:04:47',32,5,3,3,2,2);
INSERT INTO `gl_links`VALUES ('20100424115102976','20100425101512394','http://www.toyama-familypark.jp/','「人も森も元気になる新しい里山づくり」をめざす','富山市ファミリーパーク',2875,'2010-04-25 10:17:53',32,5,3,3,2,2);
INSERT INTO `gl_links`VALUES ('2010042411553358','20100425101512394','http://ehonnooka.com/','絵本の世界と里山の自然。フィールド情報。','いわむらかずお絵本の丘美術館',3689,'2010-04-25 10:16:23',32,5,3,3,2,2);
INSERT INTO `gl_links`VALUES ('20100424115957892','20100425101512394','http://www.toyamap.or.jp/shizen/','富山県の自然博物園','ねいの里',3315,'2010-04-25 10:20:10',32,5,3,3,2,2);
INSERT INTO `gl_links`VALUES ('20100424120154655','20090501221147460','http://www.bdnj.org/','地球温暖化や外来生物問題を中心に取り組む。','生物多様性JAPAN',2130,'2010-04-24 12:05:52',32,5,3,3,2,2);
INSERT INTO `gl_links`VALUES ('20100424121107125','20100425101512394','http://www.fncc.jp/','自然観察の森。傷病鳥獣の保護。自然情報誌「ナチュラリスト」発行。','福井県自然保護センター',1807,'2010-04-25 10:21:26',32,5,3,3,2,2);
INSERT INTO `gl_links`VALUES ('20100424121758920','20100425101512394','http://www.stork.u-hyogo.ac.jp/','コウノトリの野生復帰を目指す','兵庫県立コウノトリの郷公園',3560,'2010-04-25 10:17:12',32,5,3,3,2,2);
INSERT INTO `gl_links`VALUES ('20100424122434649','20090501221147460','http://www.suita-nature.org/','吹田市内の身近な自然を見つけに行こう','吹田自然観察会',3126,'2022-04-11 17:15:18',32,5,3,3,2,2);
INSERT INTO `gl_links`VALUES ('20100424122617736','20090501221258495','http://www.ffpri.affrc.go.jp/index-j.html','全国ネットワークで日本の森林を研究。','森林総合研究所',2128,'2010-04-24 12:27:36',32,5,3,3,2,2);
INSERT INTO `gl_links`VALUES ('20100424123100295','20090501221147460','http://www.jspb.org/','「ヒナを拾わないで！！」キャンペーンを展開','日本鳥類保護連盟',3263,'2010-04-24 12:33:18',32,5,3,3,2,2);
INSERT INTO `gl_links`VALUES ('20100424164923319','20090501221147460','http://www.ohmi.or.jp/','琵琶湖のヨシ原保全','淡海環境保全財団',2839,'2010-04-24 16:49:23',1,2,3,3,2,2);
INSERT INTO `gl_links`VALUES ('20100424203102320','20090501221147460','http://hachigamine.sub.jp/','大阪府堺市の里山、鉢ヶ峯の自然','鉢ヶ峯の自然を守る会',2027,'2014-09-23 12:06:35',32,5,3,3,2,2);
INSERT INTO `gl_links`VALUES ('20100424203401211','20100425101512394','https://sancyokohama.sakura.ne.jp/','「いきもののにぎわいのある森の保全」をめざす','横浜自然観察の森',2711,'2022-04-11 17:25:05',32,5,3,3,2,2);
INSERT INTO `gl_links`VALUES ('20100425095444250','20090501221237596','http://www2.city.kurashiki.okayama.jp/musnat/index.htm','展示情報、友の会の活動紹介など。','倉敷市立自然史博物館',3889,'2010-04-25 09:54:44',1,2,3,3,2,2);
INSERT INTO `gl_links`VALUES ('20100425095957331','20090501221237596','http://www.chiba-muse.or.jp/NATURAL/','房総の自然誌と歴史に関する総合博物館','千葉県立中央博物館',2474,'2010-04-25 09:59:57',1,2,3,3,2,2);
INSERT INTO `gl_links`VALUES ('2010042510041138','20090501221215991','http://www.lab.toho-u.ac.jp/sci/bio/geoeco/','人里環境における生物と人の暮らしとの調和手法について研究','東邦大学地理生態学研究室',1980,'2010-04-25 10:04:11',1,2,3,3,2,2);
INSERT INTO `gl_links`VALUES ('20100816100026370','2009050510205683','http://www.fnp-vet-hosp.e-doctor.info/index.shtml','人とペット・野生動物とのよりよい関係を考え・行動する動物病院。カヤネズミを守ろう（「診療ノートIII」より）','FNP動物病院',3313,'2010-08-16 10:02:02',3,5,3,3,2,2);
INSERT INTO `gl_links`VALUES ('201107021332379','2009050510205683','http://mofumofu.info/home.html','動物写真家、松原卓二さんのホームページ。','モフモフ情報局',2100,'2011-07-02 13:33:48',32,5,3,3,2,2);
INSERT INTO `gl_links`VALUES ('20110203200627268','20090501221147460','http://akutagawaclub.web.fc2.com/index.html','大阪府高槻市の芥川をベースに、生き物の多様性の保全に取り組む。','NPO法人 芥川倶楽部',1657,'2011-02-03 20:06:27',1,2,3,3,2,2);
INSERT INTO `gl_links`VALUES ('20110606191514728','20090501221237596','https://www.biwahaku.jp/','琵琶湖・淀川流域の自然、歴史、暮らしの展示。','滋賀県立琵琶湖博物館',3621,'2022-04-11 16:59:26',32,5,3,3,2,2);
INSERT INTO `gl_links`VALUES ('20110623090804392','2009050510205683','http://www.eonet.ne.jp/~anzuyuki/','児童文学作家、あんずゆきさんのホームページ。','AnzuYuki\'s Website',1794,'2011-06-23 09:10:32',3,5,3,3,2,2);
INSERT INTO `gl_links`VALUES ('20110904133347808','20090501221147460','http://nakaikeminet.raindrop.jp/','福井県敦賀市の中池見湿地の生物多様性保全に取り組む。','NPO法人 中池見ねっと',1877,'2011-09-04 13:35:00',32,5,3,3,2,2);
INSERT INTO `gl_links`VALUES ('20160425091743526','20090501221523292','http://hoonoki-koubou.jp/','岡山在住のY.IshiharaさんのＨＰ。「季節の１コマ」、「里やま日記」など。','岡山中北　自然観察誌',1786,'2022-04-11 16:37:09',32,5,3,3,2,2);

--
-- Table structure for table `gl_linksubmission`
--


CREATE TABLE `gl_linksubmission` (
  `lid` varchar(40) NOT NULL DEFAULT '',
  `cid` varchar(32) DEFAULT NULL,
  `url` varchar(255) DEFAULT NULL,
  `description` text DEFAULT NULL,
  `title` varchar(96) DEFAULT NULL,
  `hits` int(11) DEFAULT NULL,
  `date` datetime DEFAULT NULL,
  `owner_id` mediumint(8) unsigned NOT NULL DEFAULT 1,
  PRIMARY KEY (`lid`)
) ENGINE=MyISAM DEFAULT CHARSET=utf8mb3 COLLATE=utf8mb3_general_ci;

--
-- Dumping data for table `gl_linksubmission`
--

INSERT INTO `gl_linksubmission`VALUES ('20230204201638853','20090501221237596','https://ai-4-you.quest','Unlock Google with AI-Optimization.\r\nSkyrocket your WordPress website\'s performance and content with cutting-edge AI technology. See real results in your search engine rankings, 14 days to real results https://ai4u.quest no obligation, just benefits.\r\n\r\nPlus, no need for additional content copywriting tools, this AI does it all.\r\n\r\n\r\n\r\n\r\n\r\n\r\n\r\n\r\n\r\n\r\n\r\n\r\n\r\n\r\n\r\n\r\n\r\n\r\n\r\n\r\n\r\n\r\n\r\n\r\n\r\n\r\n\r\n\r\n\r\n\r\n\r\n\r\n\r\n\r\n\r\n\r\n\r\n\r\n\r\n\r\n\r\nYou can opt out of your domain anytime\r\nhttps://web-4u.org/optout/?site-kayanet-japan.com','Google',NULL,'2023-02-04 20:16:38',1);
INSERT INTO `gl_linksubmission`VALUES ('20230207073422446','20090501221147460','https://ai-4-you.quest','The power WordPress with AI-Optimization.\r\n\r\nLooking for a powerful content writing tool? \r\nGetGenie AI is the perfect solution for you! It\'s the most complete and automated AI SEO WordPress plugin. \r\nCheck out Best 5 AI SEO WordPress Plugins blog https://genie.quest/ now and take your content optimization to the next level!\r\n\r\n\r\n\r\n\r\n\r\n\r\n\r\n\r\n\r\n\r\n\r\n\r\n\r\n\r\n\r\n\r\n\r\n\r\n\r\n\r\n\r\n\r\n\r\n\r\n\r\n\r\n\r\n\r\n\r\n\r\n\r\n\r\n\r\n\r\n\r\n\r\n\r\n\r\n\r\n\r\n\r\n\r\n\r\n\r\n\r\nYou can opt out of your domain anytime\r\nhttps://web-4u.org/optout/?site-kayanet-japan.com','WordPress 5 of the best',NULL,'2023-02-07 07:34:22',1);
INSERT INTO `gl_linksubmission`VALUES ('20230210094535271','20090501221258495','https://genietool.quest','Get unique, accurate content quickly!\r\n\r\nWith this AI\'s advanced algorithms and natural language processing capabilities. Plus, benefit from improved accuracy, faster turnarounds, and helpful feedback. \r\n\r\nTry it now at https://genietool.quest to experience the amazing features for yourself!\r\n\r\n\r\n\r\n\r\n\r\n\r\n\r\n\r\n\r\n\r\n\r\n\r\n\r\n\r\n\r\n\r\n\r\n\r\n\r\n\r\n\r\n\r\n\r\n\r\n\r\n\r\n\r\n\r\n\r\n\r\n\r\n\r\n\r\n\r\n\r\n\r\n\r\n\r\n\r\n\r\n\r\n\r\n\r\n\r\n\r\n\r\n\r\nYou can opt out of your domain anytime\r\nhttps://web-4u.org/optout/?site-kayanet-japan.com','WordPress - Content',NULL,'2023-02-10 09:45:35',1);
INSERT INTO `gl_linksubmission`VALUES ('20230215212417256','20090501221237596','https://genietool.quest','Another level with 1 click.\r\n\r\nTry this AI solution https://geniefreetrial.quest and say goodbye to content quality and lead generation headaches. \r\n\r\n\r\n\r\n\r\n\r\n\r\n\r\n\r\n\r\n\r\n\r\n\r\n\r\n\r\n\r\n\r\n\r\n\r\n\r\n\r\n\r\n\r\n\r\n\r\n\r\n\r\n\r\n\r\n\r\n\r\n\r\n\r\n\r\n\r\n\r\n\r\n\r\n\r\n\r\n\r\n\r\n\r\n\r\n\r\n\r\n\r\n\r\nYou can opt out of your domain anytime\r\nhttps://web-4u.org/optout/?site-kayanet-japan.com','WordPress to another level',NULL,'2023-02-15 21:24:17',1);

--
-- Table structure for table `gl_maillist`
--


CREATE TABLE `gl_maillist` (
  `code` int(1) NOT NULL DEFAULT 0,
  `name` char(32) DEFAULT NULL,
  PRIMARY KEY (`code`)
) ENGINE=MyISAM DEFAULT CHARSET=utf8mb3 COLLATE=utf8mb3_general_ci;

--
-- Dumping data for table `gl_maillist`
--

INSERT INTO `gl_maillist`VALUES (0,'メールダイジェストを送信しない');
INSERT INTO `gl_maillist`VALUES (1,'メールダイジェストを送信する');

--
-- Table structure for table `gl_menuitems`
--


CREATE TABLE `gl_menuitems` (
  `mid` varchar(40) NOT NULL DEFAULT '',
  `is_enabled` tinyint(1) unsigned NOT NULL DEFAULT 1,
  `type` varchar(20) NOT NULL DEFAULT 'custom',
  `mode` varchar(20) NOT NULL DEFAULT 'fixation',
  `label` varchar(48) DEFAULT NULL,
  `label_var` varchar(48) DEFAULT NULL,
  `php_function` varchar(48) DEFAULT NULL,
  `url` varchar(255) DEFAULT NULL,
  `icon_url` varchar(255) DEFAULT NULL,
  `tid` varchar(20) NOT NULL DEFAULT 'all',
  `menuorder` smallint(5) unsigned NOT NULL DEFAULT 1,
  `owner_id` mediumint(8) unsigned NOT NULL DEFAULT 1,
  `group_id` mediumint(8) unsigned NOT NULL DEFAULT 1,
  `perm_owner` tinyint(1) unsigned NOT NULL DEFAULT 3,
  `perm_group` tinyint(1) unsigned NOT NULL DEFAULT 2,
  `perm_members` tinyint(1) unsigned NOT NULL DEFAULT 2,
  `perm_anon` tinyint(1) unsigned NOT NULL DEFAULT 2,
  `pattern` varchar(255) DEFAULT NULL,
  `is_preg` tinyint(1) NOT NULL DEFAULT 0,
  `pmid` varchar(40) NOT NULL DEFAULT '',
  `class_name` varchar(48) DEFAULT NULL,
  PRIMARY KEY (`mid`)
) ENGINE=MyISAM DEFAULT CHARSET=utf8mb3 COLLATE=utf8mb3_general_ci;

--
-- Dumping data for table `gl_menuitems`
--

INSERT INTO `gl_menuitems`VALUES ('home',0,'gldefault','variable','ホーム','LANG01[90]',NULL,'[site_url]/',NULL,'all',10,2,21,3,2,2,2,NULL,0,'',NULL);
INSERT INTO `gl_menuitems`VALUES ('contribute',0,'gldefault','php','記事投稿','LANG01[71]','phpmenuitem_contribute','[site_url]/submit.php?type=story',NULL,'all',20,2,21,3,2,2,2,NULL,0,'',NULL);
INSERT INTO `gl_menuitems`VALUES ('search',0,'gldefault','variable','検索','LANG01[75]',NULL,'[site_url]/search.php',NULL,'all',30,2,21,3,2,2,2,NULL,0,'',NULL);
INSERT INTO `gl_menuitems`VALUES ('stats',0,'gldefault','variable','サイト情報','LANG01[76]','','[site_url]/stats.php','','all',130,2,21,3,2,0,0,'',0,'','');
INSERT INTO `gl_menuitems`VALUES ('directory',0,'gldefault','variable','記事一覧','LANG01[117]',NULL,'[site_url]/directory.php',NULL,'all',40,2,21,3,2,2,2,NULL,0,'',NULL);
INSERT INTO `gl_menuitems`VALUES ('prefs',1,'gldefault','variable','マイアカウント','LANG01[48]',NULL,'[site_url]/usersettings.php?mode=edit',NULL,'all',50,2,21,3,2,2,0,NULL,0,'',NULL);
INSERT INTO `gl_menuitems`VALUES ('login',1,'custom','php','ログイン','','phpmenuitem_login','','','all',120,2,21,3,2,2,2,'',0,'','');
INSERT INTO `gl_menuitems`VALUES ('links',0,'plugin','variable','リンク','LANG_LINKS[114]',NULL,'http://kayanet-japan.com/links/index.php',NULL,'all',70,2,21,3,2,2,2,NULL,0,'',NULL);
INSERT INTO `gl_menuitems`VALUES ('polls',0,'plugin','variable','アンケート','LANG_POLLS[\'polls\']',NULL,'http://kayanet-japan.com/polls/index.php',NULL,'all',80,2,21,3,2,2,2,NULL,0,'',NULL);
INSERT INTO `gl_menuitems`VALUES ('forum',1,'plugin','variable','掲示板','LANG_GF00[\'pluginlabel\']',NULL,'http://kayanet-japan.com/forum/index.php',NULL,'all',60,2,21,3,2,2,2,NULL,0,'',NULL);
INSERT INTO `gl_menuitems`VALUES ('calendarjp',1,'plugin','variable','カレンダ','カレンダ','','http://kayanet-japan.com/calendarjp/index.php','','all',90,2,21,3,2,2,2,'',0,'','');
INSERT INTO `gl_menuitems`VALUES ('sitemap',0,'plugin','variable','サイトマップ','LANG_SMAP[\'menu_label\']',NULL,'http://kayanet-japan.com/sitemap/index.php',NULL,'all',110,2,21,3,2,2,2,NULL,0,'',NULL);
INSERT INTO `gl_menuitems`VALUES ('filemgmt',1,'plugin','variable','ダウンロード','LANG_FILEMGMT[\'downloads\']',NULL,'http://kayanet-japan.com/filemgmt/index.php',NULL,'all',100,2,21,3,2,2,2,NULL,0,'',NULL);
INSERT INTO `gl_menuitems`VALUES ('pukiwiki',1,'plugin','fixation','PukiWiki','',NULL,'http://kayanet-japan.com/pukiwiki/',NULL,'all',140,2,21,3,2,2,2,NULL,0,'',NULL);

--
-- Table structure for table `gl_personal_events`
--


CREATE TABLE `gl_personal_events` (
  `eid` varchar(20) NOT NULL DEFAULT '',
  `title` varchar(128) DEFAULT NULL,
  `event_type` varchar(40) NOT NULL DEFAULT '',
  `datestart` date DEFAULT NULL,
  `dateend` date DEFAULT NULL,
  `address1` varchar(40) DEFAULT NULL,
  `address2` varchar(40) DEFAULT NULL,
  `city` varchar(60) DEFAULT NULL,
  `state` varchar(40) DEFAULT NULL,
  `zipcode` varchar(8) DEFAULT NULL,
  `allday` tinyint(1) NOT NULL DEFAULT 0,
  `url` varchar(255) DEFAULT NULL,
  `description` text DEFAULT NULL,
  `postmode` varchar(10) NOT NULL DEFAULT 'plaintext',
  `owner_id` mediumint(8) unsigned NOT NULL DEFAULT 1,
  `group_id` mediumint(8) unsigned NOT NULL DEFAULT 1,
  `perm_owner` tinyint(1) unsigned NOT NULL DEFAULT 3,
  `perm_group` tinyint(1) unsigned NOT NULL DEFAULT 3,
  `perm_members` tinyint(1) unsigned NOT NULL DEFAULT 2,
  `perm_anon` tinyint(1) unsigned NOT NULL DEFAULT 2,
  `uid` mediumint(8) NOT NULL DEFAULT 0,
  `location` varchar(128) DEFAULT NULL,
  `timestart` time DEFAULT NULL,
  `timeend` time DEFAULT NULL,
  PRIMARY KEY (`eid`,`uid`)
) ENGINE=MyISAM DEFAULT CHARSET=utf8mb3 COLLATE=utf8mb3_general_ci;

--
-- Dumping data for table `gl_personal_events`
--


--
-- Table structure for table `gl_personal_eventsjp`
--


CREATE TABLE `gl_personal_eventsjp` (
  `eid` varchar(20) NOT NULL DEFAULT '',
  `title` varchar(128) DEFAULT NULL,
  `event_type` varchar(40) NOT NULL DEFAULT '',
  `datestart` date DEFAULT NULL,
  `dateend` date DEFAULT NULL,
  `address1` varchar(40) DEFAULT NULL,
  `address2` varchar(40) DEFAULT NULL,
  `city` varchar(60) DEFAULT NULL,
  `state` varchar(40) DEFAULT NULL,
  `zipcode` varchar(8) DEFAULT NULL,
  `allday` tinyint(1) NOT NULL DEFAULT 0,
  `url` varchar(255) DEFAULT NULL,
  `description` text DEFAULT NULL,
  `postmode` varchar(10) NOT NULL DEFAULT 'plaintext',
  `owner_id` mediumint(8) unsigned NOT NULL DEFAULT 1,
  `group_id` mediumint(8) unsigned NOT NULL DEFAULT 1,
  `perm_owner` tinyint(1) unsigned NOT NULL DEFAULT 3,
  `perm_group` tinyint(1) unsigned NOT NULL DEFAULT 3,
  `perm_members` tinyint(1) unsigned NOT NULL DEFAULT 2,
  `perm_anon` tinyint(1) unsigned NOT NULL DEFAULT 2,
  `uid` mediumint(8) NOT NULL DEFAULT 0,
  `location` varchar(128) DEFAULT NULL,
  `timestart` time DEFAULT NULL,
  `timeend` time DEFAULT NULL,
  PRIMARY KEY (`eid`,`uid`)
) ENGINE=MyISAM DEFAULT CHARSET=utf8mb3 COLLATE=utf8mb3_general_ci;

--
-- Dumping data for table `gl_personal_eventsjp`
--


--
-- Table structure for table `gl_pingservice`
--


CREATE TABLE `gl_pingservice` (
  `pid` smallint(5) unsigned NOT NULL AUTO_INCREMENT,
  `name` varchar(128) DEFAULT NULL,
  `ping_url` varchar(255) DEFAULT NULL,
  `site_url` varchar(255) DEFAULT NULL,
  `method` varchar(80) DEFAULT NULL,
  `is_enabled` tinyint(1) unsigned NOT NULL DEFAULT 1,
  PRIMARY KEY (`pid`),
  KEY `pingservice_is_enabled` (`is_enabled`)
) ENGINE=MyISAM AUTO_INCREMENT=21 DEFAULT CHARSET=utf8mb3 COLLATE=utf8mb3_general_ci;

--
-- Dumping data for table `gl_pingservice`
--

INSERT INTO `gl_pingservice`VALUES (16,'BlogPeople','http://www.blogpeople.net/servlet/weblogUpdates','http://www.blogpeople.net/','weblogUpdates.ping',1);
INSERT INTO `gl_pingservice`VALUES (17,'ping.bloggers.jp','http://ping.bloggers.jp/rpc/','http://ping.bloggers.jp/','weblogUpdates.ping',1);
INSERT INTO `gl_pingservice`VALUES (18,'ドリコムRSS','http://ping.rss.drecom.jp/','http://rss.drecom.jp/','weblogUpdates.ping',1);
INSERT INTO `gl_pingservice`VALUES (20,'Googleブログ検索','http://blogsearch.google.co.jp/ping/RPC2','http://blogsearch.google.co.jp/','weblogUpdates.extendedPing',1);
INSERT INTO `gl_pingservice`VALUES (14,'テクノラティ','http://rpc.technorati.jp/rpc/ping','http://www.technorati.jp/','weblogUpdates.ping',1);
INSERT INTO `gl_pingservice`VALUES (19,'ｇoo　ブログ','http://blog.goo.ne.jp/XMLRPC','http://blog.goo.ne.jp/','weblogUpdates.ping',1);

--
-- Table structure for table `gl_plugins`
--


CREATE TABLE `gl_plugins` (
  `pi_name` varchar(30) NOT NULL DEFAULT '',
  `pi_version` varchar(20) NOT NULL DEFAULT '',
  `pi_gl_version` varchar(20) NOT NULL DEFAULT '',
  `pi_enabled` tinyint(3) unsigned NOT NULL DEFAULT 1,
  `pi_homepage` varchar(128) NOT NULL DEFAULT '',
  `pi_load` smallint(5) unsigned NOT NULL DEFAULT 10000,
  PRIMARY KEY (`pi_name`),
  KEY `plugins_enabled` (`pi_enabled`)
) ENGINE=MyISAM DEFAULT CHARSET=utf8mb3 COLLATE=utf8mb3_general_ci;

--
-- Dumping data for table `gl_plugins`
--

INSERT INTO `gl_plugins`VALUES ('staticpages','1.6.4','1.8.0',1,'http://www.geeklog.net/',10);
INSERT INTO `gl_plugins`VALUES ('spamx','1.2.2','1.8.0',1,'http://www.geeklog.net/',130);
INSERT INTO `gl_plugins`VALUES ('links','2.1.1','1.8.0',1,'http://www.geeklog.net/',140);
INSERT INTO `gl_plugins`VALUES ('polls','2.0.2','1.5.0',0,'http://www.geeklog.net/',150);
INSERT INTO `gl_plugins`VALUES ('calendar','1.0.3','1.5.0',0,'http://www.geeklog.net/',160);
INSERT INTO `gl_plugins`VALUES ('dbman','0.5.4','1.4.0',1,'http://mystral-kk.net/',170);
INSERT INTO `gl_plugins`VALUES ('forum','2.7.2.JPr5','1.6.0',0,'http://www.portalparts.com/',180);
INSERT INTO `gl_plugins`VALUES ('custommenu','0.5.0','1.4.1',1,'http://www.trybase.com/~dengen/log/',190);
INSERT INTO `gl_plugins`VALUES ('calendarjp','1.1.5','1.8.0',1,'http://www.geeklog.jp/',200);
INSERT INTO `gl_plugins`VALUES ('autotags','1.1.0','1.8.0',1,'http://www.geeklog.net/',210);
INSERT INTO `gl_plugins`VALUES ('dataproxy','1.1.8','1.4.0',1,'http://mystral-kk.net/',120);
INSERT INTO `gl_plugins`VALUES ('sitemap','1.1.9','1.4.0',1,'http://mystral-kk.net/',110);
INSERT INTO `gl_plugins`VALUES ('filemgmt','1.6.0.jp3','1.6.0',1,'http://www.portalparts.com',20);
INSERT INTO `gl_plugins`VALUES ('nmoxtopicown','1.0.10','1.4.1',1,'http://nmox.com/',30);
INSERT INTO `gl_plugins`VALUES ('tkgmaps','0.9.4','1.4.1',1,'http://www.tktools.jp',40);
INSERT INTO `gl_plugins`VALUES ('themedit','1.1.5','1.4.0',1,'http://mystral-kk.net/',50);
INSERT INTO `gl_plugins`VALUES ('mycaljp','2.1.3','1.6.0',1,'http://www.trybase.com/~dengen/log/',60);
INSERT INTO `gl_plugins`VALUES ('japanize','1.0.6RC5','1.7.2',1,'http://www.geeklog.jp/filemgmt/index.php?id=340',70);
INSERT INTO `gl_plugins`VALUES ('captcha','4.0.2','1.4.1',1,'http://hiroron.com',80);
INSERT INTO `gl_plugins`VALUES ('nmoxqrblock','1.1.1','1.4.1',1,'http://nmox.com/',90);
INSERT INTO `gl_plugins`VALUES ('pukiwiki','1.4.7-gl4','1.5.1',0,'http://www.geeklog.net/',100);
INSERT INTO `gl_plugins`VALUES ('xmlsitemap','1.0.1','1.8.0',1,'http://www.geeklog.net/',220);

--
-- Table structure for table `gl_pollanswers`
--


CREATE TABLE `gl_pollanswers` (
  `pid` varchar(20) NOT NULL DEFAULT '',
  `qid` mediumint(9) NOT NULL DEFAULT 0,
  `aid` tinyint(3) unsigned NOT NULL DEFAULT 0,
  `answer` varchar(255) DEFAULT NULL,
  `votes` mediumint(8) unsigned DEFAULT NULL,
  `remark` varchar(255) DEFAULT NULL,
  PRIMARY KEY (`pid`,`qid`,`aid`)
) ENGINE=MyISAM DEFAULT CHARSET=utf8mb3 COLLATE=utf8mb3_general_ci;

--
-- Dumping data for table `gl_pollanswers`
--

INSERT INTO `gl_pollanswers`VALUES ('geeklogfeaturepolljp',0,7,'その他',0,'');
INSERT INTO `gl_pollanswers`VALUES ('geeklogfeaturepolljp',0,5,'1.4.1からテーマの移行を容易にするProfessionalCSS',0,'');
INSERT INTO `gl_pollanswers`VALUES ('geeklogfeaturepolljp',0,3,'すぐに日本語サイトになるインストーラ',0,'');
INSERT INTO `gl_pollanswers`VALUES ('geeklogfeaturepolljp',0,1,'日本語化をプラグインで実現',0,'');
INSERT INTO `gl_pollanswers`VALUES ('geeklogfeaturepolljp',0,6,'文字化けしない日本語対応メール関数',0,'');
INSERT INTO `gl_pollanswers`VALUES ('geeklogfeaturepolljp',0,4,'翻訳されたドキュメント',0,'');
INSERT INTO `gl_pollanswers`VALUES ('geeklogfeaturepolljp',0,2,'携帯ハック',0,'');
INSERT INTO `gl_pollanswers`VALUES ('geeklogfeaturepolljp',1,4,'拡張性',0,'');
INSERT INTO `gl_pollanswers`VALUES ('geeklogfeaturepolljp',1,2,'権限設定が可能',0,'');
INSERT INTO `gl_pollanswers`VALUES ('geeklogfeaturepolljp',1,3,'コミュニティ',0,'');
INSERT INTO `gl_pollanswers`VALUES ('geeklogfeaturepolljp',1,1,'直感的操作',0,'');

--
